000
CXUS56 KPQR 221201
CF6PDX
PRELIMINARY LOCAL CLIMATOLOGICAL DATA (WS FORM: F-6)
STATION: PORTLAND OR
MONTH: APRIL
YEAR: 2024
LATITUDE: 45 35 N
LONGITUDE: 122 36 W
TEMPERATURE IN F: :PCPN: SNOW: WIND :SUNSHINE: SKY :PK WND
================================================================================
1 2 3 4 5 6A 6B 7 8 9 10 11 12 13 14 15 16 17 18
12Z AVG MX 2MIN
DY MAX MIN AVG DEP HDD CDD WTR SNW DPTH SPD SPD DIR MIN PSBL S-S WX SPD DR
================================================================================
1 71 42 57 7 8 0 0.00 0.0 0 2.0 7 50 M M 2 10 50
2 78 48 63 13 2 0 T 0.0 0 5.5 22 270 M M 4 28 270
3 54 45 50 -1 15 0 0.06 0.0 M 4.3 15 310 M M 8 20 330
4 49 42 46 -5 19 0 0.13 0.0 M 6.9 13 100 M M 9 1 17 330
5 54 41 48 -3 17 0 0.08 0.0 0 3.9 15 320 M M 8 22 320
6 52 43 48 -3 17 0 0.26 0.0 0 6.9 18 210 M M 9 1 27 200
7 57 45 51 0 14 0 0.07 0.0 0 3.7 15 260 M M 8 19 260
8 57 46 52 1 13 0 T 0.0 0 6.5 13 200 M M 10 18 180
9 65 47 56 4 9 0 T 0.0 0 7.7 15 200 M M 7 23 220
10 67 41 54 2 11 0 0.00 0.0 0 3.5 9 290 M M 4 13 320
11 65 45 55 3 10 0 0.01 0.0 0 4.1 20 260 M M 7 25 250
12 70 49 60 8 5 0 T 0.0 0 5.6 14 290 M M 7 19 290
13 68 47 58 6 7 0 0.00 0.0 0 5.9 13 200 M M 6 17 200
14 69 49 59 7 6 0 0.00 0.0 0 6.8 18 310 M M 5 25 330
15 58 48 53 0 12 0 0.01 0.0 0 7.1 17 320 M M 9 26 330
16 57 44 51 -2 14 0 T M M 7.3 20 320 M M 5 28 330
17 65 39 52 -1 13 0 0.00 0.0 0 5.6 15 320 M M 1 22 340
18 71 38 55 2 10 0 0.00 0.0 0 8.5 20 90 M M 1 26 80
19 71 51 61 8 4 0 0.00 0.0 0 15.4 29 90 M M 1 38 90
20 73 46 60 6 5 0 T 0.0 0 10.0 29 250 M M 4 40 260
21 63 42 53 -1 12 0 0.00 0.0 0 4.6 12 350 M M 4 19 270
================================================================================
SM 1334 938 223 0 0.62 0.0 131.8 M 119
================================================================================
AV 63.5 44.7 6.3 FASTST M M 6 MAX(MPH)
MISC ----> # 29 90 40 260
================================================================================
NOTES:
# LAST OF SEVERAL OCCURRENCES
COLUMN 17 PEAK WIND IN M.P.H.
PRELIMINARY LOCAL CLIMATOLOGICAL DATA (WS FORM: F-6) , PAGE 2
STATION: PORTLAND OR
MONTH: APRIL
YEAR: 2024
LATITUDE: 45 35 N
LONGITUDE: 122 36 W
[TEMPERATURE DATA] [PRECIPITATION DATA] SYMBOLS USED IN COLUMN 16
AVERAGE MONTHLY: 54.1 TOTAL FOR MONTH: 0.62 1 = FOG OR MIST
DPTR FM NORMAL: 2.1 DPTR FM NORMAL: -1.54 2 = FOG REDUCING VISIBILITY
HIGHEST: 78 ON 2 GRTST 24HR 0.26 ON 6- 6 TO 1/4 MILE OR LESS
LOWEST: 38 ON 18 3 = THUNDER
SNOW, ICE PELLETS, HAIL 4 = ICE PELLETS
TOTAL MONTH: 0.0 INCH 5 = HAIL
GRTST 24HR 0.0 6 = FREEZING RAIN OR DRIZZLE
GRTST DEPTH: 0 7 = DUSTSTORM OR SANDSTORM:
VSBY 1/2 MILE OR LESS
8 = SMOKE OR HAZE
[NO. OF DAYS WITH] [WEATHER - DAYS WITH] 9 = BLOWING SNOW
X = TORNADO
MAX 32 OR BELOW: 0 0.01 INCH OR MORE: 7
MAX 90 OR ABOVE: 0 0.10 INCH OR MORE: 2
MIN 32 OR BELOW: 0 0.50 INCH OR MORE: 0
MIN 0 OR BELOW: 0 1.00 INCH OR MORE: 0
[HDD (BASE 65) ]
TOTAL THIS MO. 223 CLEAR (SCALE 0-3) 4
DPTR FM NORMAL -52 PTCLDY (SCALE 4-7) 12
TOTAL FM JUL 1 3342 CLOUDY (SCALE 8-10) 5
DPTR FM NORMAL -393
[CDD (BASE 65) ]
TOTAL THIS MO. 0
DPTR FM NORMAL 0 [PRESSURE DATA]
TOTAL FM JAN 1 0 HIGHEST SLP M ON M
DPTR FM NORMAL 0 LOWEST SLP 29.69 ON 12
[REMARKS]