000
CXUS54 KEWX 011010
CF6PEZ
PRELIMINARY LOCAL CLIMATOLOGICAL DATA (WS FORM: F-6)
STATION: PLEASANTON MUNICIPAL AIRPORT
MONTH: OCTOBER
YEAR: 2020
LATITUDE: 28 57 N
LONGITUDE: 98 31 W
TEMPERATURE IN F: :PCPN: SNOW: WIND :SUNSHINE: SKY :PK WND
================================================================================
1 2 3 4 5 6A 6B 7 8 9 10 11 12 13 14 15 16 17 18
12Z AVG MX 2MIN
DY MAX MIN AVG DEP HDD CDD WTR SNW DPTH SPD SPD DIR MIN PSBL S-S WX SPD DR
================================================================================
1 90 51 71 M 0 6 0.00 M M 2.6 10 90 M M 0 18 90
2 86 58 72 M 0 7 0.00 M M 4.3 8 50 M M 0 M M
3 88 54 71 M 0 6 0.00 M M 3.9 10 160 M M 0 17 150
4 90 57 74 M 0 9 0.00 M M 2.5 10 80 M M 1 M M
5 91 59 75 M 0 10 0.00 M M 2.0 6 200 M M 0 M M
6 91 64 78 M 0 13 0.00 M M 3.2 9 110 M M 2 12 M M
7 91 60 76 M 0 11 0.00 M M 2.9 8 50 M M 0 1 M M
8 89 56 73 M 0 8 0.00 M M 3.5 10 60 M M 4 M M
9 92 70 81 M 0 16 0.00 M M 3.2 8 50 M M 3 M M
10 99 65 82 M 0 17 0.00 M M 3.3 15 200 M M 0 16 210
11 97 62 80 M 0 15 0.00 M M 4.7 13 140 M M 0 1 20 160
12 94 71 83 M 0 18 0.00 M M 3.6 9 50 M M 4 M M
13 92 64 78 M 0 13 0.00 M M 2.9 8 70 M M 1 M M
14 94 68 81 M 0 16 0.00 M M 4.5 10 150 M M 3 2 17 150
15 95 70 83 M 0 18 0.00 M M 5.9 13 30 M M 6 1 18 20
16 75 64 70 M 0 5 0.00 M M 10.6 21 50 M M 10 28 30
17 79 60 70 M 0 5 0.05 M M 2.2 9 150 M M 7 1 M M
18 92 62 77 M 0 12 0.00 M M 5.8 13 140 M M 4 12 21 140
19 94 75 85 M 0 20 0.00 M M 7.3 13 130 M M 5 8 17 140
20 92 71 82 M 0 17 0.00 M M 7.7 14 160 M M 5 8 25 160
21 92 69 81 M 0 16 0.00 M M 5.3 10 150 M M 6 18 M M
22 92 74 83 M 0 18 0.03 M M 5.7 9 140 M M 5 8 M M
23 92 58 75 M 0 10 0.00 M M 4.9 16 30 M M 8 25 30
24 74 58 66 M 0 1 0.00 M M 4.0 10 10 M M 6 M M
25 88 56 72 M 0 7 0.00 M M 7.7 14 150 M M 7 23 140
26 91 49 70 M 0 5 0.00 M M 10.9 18 170 M M 10 27 40
27 49 44 47 M 18 0 0.05 M M 7.6 18 40 M M 10 1 23 40
28 70 42 56 M 9 0 0.05 M M 8.9 16 320 M M 4 23 320
29 72 42 57 M 8 0 0.00 M M 8.3 20 330 M M 0 27 330
30 73 39 56 M 9 0 0.00 M M 2.3 10 90 M M 0 16 90
31 80 37 59 M 6 0 0.00 M M 1.4 7 160 M M 0 8 M M
================================================================================
SM 2684 1829 50 299 0.18 M 153.6 M 111
================================================================================
AV 86.6 59.0 5.0 FASTST M M 4 MAX(MPH)
MISC ----> # 21 50 # 28 30
================================================================================
NOTES:
# LAST OF SEVERAL OCCURRENCES
COLUMN 17 PEAK WIND IN M.P.H.
PRELIMINARY LOCAL CLIMATOLOGICAL DATA (WS FORM: F-6) , PAGE 2
STATION: PLEASANTON MUNICIPAL AIRPORT
MONTH: OCTOBER
YEAR: 2020
LATITUDE: 28 57 N
LONGITUDE: 98 31 W
[TEMPERATURE DATA] [PRECIPITATION DATA] SYMBOLS USED IN COLUMN 16
AVERAGE MONTHLY: 72.8 TOTAL FOR MONTH: 0.18 1 = FOG OR MIST
DPTR FM NORMAL: M DPTR FM NORMAL: M 2 = FOG REDUCING VISIBILITY
HIGHEST: 99 ON 10 GRTST 24HR 0.05 ON 28-28 TO 1/4 MILE OR LESS
LOWEST: 37 ON 31 3 = THUNDER
SNOW, ICE PELLETS, HAIL 4 = ICE PELLETS
TOTAL MONTH: M 5 = HAIL
GRTST 24HR M ON M 6 = FREEZING RAIN OR DRIZZLE
GRTST DEPTH: M ON M 7 = DUSTSTORM OR SANDSTORM:
VSBY 1/2 MILE OR LESS
8 = SMOKE OR HAZE
[NO. OF DAYS WITH] [WEATHER - DAYS WITH] 9 = BLOWING SNOW
X = TORNADO
MAX 32 OR BELOW: 0 0.01 INCH OR MORE: 4
MAX 90 OR ABOVE: 19 0.10 INCH OR MORE: 0
MIN 32 OR BELOW: 0 0.50 INCH OR MORE: 0
MIN 0 OR BELOW: 0 1.00 INCH OR MORE: 0
[HDD (BASE 65) ]
TOTAL THIS MO. 50 CLEAR (SCALE 0-3) 14
DPTR FM NORMAL M PTCLDY (SCALE 4-7) 14
TOTAL FM JUL 1 50 CLOUDY (SCALE 8-10) 3
DPTR FM NORMAL M
[CDD (BASE 65) ]
TOTAL THIS MO. 299
DPTR FM NORMAL M [PRESSURE DATA]
TOTAL FM JAN 1 3618 HIGHEST SLP M ON M
DPTR FM NORMAL M LOWEST SLP M ON M
[REMARKS]
#FINAL-10-20#