000
CXUS56 KFGZ 010910
CF6PGA
PRELIMINARY LOCAL CLIMATOLOGICAL DATA (WS FORM: F-6)
STATION: PAGE AZ AIRPORT
MONTH: MAY
YEAR: 2023
LATITUDE: 36 55 N
LONGITUDE: 111 27 W
TEMPERATURE IN F: :PCPN: SNOW: WIND :SUNSHINE: SKY :PK WND
================================================================================
1 2 3 4 5 6A 6B 7 8 9 10 11 12 13 14 15 16 17 18
12Z AVG MX 2MIN
DY MAX MIN AVG DEP HDD CDD WTR SNW DPTH SPD SPD DIR MIN PSBL S-S WX SPD DR
================================================================================
1 88 60 74 10 0 9 0.00 M M 8.5 22 160 M M 0 33 160
2 81 60 71 7 0 6 0.00 M M 8.9 22 170 M M 0 27 170
3 84 55 70 6 0 5 0.00 M M 7.5 25 150 M M 0 3 32 150
4 76 55 66 1 0 1 0.00 M M 11.4 26 190 M M 1 48 160
5 71 48 60 -5 5 0 0.00 M M 6.1 15 250 M M 4 23 280
6 75 46 61 -4 4 0 0.00 M M 5.8 17 240 M M 0 31 210
7 78 55 67 1 0 2 0.00 M M 3.7 14 20 M M 2 18 350
8 82 52 67 1 0 2 0.00 M M 5.9 20 200 M M 0 27 190
9 83 53 68 2 0 3 0.00 M M 5.4 15 170 M M 0 22 230
10 74 61 68 1 0 3 0.00 M M 7.1 20 320 M M 1 28 320
11 80 57 69 2 0 4 0.00 M M 7.6 17 320 M M 1 24 340
12 82 56 69 1 0 4 0.00 M M 5.2 16 30 M M 2 19 40
13 82 63 73 5 0 8 T M M 6.6 16 240 M M 3 3 28 250
14 84 60 72 4 0 7 0.01 M M 8.4 28 170 M M 3 35 170
15 86 59 73 4 0 8 0.00 M M 4.3 13 30 M M 1 19 80
16 87 66 77 8 0 12 0.00 M M 4.8 15 160 M M 0 25 160
17 84 67 76 7 0 11 T M M 5.6 21 310 M M 4 30 320
18 87 60 74 4 0 9 T M M 4.3 25 360 M M 0 32 360
19 86 62 74 4 0 9 T M M 6.2 21 340 M M 2 27 320
20 84 61 73 2 0 8 0.11 M M 4.7 20 360 M M 2 3 25 350
21 87 57 72 1 0 7 0.00 M M 5.2 24 160 M M 0 29 140
22 87 60 74 3 0 9 0.00 M M 5.1 20 310 M M 1 30 310
23 89 62 76 4 0 11 0.00 M M 3.8 18 90 M M 1 3 25 80
24 89 62 76 4 0 11 0.00 M M 4.9 13 280 M M 1 18 280
25 88 63 76 4 0 11 0.00 M M 6.0 20 160 M M 0 26 150
26 85 61 73 0 0 8 0.00 M M 7.8 22 150 M M 0 27 150
27 89 59 74 1 0 9 0.00 M M 4.5 13 30 M M 0 23 360
28 88 58 73 -1 0 8 0.00 M M 4.9 16 130 M M 0 23 150
29 89 60 75 1 0 10 0.00 M M 6.4 20 200 M M 0 35 170
30 88 61 75 1 0 10 0.00 M M 5.2 18 150 M M 0 24 160
31 86 63 75 0 0 10 0.00 M M 7.6 22 140 M M 0 31 150
================================================================================
SM 2599 1822 9 215 0.12 M 189.4 M 29
================================================================================
AV 83.8 58.8 6.1 FASTST M M 1 MAX(MPH)
MISC ----> 28 170 48 160
================================================================================
NOTES:
# LAST OF SEVERAL OCCURRENCES
COLUMN 17 PEAK WIND IN M.P.H.
PRELIMINARY LOCAL CLIMATOLOGICAL DATA (WS FORM: F-6) , PAGE 2
STATION: PAGE AZ AIRPORT
MONTH: MAY
YEAR: 2023
LATITUDE: 36 55 N
LONGITUDE: 111 27 W
[TEMPERATURE DATA] [PRECIPITATION DATA] SYMBOLS USED IN COLUMN 16
AVERAGE MONTHLY: 71.3 TOTAL FOR MONTH: 0.12 1 = FOG OR MIST
DPTR FM NORMAL: 2.2 DPTR FM NORMAL: -0.29 2 = FOG REDUCING VISIBILITY
HIGHEST: 89 ON 29,27 GRTST 24HR 0.11 ON 20-20 TO 1/4 MILE OR LESS
LOWEST: 46 ON 6 3 = THUNDER
SNOW, ICE PELLETS, HAIL 4 = ICE PELLETS
TOTAL MONTH: M 5 = HAIL
GRTST 24HR M ON M 6 = FREEZING RAIN OR DRIZZLE
GRTST DEPTH: M ON M 7 = DUSTSTORM OR SANDSTORM:
VSBY 1/2 MILE OR LESS
8 = SMOKE OR HAZE
[NO. OF DAYS WITH] [WEATHER - DAYS WITH] 9 = BLOWING SNOW
X = TORNADO
MAX 32 OR BELOW: 0 0.01 INCH OR MORE: 2
MAX 90 OR ABOVE: 0 0.10 INCH OR MORE: 1
MIN 32 OR BELOW: 0 0.50 INCH OR MORE: 0
MIN 0 OR BELOW: 0 1.00 INCH OR MORE: 0
[HDD (BASE 65) ]
TOTAL THIS MO. 9 CLEAR (SCALE 0-3) 28
DPTR FM NORMAL -43 PTCLDY (SCALE 4-7) 3
TOTAL FM JUL 1 4007 CLOUDY (SCALE 8-10) 0
DPTR FM NORMAL 354
[CDD (BASE 65) ]
TOTAL THIS MO. 215
DPTR FM NORMAL 35 [PRESSURE DATA]
TOTAL FM JAN 1 243 HIGHEST SLP M ON M
DPTR FM NORMAL 35 LOWEST SLP 29.46 ON 1
[REMARKS]
#FINAL-05-23#