000
CXUS56 KFGZ 010910
CF6PGA
PRELIMINARY LOCAL CLIMATOLOGICAL DATA (WS FORM: F-6)
STATION: PAGE AZ AIRPORT
MONTH: SEPTEMBER
YEAR: 2021
LATITUDE: 36 55 N
LONGITUDE: 111 27 W
TEMPERATURE IN F: :PCPN: SNOW: WIND :SUNSHINE: SKY :PK WND
================================================================================
1 2 3 4 5 6A 6B 7 8 9 10 11 12 13 14 15 16 17 18
12Z AVG MX 2MIN
DY MAX MIN AVG DEP HDD CDD WTR SNW DPTH SPD SPD DIR MIN PSBL S-S WX SPD DR
================================================================================
1 77 66 72 -7 0 7 0.44 M M 4.9 13 360 M M 8 13 19 340
2 86 65 76 -3 0 11 0.00 M M 5.0 16 190 M M 0 24 180
3 91 68 80 1 0 15 T M M 2.6 13 350 M M 1 18 330
4 94 70 82 3 0 17 0.00 M M 3.1 12 20 M M 1 14 10
5 96 70 83 5 0 18 0.00 M M 3.9 10 80 M M 0 15 30
6 99 68 84 6 0 19 0.00 0.0 M 3.8 9 80 M M 0 16 100
7 98 69 84 6 0 19 0.00 0.0 M 3.3 13 70 M M 0 17 80
8 100 67 84 7 0 19 0.00 M M 3.4 10 30 M M 0 19 10
9 100 70 85 8 0 20 0.00 M M 3.0 10 180 M M 0 12 360
10 98 73 86 9 0 21 0.00 M M 6.6 18 170 M M 0 23 170
11 95 72 84 8 0 19 T M M 5.8 20 120 M M 1 3 28 320
12 96 67 82 6 0 17 0.00 M M 4.4 13 360 M M 1 21 10
13 97 70 84 8 0 19 0.00 M M 5.1 12 240 M M 0 18 240
14 95 70 83 8 0 18 0.00 M M 4.2 13 10 M M 0 18 10
15 96 68 82 7 0 17 0.00 M M 2.9 10 30 M M 0 15 360
16 M 67 M M M M 0.00 M M 4.6 13 330 M M 0 18 320
17 93 63 78 4 0 13 0.00 M M 4.6 12 210 M M 1 17 220
18 88 63 76 2 0 11 0.18 M M 5.1 24 290 M M 3 138 44 280
19 87 60 74 1 0 9 0.00 M M 4.2 14 190 M M 1 22 260
20 80 63 72 -1 0 7 0.00 M M 4.7 13 290 M M 0 18 290
21 80 55 68 -4 0 3 0.00 M M 2.7 12 20 M M 0 16 20
22 86 55 71 -1 0 6 0.00 M M 3.8 9 20 M M 0 13 50
23 92 60 76 4 0 11 0.00 M M 3.9 21 350 M M 0 31 20
24 87 63 75 4 0 10 0.00 M M 3.5 9 50 M M 0 13 30
25 90 62 76 5 0 11 T M M 5.3 24 160 M M 0 31 160
26 82 68 75 5 0 10 0.00 M M 3.0 12 210 M M 0 17 190
27 84 64 74 4 0 9 0.00 M M 6.3 17 180 M M 0 22 190
28 84 63 74 5 0 9 0.00 M M 5.3 15 230 M M 1 8 22 220
29 73 58 66 -3 0 1 0.02 M M 3.9 13 330 M M 3 3 19 320
30 73 54 64 -4 1 0 0.00 M M 3.8 12 70 M M 0 16 30
================================================================================
SM 2597 1951 1 366 0.64 0.0 126.7 M 21
================================================================================
AV 89.6 65.0 4.2 FASTST M M 1 MAX(MPH)
MISC ----> # 24 290 44 280
================================================================================
NOTES:
# LAST OF SEVERAL OCCURRENCES
COLUMN 17 PEAK WIND IN M.P.H.
PRELIMINARY LOCAL CLIMATOLOGICAL DATA (WS FORM: F-6) , PAGE 2
STATION: PAGE AZ AIRPORT
MONTH: SEPTEMBER
YEAR: 2021
LATITUDE: 36 55 N
LONGITUDE: 111 27 W
[TEMPERATURE DATA] [PRECIPITATION DATA] SYMBOLS USED IN COLUMN 16
AVERAGE MONTHLY: 77.3 TOTAL FOR MONTH: 0.64 1 = FOG OR MIST
DPTR FM NORMAL: 2.9 DPTR FM NORMAL: -0.03 2 = FOG REDUCING VISIBILITY
HIGHEST: 100 ON 9, 8 GRTST 24HR 0.44 ON 1- 1 TO 1/4 MILE OR LESS
LOWEST: 54 ON 30 3 = THUNDER
SNOW, ICE PELLETS, HAIL 4 = ICE PELLETS
TOTAL MONTH: 0.0 INCH 5 = HAIL
GRTST 24HR 0.0 6 = FREEZING RAIN OR DRIZZLE
GRTST DEPTH: M ON M 7 = DUSTSTORM OR SANDSTORM:
VSBY 1/2 MILE OR LESS
8 = SMOKE OR HAZE
[NO. OF DAYS WITH] [WEATHER - DAYS WITH] 9 = BLOWING SNOW
X = TORNADO
MAX 32 OR BELOW: 0 0.01 INCH OR MORE: 3
MAX 90 OR ABOVE: 16 0.10 INCH OR MORE: 2
MIN 32 OR BELOW: 0 0.50 INCH OR MORE: 0
MIN 0 OR BELOW: 0 1.00 INCH OR MORE: 0
[HDD (BASE 65) ]
TOTAL THIS MO. 1 CLEAR (SCALE 0-3) 28
DPTR FM NORMAL -11 PTCLDY (SCALE 4-7) 2
TOTAL FM JUL 1 1 CLOUDY (SCALE 8-10) 0
DPTR FM NORMAL -7
[CDD (BASE 65) ]
TOTAL THIS MO. 366
DPTR FM NORMAL 73 [PRESSURE DATA]
TOTAL FM JAN 1 2566 HIGHEST SLP M ON M
DPTR FM NORMAL 446 LOWEST SLP 29.59 ON 28
[REMARKS]
#FINAL-09-21#