000
CXUS52 KTBW 011136
CF6PGD
PRELIMINARY LOCAL CLIMATOLOGICAL DATA (WS FORM: F-6)
STATION: PUNTA GORDA
MONTH: JANUARY
YEAR: 2022
LATITUDE: 26 55 N
LONGITUDE: 82 0 W
TEMPERATURE IN F: :PCPN: SNOW: WIND :SUNSHINE: SKY :PK WND
================================================================================
1 2 3 4 5 6A 6B 7 8 9 10 11 12 13 14 15 16 17 18
12Z AVG MX 2MIN
DY MAX MIN AVG DEP HDD CDD WTR SNW DPTH SPD SPD DIR MIN PSBL S-S WX SPD DR
================================================================================
1 84 62 73 10 0 8 0.00 0.0 0 7.0 17 210 M M 4 12 23 190
2 84 66 75 12 0 10 0.00 0.0 0 9.8 21 210 M M 3 1 26 200
3 73 52 63 0 2 0 0.06 0.0 0 11.7 26 330 M M 2 1 48 330
4 79 49 64 1 1 0 0.00 0.0 0 7.0 14 110 M M 2 17 40
5 78 58 68 5 0 3 0.00 0.0 0 5.3 14 350 M M 5 17 350
6 77 51 64 1 1 0 0.01 0.0 0 3.2 16 350 M M 2 19 90
7 83 60 72 9 0 7 T 0.0 0 5.7 14 60 M M 1 17 80
8 83 56 70 7 0 5 0.00 0.0 0 10.3 18 90 M M 1 23 110
9 83 60 72 9 0 7 0.00 0.0 0 8.4 21 120 M M 2 26 130
10 83 60 72 9 0 7 1.21 0.0 0 6.0 24 330 M M 3 138 27 340
11 75 57 66 3 0 1 0.00 0.0 0 13.1 20 30 M M 7 24 40
12 78 55 67 5 0 2 0.00 0.0 0 8.7 18 70 M M 4 24 120
13 74 57 66 4 0 1 0.01 0.0 0 6.8 17 290 M M 4 1 23 280
14 73 50 62 0 3 0 0.00 0.0 0 7.8 20 290 M M 0 26 300
15 76 45 61 -1 4 0 0.00 0.0 0 6.7 15 170 M M 1 18 17 170
16 72 60 66 4 0 1 0.76 0.0 0 14.8 29 190 M M 8 13 39 190
17 69 48 59 -3 6 0 0.00 0.0 0 11.2 24 310 M M 5 31 320
18 66 43 55 -8 10 0 0.00 0.0 0 5.0 12 30 M M 1 1 14 20
19 76 41 59 -4 6 0 0.00 0.0 0 5.3 17 130 M M 1 22 130
20 79 50 65 2 0 0 0.17 0.0 0 3.5 12 270 M M 5 12 13 270
21 82 54 68 5 0 3 0.01 0.0 0 2.5 8 310 M M 6 12 14 80
22 67 55 61 -2 4 0 0.01 0.0 0 10.1 15 20 M M 10 1 18 40
23 55 42 49 -14 16 0 T 0.0 0 9.3 16 320 M M 8 1 19 350
24 66 33 50 -13 15 0 0.00 0.0 0 3.7 10 350 M M 0 1 13 350
25 67 47 57 -6 8 0 0.15 0.0 0 6.7 16 70 M M 4 1 20 80
26 69 59 64 1 1 0 0.03 0.0 0 8.9 14 40 M M 10 1 17 40
27 77 61 69 6 0 4 0.03 0.0 0 8.8 18 40 M M 8 1 22 40
28 70 58 64 1 1 0 0.00 0.0 0 9.4 26 320 M M 8 1 35 330
29 61 39 50 -14 15 0 0.00 0.0 0 16.4 30 340 M M 2 37 330
30 61 30 46 -18 19 0 0.00 0.0 0 7.0 15 360 M M 0 22 360
31 70 31 51 -13 14 0 0.00 0.0 0 3.9 13 50 M M 0 16 60
================================================================================
SM 2290 1589 126 59 2.45 0.0 244.0 M 117
================================================================================
AV 73.9 51.3 7.9 FASTST M M 4 MAX(MPH)
MISC ----> 30 340 48 330
================================================================================
NOTES:
# LAST OF SEVERAL OCCURRENCES
COLUMN 17 PEAK WIND IN M.P.H.
PRELIMINARY LOCAL CLIMATOLOGICAL DATA (WS FORM: F-6) , PAGE 2
STATION: PUNTA GORDA
MONTH: JANUARY
YEAR: 2022
LATITUDE: 26 55 N
LONGITUDE: 82 0 W
[TEMPERATURE DATA] [PRECIPITATION DATA] SYMBOLS USED IN COLUMN 16
AVERAGE MONTHLY: 62.6 TOTAL FOR MONTH: 2.45 1 = FOG OR MIST
DPTR FM NORMAL: -0.3 DPTR FM NORMAL: 0.13 2 = FOG REDUCING VISIBILITY
HIGHEST: 84 ON 2, 1 GRTST 24HR 1.21 ON 10-10 TO 1/4 MILE OR LESS
LOWEST: 30 ON 30 3 = THUNDER
SNOW, ICE PELLETS, HAIL 4 = ICE PELLETS
TOTAL MONTH: 0.0 INCH 5 = HAIL
GRTST 24HR 0.0 6 = FREEZING RAIN OR DRIZZLE
GRTST DEPTH: 0 7 = DUSTSTORM OR SANDSTORM:
VSBY 1/2 MILE OR LESS
8 = SMOKE OR HAZE
[NO. OF DAYS WITH] [WEATHER - DAYS WITH] 9 = BLOWING SNOW
X = TORNADO
MAX 32 OR BELOW: 0 0.01 INCH OR MORE: 11
MAX 90 OR ABOVE: 0 0.10 INCH OR MORE: 4
MIN 32 OR BELOW: 2 0.50 INCH OR MORE: 2
MIN 0 OR BELOW: 0 1.00 INCH OR MORE: 1
[HDD (BASE 65) ]
TOTAL THIS MO. 126 CLEAR (SCALE 0-3) 15
DPTR FM NORMAL -5 PTCLDY (SCALE 4-7) 13
TOTAL FM JUL 1 159 CLOUDY (SCALE 8-10) 3
DPTR FM NORMAL -74
[CDD (BASE 65) ]
TOTAL THIS MO. 59
DPTR FM NORMAL -7 [PRESSURE DATA]
TOTAL FM JAN 1 59 HIGHEST SLP 30.38 ON 8
DPTR FM NORMAL -7 LOWEST SLP 29.77 ON 16
[REMARKS]
#FINAL-01-22#