000
CXUS52 KTBW 011100
CF6PGD
PRELIMINARY LOCAL CLIMATOLOGICAL DATA (WS FORM: F-6)
STATION: PUNTA GORDA
MONTH: FEBRUARY
YEAR: 2021
LATITUDE: 26 55 N
LONGITUDE: 82 0 W
TEMPERATURE IN F: :PCPN: SNOW: WIND :SUNSHINE: SKY :PK WND
================================================================================
1 2 3 4 5 6A 6B 7 8 9 10 11 12 13 14 15 16 17 18
12Z AVG MX 2MIN
DY MAX MIN AVG DEP HDD CDD WTR SNW DPTH SPD SPD DIR MIN PSBL S-S WX SPD DR
================================================================================
1 70 53 62 -1 3 0 0.04 0.0 0 19.1 31 310 M M 8 1 41 300
2 60 50 55 -8 10 0 0.00 0.0 0 15.3 26 320 M M 4 33 320
3 68 42 55 -8 10 0 0.00 0.0 0 8.0 14 280 M M 0 19 320
4 69 35 52 -11 13 0 0.00 0.0 0 4.0 12 230 M M 0 1 15 220
5 78 44 61 -3 4 0 0.00 0.0 0 8.1 23 210 M M 0 12 28 220
6 84 54 69 5 0 4 0.02 0.0 0 10.0 24 180 M M 7 12 29 200
7 83 64 74 10 0 9 0.15 0.0 0 11.5 24 220 M M 8 13 32 220
8 83 63 73 9 0 8 0.00 0.0 0 6.3 16 70 M M 7 12 18 70
9 85 61 73 9 0 8 0.00 0.0 0 5.0 16 260 M M 5 12 20 260
10 86 60 73 9 0 8 0.00 0.0 0 4.1 13 240 M M 4 12 17 90
11 85 60 73 9 0 8 0.00 0.0 0 5.6 20 240 M M 5 12 24 250
12 87 63 75 11 0 10 0.00 0.0 0 6.0 16 160 M M 4 12 24 290
13 86 64 75 11 0 10 0.00 0.0 0 9.1 20 200 M M 7 12 24 210
14 86 70 78 13 0 13 0.28 0.0 0 12.0 24 200 M M 5 13 36 210
15 88 69 79 14 0 14 0.00 0.0 0 12.1 24 190 M M 5 128 30 190
16 78 64 71 6 0 6 0.14 0.0 0 10.4 18 320 M M 8 18 24 310
17 83 61 72 7 0 7 0.03 0.0 0 6.1 14 80 M M 8 18 16 70
18 88 70 79 14 0 14 0.00 0.0 0 10.5 21 200 M M 4 1 27 190
19 86 59 73 8 0 8 0.08 0.0 0 12.8 25 230 M M 7 1 33 220
20 73 51 62 -3 3 0 0.00 0.0 0 12.1 18 20 M M 3 8 33 30
21 79 51 65 -1 0 0 0.00 0.0 0 13.1 26 110 M M 1 32 80
22 87 55 71 5 0 6 T 0.0 0 10.3 18 240 M M 4 23 250
23 84 60 72 6 0 7 0.00 0.0 0 6.8 14 360 M M 3 16 340
24 83 53 68 2 0 3 0.00 0.0 0 6.9 14 260 M M 2 22 280
25 86 47 67 1 0 2 0.00 0.0 0 5.4 17 360 M M 0 20 360
26 88 55 72 6 0 7 0.00 0.0 0 6.3 15 240 M M 3 18 250
27 89 62 76 10 0 11 0.00 0.0 0 7.1 17 130 M M 4 12 26 190
28 89 64 77 11 0 12 T 0.0 0 8.5 22 170 M M 4 12 27 160
================================================================================
SM 2291 1604 43 175 0.74 0.0 252.5 M 120
================================================================================
AV 81.8 57.3 9.0 FASTST M M 4 MAX(MPH)
MISC ----> 31 310 41 300
================================================================================
NOTES:
# LAST OF SEVERAL OCCURRENCES
COLUMN 17 PEAK WIND IN M.P.H.
PRELIMINARY LOCAL CLIMATOLOGICAL DATA (WS FORM: F-6) , PAGE 2
STATION: PUNTA GORDA
MONTH: FEBRUARY
YEAR: 2021
LATITUDE: 26 55 N
LONGITUDE: 82 0 W
[TEMPERATURE DATA] [PRECIPITATION DATA] SYMBOLS USED IN COLUMN 16
AVERAGE MONTHLY: 69.6 TOTAL FOR MONTH: 0.74 1 = FOG OR MIST
DPTR FM NORMAL: 4.9 DPTR FM NORMAL: -1.74 2 = FOG REDUCING VISIBILITY
HIGHEST: 89 ON 28,27 GRTST 24HR 0.28 ON 14-14 TO 1/4 MILE OR LESS
LOWEST: 35 ON 4 3 = THUNDER
SNOW, ICE PELLETS, HAIL 4 = ICE PELLETS
TOTAL MONTH: 0.0 INCH 5 = HAIL
GRTST 24HR 0.0 6 = FREEZING RAIN OR DRIZZLE
GRTST DEPTH: 0 7 = DUSTSTORM OR SANDSTORM:
VSBY 1/2 MILE OR LESS
8 = SMOKE OR HAZE
[NO. OF DAYS WITH] [WEATHER - DAYS WITH] 9 = BLOWING SNOW
X = TORNADO
MAX 32 OR BELOW: 0 0.01 INCH OR MORE: 7
MAX 90 OR ABOVE: 0 0.10 INCH OR MORE: 3
MIN 32 OR BELOW: 0 0.50 INCH OR MORE: 0
MIN 0 OR BELOW: 0 1.00 INCH OR MORE: 0
[HDD (BASE 65) ]
TOTAL THIS MO. 43 CLEAR (SCALE 0-3) 9
DPTR FM NORMAL -40 PTCLDY (SCALE 4-7) 17
TOTAL FM JUL 1 269 CLOUDY (SCALE 8-10) 2
DPTR FM NORMAL -84
[CDD (BASE 65) ]
TOTAL THIS MO. 175
DPTR FM NORMAL 100 [PRESSURE DATA]
TOTAL FM JAN 1 230 HIGHEST SLP 30.32 ON 20
DPTR FM NORMAL 93 LOWEST SLP 29.84 ON 1
[REMARKS]
#FINAL-02-21#