000
CXUS55 KPSR 011005
CF6PHX
PRELIMINARY LOCAL CLIMATOLOGICAL DATA (WS FORM: F-6)
STATION: PHOENIX AZ
MONTH: SEPTEMBER
YEAR: 2020
LATITUDE: 33 25 N
LONGITUDE: 112 1 W
TEMPERATURE IN F: :PCPN: SNOW: WIND :SUNSHINE: SKY :PK WND
================================================================================
1 2 3 4 5 6A 6B 7 8 9 10 11 12 13 14 15 16 17 18
12Z AVG MX 2MIN
DY MAX MIN AVG DEP HDD CDD WTR SNW DPTH SPD SPD DIR MIN PSBL S-S WX SPD DR
================================================================================
1 102 84 93 1 0 28 0.00 0.0 0 8.6 20 290 M M 3 32 300
2 102 85 94 2 0 29 0.00 0.0 0 7.1 18 270 M M 1 23 260
3 107 86 97 5 0 32 0.00 0.0 0 6.0 16 290 M M 1 23 330
4 114 84 99 7 0 34 0.00 0.0 0 4.5 12 130 M M 1 18 340
5 115 88 102 10 0 37 0.00 0.0 0 6.9 18 120 M M 2 24 110
6 113 89 101 10 0 36 0.00 0.0 0 6.6 14 250 M M 1 17 300
7 109 85 97 6 0 32 0.00 0.0 0 7.9 17 290 M M 3 23 290
8 99 80 90 -1 0 25 0.00 0.0 0 11.5 26 300 M M 7 8 33 300
9 90 70 80 -11 0 15 0.00 0.0 0 6.4 16 210 M M 1 20 220
10 93 69 81 -9 0 16 0.00 0.0 0 5.9 20 70 M M 4 24 50
11 93 72 83 -7 0 18 0.00 0.0 0 3.3 9 110 M M 7 12 120
12 99 72 86 -4 0 21 0.00 0.0 0 3.5 12 180 M M 5 14 170
13 103 74 89 -1 0 24 0.00 0.0 0 4.6 14 110 M M 6 17 100
14 105 77 91 2 0 26 0.00 0.0 0 7.1 17 100 M M 3 25 180
15 105 80 93 4 0 28 0.00 0.0 0 5.4 13 290 M M 5 15 120
16 109 78 94 5 0 29 0.00 0.0 0 4.6 13 270 M M 4 16 270
17 109 77 93 5 0 28 0.00 0.0 0 5.6 14 150 M M 2 18 160
18 107 80 94 6 0 29 0.00 0.0 0 6.9 14 110 M M 0 18 120
19 104 82 93 5 0 28 0.00 0.0 0 6.3 17 130 M M 0 24 120
20 106 78 92 5 0 27 0.00 0.0 0 4.3 12 330 M M 2 20 10
21 103 81 92 5 0 27 0.00 0.0 0 6.1 18 280 M M 6 23 250
22 103 84 94 8 0 29 T 0.0 0 5.3 16 280 M M 5 18 280
23 105 77 91 5 0 26 0.00 0.0 0 6.1 17 270 M M 1 22 280
24 106 77 92 6 0 27 0.00 0.0 0 5.3 13 290 M M 0 17 330
25 105 78 92 7 0 27 0.00 0.0 0 4.8 14 300 M M 0 21 320
26 103 77 90 5 0 25 0.00 0.0 0 6.2 14 310 M M 0 19 330
27 102 76 89 5 0 24 0.00 0.0 0 4.9 14 270 M M 1 19 290
28 104 74 89 5 0 24 0.00 0.0 0 5.1 13 100 M M 2 16 90
29 102 78 90 6 0 25 0.00 0.0 0 4.7 14 80 M M 0 18 270
30 105 77 91 8 0 26 0.00 0.0 M 4.8 12 300 M M 0 18 280
================================================================================
SM 3122 2369 0 802 T 0.0 176.3 M 73
================================================================================
AV104.1 79.0 5.9 FASTST M M 2 MAX(MPH)
MISC ----> 26 300 33 300
================================================================================
NOTES:
# LAST OF SEVERAL OCCURRENCES
COLUMN 17 PEAK WIND IN M.P.H.
PRELIMINARY LOCAL CLIMATOLOGICAL DATA (WS FORM: F-6) , PAGE 2
STATION: PHOENIX AZ
MONTH: SEPTEMBER
YEAR: 2020
LATITUDE: 33 25 N
LONGITUDE: 112 1 W
[TEMPERATURE DATA] [PRECIPITATION DATA] SYMBOLS USED IN COLUMN 16
AVERAGE MONTHLY: 91.5 TOTAL FOR MONTH: T 1 = FOG OR MIST
DPTR FM NORMAL: 3.1 DPTR FM NORMAL: -0.64 2 = FOG REDUCING VISIBILITY
HIGHEST: 115 ON 5 GRTST 24HR T ON 22-22 TO 1/4 MILE OR LESS
LOWEST: 69 ON 10 3 = THUNDER
SNOW, ICE PELLETS, HAIL 4 = ICE PELLETS
TOTAL MONTH: 0.0 INCH 5 = HAIL
GRTST 24HR 0.0 6 = FREEZING RAIN OR DRIZZLE
GRTST DEPTH: 0 7 = DUSTSTORM OR SANDSTORM:
VSBY 1/2 MILE OR LESS
8 = SMOKE OR HAZE
[NO. OF DAYS WITH] [WEATHER - DAYS WITH] 9 = BLOWING SNOW
X = TORNADO
MAX 32 OR BELOW: 0 0.01 INCH OR MORE: 0
MAX 90 OR ABOVE: 30 0.10 INCH OR MORE: 0
MIN 32 OR BELOW: 0 0.50 INCH OR MORE: 0
MIN 0 OR BELOW: 0 1.00 INCH OR MORE: 0
[HDD (BASE 65) ]
TOTAL THIS MO. 0 CLEAR (SCALE 0-3) 21
DPTR FM NORMAL 0 PTCLDY (SCALE 4-7) 9
TOTAL FM JUL 1 0 CLOUDY (SCALE 8-10) 0
DPTR FM NORMAL 0
[CDD (BASE 65) ]
TOTAL THIS MO. 802
DPTR FM NORMAL 102 [PRESSURE DATA]
TOTAL FM JAN 1 4737 HIGHEST SLP 30.00 ON 29
DPTR FM NORMAL 568 LOWEST SLP 29.42 ON 8
[REMARKS]
#FINAL-09-20#