000
CXUS55 KPSR 011005
CF6PHX
PRELIMINARY LOCAL CLIMATOLOGICAL DATA (WS FORM: F-6)
STATION: PHOENIX AZ
MONTH: JUNE
YEAR: 2020
LATITUDE: 33 25 N
LONGITUDE: 112 1 W
TEMPERATURE IN F: :PCPN: SNOW: WIND :SUNSHINE: SKY :PK WND
================================================================================
1 2 3 4 5 6A 6B 7 8 9 10 11 12 13 14 15 16 17 18
12Z AVG MX 2MIN
DY MAX MIN AVG DEP HDD CDD WTR SNW DPTH SPD SPD DIR MIN PSBL S-S WX SPD DR
================================================================================
1 105 82 94 7 0 29 0.00 0.0 0 6.8 17 260 M M 5 22 320
2 107 87 97 10 0 32 0.00 0.0 0 8.6 18 230 M M 6 23 270
3 110 85 98 11 0 33 0.00 0.0 0 6.0 15 300 M M 4 23 320
4 112 84 98 10 0 33 0.00 0.0 0 6.8 20 270 M M 3 25 280
5 107 85 96 8 0 31 T 0.0 0 7.6 23 280 M M 8 3 26 280
6 93 74 84 -4 0 19 0.00 0.0 0 8.5 20 280 M M 2 23 280
7 97 76 87 -2 0 22 0.00 0.0 0 9.7 22 270 M M 1 29 270
8 90 75 83 -6 0 18 0.00 0.0 0 12.5 25 300 M M 2 34 290
9 94 74 84 -5 0 19 0.00 0.0 0 7.0 16 350 M M 0 23 10
10 105 72 89 -1 0 24 0.00 0.0 0 5.2 13 110 M M 0 16 90
11 108 75 92 2 0 27 0.00 0.0 0 5.8 18 270 M M 1 22 320
12 110 80 95 5 0 30 0.00 0.0 0 8.0 18 160 M M 1 25 170
13 106 79 93 3 0 28 0.00 0.0 0 9.9 24 270 M M 3 29 280
14 107 74 91 0 0 26 0.00 0.0 0 8.1 20 190 M M 1 26 220
15 106 77 92 1 0 27 0.00 0.0 0 7.6 18 290 M M 2 24 310
16 106 77 92 1 0 27 0.00 0.0 0 7.1 21 240 M M 2 24 260
17 104 76 90 -1 0 25 0.00 0.0 0 7.9 18 280 M M 1 23 290
18 103 76 90 -2 0 25 0.00 0.0 0 6.7 16 170 M M 1 22 170
19 102 76 89 -3 0 24 0.00 0.0 0 6.2 13 220 M M 2 18 180
20 105 77 91 -1 0 26 0.00 0.0 0 7.0 15 280 M M 2 21 260
21 108 81 95 3 0 30 0.00 0.0 0 7.1 15 270 M M 3 21 290
22 109 81 95 2 0 30 0.00 0.0 0 7.1 17 280 M M 3 24 260
23 110 83 97 4 0 32 0.00 0.0 0 7.4 21 280 M M 3 26 280
24 111 81 96 3 0 31 0.00 0.0 0 6.1 16 290 M M 5 23 250
25 110 82 96 3 0 31 0.00 0.0 0 5.1 15 290 M M 6 19 190
26 110 82 96 3 0 31 0.00 0.0 0 7.3 18 280 M M 6 26 260
27 108 84 96 2 0 31 0.00 0.0 0 7.1 23 280 M M 5 26 270
28 105 81 93 -1 0 28 0.00 0.0 0 10.0 23 230 M M 6 28 230
29 101 81 91 -3 0 26 0.00 0.0 0 9.3 24 280 M M 3 34 270
30 100 76 88 -6 0 23 0.00 0.0 M 7.9 17 210 M M 1 25 280
================================================================================
SM 3149 2373 0 818 T 0.0 227.4 M 88
================================================================================
AV105.0 79.1 7.6 FASTST M M 3 MAX(MPH)
MISC ----> 25 300 # 34 290
================================================================================
NOTES:
# LAST OF SEVERAL OCCURRENCES
COLUMN 17 PEAK WIND IN M.P.H.
PRELIMINARY LOCAL CLIMATOLOGICAL DATA (WS FORM: F-6) , PAGE 2
STATION: PHOENIX AZ
MONTH: JUNE
YEAR: 2020
LATITUDE: 33 25 N
LONGITUDE: 112 1 W
[TEMPERATURE DATA] [PRECIPITATION DATA] SYMBOLS USED IN COLUMN 16
AVERAGE MONTHLY: 92.0 TOTAL FOR MONTH: T 1 = FOG OR MIST
DPTR FM NORMAL: 1.2 DPTR FM NORMAL: -0.02 2 = FOG REDUCING VISIBILITY
HIGHEST: 112 ON 4 GRTST 24HR T ON 31- 1 TO 1/4 MILE OR LESS
LOWEST: 72 ON 10 3 = THUNDER
SNOW, ICE PELLETS, HAIL 4 = ICE PELLETS
TOTAL MONTH: 0.0 INCH 5 = HAIL
GRTST 24HR 0.0 6 = FREEZING RAIN OR DRIZZLE
GRTST DEPTH: 0 7 = DUSTSTORM OR SANDSTORM:
VSBY 1/2 MILE OR LESS
8 = SMOKE OR HAZE
[NO. OF DAYS WITH] [WEATHER - DAYS WITH] 9 = BLOWING SNOW
X = TORNADO
MAX 32 OR BELOW: 0 0.01 INCH OR MORE: 0
MAX 90 OR ABOVE: 30 0.10 INCH OR MORE: 0
MIN 32 OR BELOW: 0 0.50 INCH OR MORE: 0
MIN 0 OR BELOW: 0 1.00 INCH OR MORE: 0
[HDD (BASE 65) ]
TOTAL THIS MO. 0 CLEAR (SCALE 0-3) 17
DPTR FM NORMAL 0 PTCLDY (SCALE 4-7) 13
TOTAL FM JUL 1 832 CLOUDY (SCALE 8-10) 0
DPTR FM NORMAL -103
[CDD (BASE 65) ]
TOTAL THIS MO. 818
DPTR FM NORMAL 44 [PRESSURE DATA]
TOTAL FM JAN 1 1812 HIGHEST SLP 30.01 ON 9
DPTR FM NORMAL 152 LOWEST SLP 29.49 ON 28
[REMARKS]
#FINAL-06-20#