000
CXUS53 KILX 011752
CLSPIA
CLIMATE REPORT
NATIONAL WEATHER SERVICE LINCOLN IL
1152 AM CST FRI DEC 01 2023
...................................
...THE PEORIA IL CLIMATE SUMMARY FOR THE SEASON, FROM
9/1/2023 TO 11/30/2023...
CLIMATE NORMAL PERIOD 1991 TO 2020
CLIMATE RECORD PERIOD 1883 TO 2023
WEATHER OBSERVED NORMAL DEPART LAST YEAR`S
VALUE DATE(S) VALUE FROM VALUE
NORMAL
..............................................................
TEMPERATURE (F)
RECORD
HIGH 104 09/05/1899
LOW -2 11/26/1977
HIGHEST 92 09/04 MM MM 96
LOWEST 11 11/28 MM MM 13
AVG. MAXIMUM 66.9 64.9 2.0 66.1
AVG. MINIMUM 46.8 44.6 2.2 44.2
MEAN 56.9 54.7 2.2 55.1
DAYS MAX >= 90 2 2.9 -0.9 MM
DAYS MAX <= 32 1 1.9 -0.9 MM
DAYS MIN <= 32 17 18.4 -1.4 MM
DAYS MIN <= 0 0 0.0 0.0 MM
PRECIPITATION (INCHES)
RECORD
MAXIMUM 19.58 1926
MINIMUM 2.92 2002
TOTALS 6.32 9.35 -3.03 5.41
DAILY AVG. 0.07 0.06
DAYS >= .01 25 26.2 -1.2 MM
DAYS >= .10 14 16.5 -2.5 MM
DAYS >= .50 5 6.5 -1.5 MM
DAYS >= 1.00 1 2.4 -1.4 MM
GREATEST
24 HR. TOTAL 1.41 09/21 TO 09/22 1.22
SNOWFALL (INCHES)
RECORDS
TOTAL 10.7 1926
24 HR TOTAL 6.8 11/26/1975 TO 11/26/1975
TOTALS 4.1 1.6 2.5 2.8
SINCE 7/1 4.1 1.6 2.5 MM
DAYS >= TRACE 2 1.5 0.5 MM
DAYS >= 1.0 1 0.5 0.5 MM
GREATEST
SNOW DEPTH 3 11/26 2
11/27
24 HR TOTAL 4.1 11/26 TO 11/26 2.1
DEGREE DAYS
HEATING TOTAL 926 1095 -169 1063
SINCE 7/1 926 1099 -173 MM
COOLING TOTAL 210 159 51 187
SINCE 1/1 1246 1157 89 MM
FREEZE DATES
RECORD
EARLIEST 09/20/1991
LATEST 05/25/1925
EARLIEST 10/30
LATEST 04/24
..............................................................
WIND (MPH)
AVERAGE WIND SPEED 6.4
HIGHEST WIND SPEED/DIRECTION 26/200 DATE 11/16
HIGHEST GUST SPEED/DIRECTION 41/280 DATE 10/31
SKY COVER
POSSIBLE SUNSHINE (PERCENT) MM
AVERAGE SKY COVER 0.33
NUMBER OF DAYS FAIR 57
NUMBER OF DAYS PC 17
NUMBER OF DAYS CLOUDY 17
AVERAGE RH (PERCENT) 68
WEATHER CONDITIONS. NUMBER OF DAYS WITH
THUNDERSTORM 6 MIXED PRECIP 1
HEAVY RAIN 5 RAIN 9
LIGHT RAIN 31 FREEZING RAIN 0
LT FREEZING RAIN 0 HAIL 0
HEAVY SNOW 0 SNOW 0
LIGHT SNOW 2 SLEET 0
FOG 27 FOG W/VIS <= 1/4 MILE 2
HAZE 5
- INDICATES NEGATIVE NUMBERS.
R INDICATES RECORD WAS SET OR TIED.
MM INDICATES DATA IS MISSING.
T INDICATES TRACE AMOUNT.
$$