000
CXUS54 KBRO 010800
CF6PIL
PRELIMINARY LOCAL CLIMATOLOGICAL DATA (WS FORM: F-6)
STATION: BAYVIEW
MONTH: APRIL
YEAR: 2021
LATITUDE: 26 10 N
LONGITUDE: 97 20 W
TEMPERATURE IN F: :PCPN: SNOW: WIND :SUNSHINE: SKY :PK WND
================================================================================
1 2 3 4 5 6A 6B 7 8 9 10 11 12 13 14 15 16 17 18
12Z AVG MX 2MIN
DY MAX MIN AVG DEP HDD CDD WTR SNW DPTH SPD SPD DIR MIN PSBL S-S WX SPD DR
================================================================================
1 69 61 65 -7 0 0 0.18 0.0 0 16.1 28 40 M M 10 36 30
2 72 62 67 -5 0 2 0.00 0.0 0 10.9 20 80 M M 5 23 50
3 75 61 68 -4 0 3 0.00 0.0 0 14.3 23 100 M M 3 29 100
4 77 65 71 -2 0 6 0.00 0.0 0 13.5 23 100 M M 0 29 110
5 78 64 71 -2 0 6 0.04 0.0 0 13.1 23 130 M M 5 1 30 130
6 82 70 76 3 0 11 T 0.0 0 18.4 29 160 M M 6 37 170
7 86 73 80 7 0 15 0.00 0.0 0 16.1 26 160 M M 9 34 160
8 84 70 77 4 0 12 0.00 0.0 0 10.0 22 110 M M 6 12 27 150
9 91 74 83 9 0 18 T 0.0 0 17.3 30 160 M M 5 8 37 160
10 82 72 77 3 0 12 0.00 0.0 0 12.1 26 20 M M 9 1 33 360
11 80 66 73 -1 0 8 0.00 0.0 0 9.3 15 90 M M 7 12 20 70
12 83 74 79 5 0 14 0.00 0.0 0 11.4 20 110 M M 9 23 110
13 84 75 80 6 0 15 0.00 0.0 0 8.6 17 110 M M 7 1 21 120
14 88 76 82 8 0 17 0.00 0.0 0 13.2 22 130 M M 6 18 29 190
15 83 76 80 5 0 15 T 0.0 0 12.8 20 120 M M 9 1 24 130
16 86 75 81 6 0 16 0.00 0.0 0 11.9 22 140 M M 7 1 29 140
17 77 58 68 -7 0 3 0.09 0.0 0 16.7 30 20 M M 10 1 39 20
18 67 56 62 -13 3 0 0.09 0.0 0 14.2 25 340 M M 9 33 10
19 74 58 66 -9 0 1 0.00 0.0 0 7.7 16 40 M M 10 21 50
20 77 60 69 -7 0 4 0.00 0.0 0 8.1 16 90 M M 1 22 90
21 71 57 64 -12 1 0 0.00 0.0 0 12.5 24 10 M M 6 30 20
22 77 68 73 -3 0 8 T 0.0 0 15.4 22 110 M M 9 31 90
23 84 73 79 3 0 14 T 0.0 0 17.6 26 150 M M 9 18 37 160
24 89 68 79 3 0 14 0.00 0.0 0 8.6 18 20 M M 4 128 24 20
25 83 61 72 -4 0 7 0.00 0.0 0 11.4 21 130 M M 2 12 26 100
26 81 72 77 0 0 12 0.00 0.0 0 16.9 26 130 M M 6 32 140
27 90 75 83 6 0 18 0.00 0.0 0 19.0 29 160 M M 8 37 170
28 91 76 84 7 0 19 0.00 0.0 0 23.5 36 160 M M 10 45 160
29 86 74 80 3 0 15 T 0.0 0 10.7 24 160 M M 9 18 31 160
30 78 70 74 -3 0 9 2.41 0.0 0 8.6 23 330 M M 10 13 26 330
================================================================================
SM 2425 2040 4 294 2.81 0.0 399.9 M 206
================================================================================
AV 80.8 68.0 13.3 FASTST M M 7 MAX(MPH)
MISC ----> 36 160 45 160
================================================================================
NOTES:
# LAST OF SEVERAL OCCURRENCES
COLUMN 17 PEAK WIND IN M.P.H.
PRELIMINARY LOCAL CLIMATOLOGICAL DATA (WS FORM: F-6) , PAGE 2
STATION: BAYVIEW
MONTH: APRIL
YEAR: 2021
LATITUDE: 26 10 N
LONGITUDE: 97 20 W
[TEMPERATURE DATA] [PRECIPITATION DATA] SYMBOLS USED IN COLUMN 16
AVERAGE MONTHLY: 74.4 TOTAL FOR MONTH: 2.81 1 = FOG OR MIST
DPTR FM NORMAL: -0.3 DPTR FM NORMAL: 1.40 2 = FOG REDUCING VISIBILITY
HIGHEST: 91 ON 28, 9 GRTST 24HR 2.41 ON 30-30 TO 1/4 MILE OR LESS
LOWEST: 56 ON 18 3 = THUNDER
SNOW, ICE PELLETS, HAIL 4 = ICE PELLETS
TOTAL MONTH: 0.0 INCH 5 = HAIL
GRTST 24HR 0.0 6 = FREEZING RAIN OR DRIZZLE
GRTST DEPTH: 0 7 = DUSTSTORM OR SANDSTORM:
VSBY 1/2 MILE OR LESS
8 = SMOKE OR HAZE
[NO. OF DAYS WITH] [WEATHER - DAYS WITH] 9 = BLOWING SNOW
X = TORNADO
MAX 32 OR BELOW: 0 0.01 INCH OR MORE: 5
MAX 90 OR ABOVE: 3 0.10 INCH OR MORE: 2
MIN 32 OR BELOW: 0 0.50 INCH OR MORE: 1
MIN 0 OR BELOW: 0 1.00 INCH OR MORE: 1
[HDD (BASE 65) ]
TOTAL THIS MO. 4 CLEAR (SCALE 0-3) 4
DPTR FM NORMAL -4 PTCLDY (SCALE 4-7) 12
TOTAL FM JUL 1 499 CLOUDY (SCALE 8-10) 14
DPTR FM NORMAL -47
[CDD (BASE 65) ]
TOTAL THIS MO. 294
DPTR FM NORMAL -5 [PRESSURE DATA]
TOTAL FM JAN 1 609 HIGHEST SLP M ON M
DPTR FM NORMAL 29 LOWEST SLP M ON M
[REMARKS]
#FINAL-04-21#