000
CXUS51 KRLX 011106
CF6PKB
PRELIMINARY LOCAL CLIMATOLOGICAL DATA (WS FORM: F-6)
STATION: PARKERSBURG WV
MONTH: SEPTEMBER
YEAR: 2023
LATITUDE: 39 20 N
LONGITUDE: 81 26 W
TEMPERATURE IN F: :PCPN: SNOW: WIND :SUNSHINE: SKY :PK WND
================================================================================
1 2 3 4 5 6A 6B 7 8 9 10 11 12 13 14 15 16 17 18
12Z AVG MX 2MIN
DY MAX MIN AVG DEP HDD CDD WTR SNW DPTH SPD SPD DIR MIN PSBL S-S WX SPD DR
================================================================================
1 85 52 69 -3 0 4 0.00 M M 1.5 8 210 M M 0 1 11 180
2 88 57 73 2 0 8 0.00 M M 1.6 9 250 M M 2 12 13 250
3 89 65 77 6 0 12 0.00 M M 2.6 10 240 M M 2 1 15 220
4 90 64 77 6 0 12 0.00 M M 1.3 9 200 M M 1 12 14 240
5 91 65 78 8 0 13 0.00 M M 0.6 7 200 M M 2 12 9 190
6 90 66 78 8 0 13 0.18 M M 3.1 14 190 M M 3 13 17 200
7 84 65 75 5 0 10 0.00 M M 4.9 14 210 M M 4 22 300
8 83 62 73 3 0 8 T M M 2.5 9 20 M M 6 1 11 10
9 73 65 69 0 0 4 0.00 M M 3.5 8 360 M M 8 12 10
10 76 63 70 1 0 5 0.00 M M 3.0 8 20 M M 8 1 11 20
11 82 58 70 1 0 5 0.00 M M 0.9 8 310 M M 5 128 12 300
12 75 57 66 -2 0 1 0.09 M M 1.2 16 300 M M 5 18 23 310
13 77 55 66 -2 0 1 T M M 1.8 12 330 M M 6 12 14 290
14 75 50 63 -5 2 0 0.00 M M 2.7 13 60 M M 2 1 16 60
15 76 46 61 -6 4 0 0.00 M M 2.9 13 40 M M 0 1 16 50
16 78 45 62 -5 3 0 0.00 M M 0.5 7 310 M M 3 12 10 50
17 63 56 60 -6 5 0 0.38 M M 3.2 9 310 M M 7 1 12 310
18 75 55 65 -1 0 0 0.00 M M 1.4 12 260 M M 8 128 16 270
19 74 51 63 -3 2 0 0.00 M M 1.2 7 240 M M 6 12 10 200
20 78 51 65 0 0 0 0.00 M M 1.2 9 90 M M 4 12 13 80
21 82 51 67 2 0 2 0.00 M M 3.4 12 90 M M 3 12 16 90
22 78 53 66 1 0 1 0.00 M M 5.5 15 100 M M 0 1 20 60
23 74 51 63 -1 2 0 0.01 M M 7.6 17 40 M M 4 1 22 30
24 63 56 60 -4 5 0 0.09 M M 1.3 9 40 M M 10 1 12 30
25 68 60 64 1 1 0 0.05 M M 0.6 7 30 M M 10 12 8 40
26 71 60 66 3 0 1 T M M 4.2 12 80 M M 10 1 16 60
27 72 58 65 2 0 0 0.24 M M 4.0 9 110 M M 8 1 16 120
28 69 56 63 1 2 0 0.08 M M 3.6 9 170 M M 7 1 12 170
29 79 55 67 5 0 2 0.00 M M 1.5 8 330 M M 5 12 13 330
30 81 56 69 8 0 4 0.00 M M 1.0 8 60 M M 6 12 10 70
================================================================================
SM 2339 1704 26 106 1.12 M 74.3 M 145
================================================================================
AV 78.0 56.8 2.5 FASTST M M 5 MAX(MPH)
MISC ----> 17 40 23 310
================================================================================
NOTES:
# LAST OF SEVERAL OCCURRENCES
COLUMN 17 PEAK WIND IN M.P.H.
PRELIMINARY LOCAL CLIMATOLOGICAL DATA (WS FORM: F-6) , PAGE 2
STATION: PARKERSBURG WV
MONTH: SEPTEMBER
YEAR: 2023
LATITUDE: 39 20 N
LONGITUDE: 81 26 W
[TEMPERATURE DATA] [PRECIPITATION DATA] SYMBOLS USED IN COLUMN 16
AVERAGE MONTHLY: 67.4 TOTAL FOR MONTH: 1.12 1 = FOG OR MIST
DPTR FM NORMAL: 0.5 DPTR FM NORMAL: -2.06 2 = FOG REDUCING VISIBILITY
HIGHEST: 91 ON 5 GRTST 24HR 0.38 ON 17-17 TO 1/4 MILE OR LESS
LOWEST: 45 ON 16 3 = THUNDER
SNOW, ICE PELLETS, HAIL 4 = ICE PELLETS
TOTAL MONTH: M 5 = HAIL
GRTST 24HR M ON M 6 = FREEZING RAIN OR DRIZZLE
GRTST DEPTH: M ON M 7 = DUSTSTORM OR SANDSTORM:
VSBY 1/2 MILE OR LESS
8 = SMOKE OR HAZE
[NO. OF DAYS WITH] [WEATHER - DAYS WITH] 9 = BLOWING SNOW
X = TORNADO
MAX 32 OR BELOW: 0 0.01 INCH OR MORE: 8
MAX 90 OR ABOVE: 3 0.10 INCH OR MORE: 3
MIN 32 OR BELOW: 0 0.50 INCH OR MORE: 0
MIN 0 OR BELOW: 0 1.00 INCH OR MORE: 0
[HDD (BASE 65) ]
TOTAL THIS MO. 26 CLEAR (SCALE 0-3) 11
DPTR FM NORMAL -36 PTCLDY (SCALE 4-7) 14
TOTAL FM JUL 1 26 CLOUDY (SCALE 8-10) 5
DPTR FM NORMAL -38
[CDD (BASE 65) ]
TOTAL THIS MO. 106
DPTR FM NORMAL -11 [PRESSURE DATA]
TOTAL FM JAN 1 800 HIGHEST SLP 30.27 ON 21
DPTR FM NORMAL -179 LOWEST SLP 29.78 ON 7
[REMARKS]
#FINAL-09-23#