000
CXUS51 KRLX 011158
CF6PKB
PRELIMINARY LOCAL CLIMATOLOGICAL DATA (WS FORM: F-6)
STATION: PARKERSBURG WV
MONTH: OCTOBER
YEAR: 2023
LATITUDE: 39 20 N
LONGITUDE: 81 26 W
TEMPERATURE IN F: :PCPN: SNOW: WIND :SUNSHINE: SKY :PK WND
================================================================================
1 2 3 4 5 6A 6B 7 8 9 10 11 12 13 14 15 16 17 18
12Z AVG MX 2MIN
DY MAX MIN AVG DEP HDD CDD WTR SNW DPTH SPD SPD DIR MIN PSBL S-S WX SPD DR
================================================================================
1 83 52 68 7 0 3 0.00 M M 1.5 12 50 M M 2 12 17 40
2 84 52 68 7 0 3 0.00 M M 0.5 8 90 M M 2 12 10 20
3 85 56 71 11 0 6 0.00 M M 2.3 14 60 M M 2 12 17 50
4 83 54 69 9 0 4 0.00 M M 1.5 8 180 M M 1 12 12 180
5 82 59 71 12 0 6 0.39 M M 4.8 14 200 M M 3 1 17 200
6 73 59 66 7 0 1 0.39 M M 4.6 15 310 M M 8 1 27 310
7 59 44 52 -7 13 0 0.01 M M 5.9 16 310 M M 5 22 310
8 56 39 48 -10 17 0 0.02 M M 6.1 18 280 M M 5 1 28 280
9 62 45 54 -4 11 0 0.01 M M 3.5 9 220 M M 9 13 230
10 65 40 53 -5 12 0 0.00 M M 3.7 17 260 M M 2 1 25 260
11 67 35 51 -6 14 0 0.00 M M 2.8 13 200 M M 1 18 270
12 76 43 60 3 5 0 0.00 M M 1.7 10 260 M M 2 14 260
13 75 47 61 5 4 0 0.00 M M 5.1 12 70 M M 2 15 70
14 68 50 59 3 6 0 0.76 M M 7.6 16 360 M M 10 1 24 10
15 60 47 54 -2 11 0 0.10 M M 5.4 15 330 M M 10 1 22 320
16 54 45 50 -5 15 0 T M M 3.9 12 320 M M 10 1 17 310
17 56 48 52 -3 13 0 0.00 M M 1.5 9 310 M M 10 12 320
18 60 42 51 -4 14 0 0.00 M M 2.0 12 210 M M 6 14 210
19 69 39 54 0 11 0 T M M 6.1 20 200 M M 5 1 25 210
20 61 52 57 3 8 0 0.69 M M 6.9 17 290 M M 10 18 24 290
21 60 47 54 0 11 0 0.03 M M 6.2 16 250 M M 8 1 23 260
22 60 36 48 -5 17 0 T M M 4.4 14 280 M M 5 1 22 280
23 64 32 48 -5 17 0 0.00 M M 0.7 7 50 M M 3 12 10 40
24 76 36 56 4 9 0 0.00 M M 2.1 12 200 M M 0 18 15 200
25 77 48 63 11 2 0 0.00 M M 2.4 14 210 M M 1 8 19 210
26 78 44 61 9 4 0 0.00 M M 3.5 17 190 M M 1 23 200
27 71 55 63 12 2 0 0.04 M M 4.7 12 230 M M 7 1 17 240
28 69 60 65 14 0 0 0.04 M M 5.0 12 330 M M 9 18 15 330
29 67 58 63 12 2 0 0.67 M M 4.2 15 200 M M 10 12 20 200
30 63 36 50 0 15 0 0.83 M M 6.0 15 320 M M 9 1 19 320
31 48 30 39 -11 26 0 T M M 4.3 23 300 M M 8 12 31 300
================================================================================
SM 2111 1430 259 23 3.98 M 120.9 M 166
================================================================================
AV 68.1 46.1 3.9 FASTST M M 5 MAX(MPH)
MISC ----> 23 300 31 300
================================================================================
NOTES:
# LAST OF SEVERAL OCCURRENCES
COLUMN 17 PEAK WIND IN M.P.H.
PRELIMINARY LOCAL CLIMATOLOGICAL DATA (WS FORM: F-6) , PAGE 2
STATION: PARKERSBURG WV
MONTH: OCTOBER
YEAR: 2023
LATITUDE: 39 20 N
LONGITUDE: 81 26 W
[TEMPERATURE DATA] [PRECIPITATION DATA] SYMBOLS USED IN COLUMN 16
AVERAGE MONTHLY: 57.1 TOTAL FOR MONTH: 3.98 1 = FOG OR MIST
DPTR FM NORMAL: 1.7 DPTR FM NORMAL: 1.00 2 = FOG REDUCING VISIBILITY
HIGHEST: 85 ON 3 GRTST 24HR 1.29 ON 29-30 TO 1/4 MILE OR LESS
LOWEST: 30 ON 31 3 = THUNDER
SNOW, ICE PELLETS, HAIL 4 = ICE PELLETS
TOTAL MONTH: M 5 = HAIL
GRTST 24HR M ON M 6 = FREEZING RAIN OR DRIZZLE
GRTST DEPTH: M ON M 7 = DUSTSTORM OR SANDSTORM:
VSBY 1/2 MILE OR LESS
8 = SMOKE OR HAZE
[NO. OF DAYS WITH] [WEATHER - DAYS WITH] 9 = BLOWING SNOW
X = TORNADO
MAX 32 OR BELOW: 0 0.01 INCH OR MORE: 13
MAX 90 OR ABOVE: 0 0.10 INCH OR MORE: 7
MIN 32 OR BELOW: 2 0.50 INCH OR MORE: 4
MIN 0 OR BELOW: 0 1.00 INCH OR MORE: 0
[HDD (BASE 65) ]
TOTAL THIS MO. 259 CLEAR (SCALE 0-3) 11
DPTR FM NORMAL -58 PTCLDY (SCALE 4-7) 10
TOTAL FM JUL 1 285 CLOUDY (SCALE 8-10) 10
DPTR FM NORMAL -98
[CDD (BASE 65) ]
TOTAL THIS MO. 23
DPTR FM NORMAL 5 [PRESSURE DATA]
TOTAL FM JAN 1 823 HIGHEST SLP 30.34 ON 25
DPTR FM NORMAL -174 LOWEST SLP 29.52 ON 20
[REMARKS]
#FINAL-10-23#