000
CXUS53 KAPX 010830
CF6PLN
PRELIMINARY LOCAL CLIMATOLOGICAL DATA (WS FORM: F-6)
STATION: PELLSTON
MONTH: JANUARY
YEAR: 2022
LATITUDE: 45 34 N
LONGITUDE: 84 48 W
TEMPERATURE IN F: :PCPN: SNOW: WIND :SUNSHINE: SKY :PK WND
================================================================================
1 2 3 4 5 6A 6B 7 8 9 10 11 12 13 14 15 16 17 18
12Z AVG MX 2MIN
DY MAX MIN AVG DEP HDD CDD WTR SNW DPTH SPD SPD DIR MIN PSBL S-S WX SPD DR
================================================================================
1 28 15 22 1 43 0 T M M 12.0 18 360 M M 8 8 25 360
2 20 6 13 -7 52 0 T M M 3.5 14 20 M M 8 8 18 40
3 32 18 25 5 40 0 0.02 M M 7.5 23 280 M M 8 1 36 270
4 34 26 30 10 35 0 0.00 M M 6.5 12 140 M M 6 18 280
5 31 9 20 0 45 0 M M M 6.8 16 30 M M 9 18 21 20
6 11 -3 4 -15 61 0 M M M 7.1 15 10 M M 10 18 22 10
7 16 -14 1 -18 64 0 M M M 2.4 14 350 M M 4 18 18 350
8 29 -9 10 -9 55 0 M M M 8.2 18 180 M M 7 29 200
9 30 11 21 2 44 0 T M M 18.5 31 320 M M 10 18 41 290
10 12 8 10 -8 55 0 T M M 16.7 26 320 M M 10 89 37 310
11 30 8 19 1 46 0 T M M 10.4 24 260 M M 9 8 35 250
12 28 19 24 6 41 0 0.00 M M 9.9 22 290 M M 10 33 290
13 30 16 23 5 42 0 T M M 5.5 23 340 M M 10 18 32 340
14 16 -3 7 -11 58 0 0.00 M M 10.3 17 80 M M 7 18 24 90
15 11 -13 -1 -19 66 0 0.00 M M 3.4 13 140 M M 3 18 16 110
16 26 -14 6 -12 59 0 T M M 5.1 12 200 M M 5 18 200
17 28 19 24 7 41 0 0.01 M M 8.2 22 320 M M 10 168 29 310
18 36 5 21 4 44 0 0.06 M M 7.8 20 140 M M 9 128 26 160
19 38 14 26 9 39 0 0.02 M M 19.0 31 320 M M 10 18 44 280
20 14 2 8 -9 57 0 T M M 4.6 18 310 M M 10 18 24 320
21 21 11 16 -1 49 0 0.00 M M 6.8 15 180 M M 8 24 190
22 24 12 18 1 47 0 0.11 M M 12.3 22 290 M M 9 128 33 210
23 16 -10 3 -14 62 0 T M M 5.2 16 280 M M 9 1 23 310
24 20 -6 7 -9 58 0 0.03 M M 5.6 14 200 M M 8 18 22 200
25 14 -10 2 -14 63 0 T M M 4.4 14 310 M M 8 18 19 310
26 18 -17 1 -15 64 0 T M M 7.6 25 210 M M 7 18 36 200
27 26 5 16 0 49 0 0.05 M M 14.3 25 320 M M 9 168 44 220
28 15 -5 5 -11 60 0 0.00 M M 4.5 10 30 M M 9 18 14 20
29 20 5 13 -3 52 0 T M M 5.4 14 210 M M 9 8 19 180
30 25 11 18 2 47 0 T M M 4.0 12 310 M M 9 18 15 300
31 27 3 15 -1 50 0 0.00 M M 5.8 14 140 M M 8 20 140
================================================================================
SM 726 119 1588 0 0.30 M 249.3 M 256
================================================================================
AV 23.4 3.8 8.0 FASTST M M 8 MAX(MPH)
MISC ----> # 31 320 # 44 280
================================================================================
NOTES:
# LAST OF SEVERAL OCCURRENCES
COLUMN 17 PEAK WIND IN M.P.H.
PRELIMINARY LOCAL CLIMATOLOGICAL DATA (WS FORM: F-6) , PAGE 2
STATION: PELLSTON
MONTH: JANUARY
YEAR: 2022
LATITUDE: 45 34 N
LONGITUDE: 84 48 W
[TEMPERATURE DATA] [PRECIPITATION DATA] SYMBOLS USED IN COLUMN 16
AVERAGE MONTHLY: 13.6 TOTAL FOR MONTH: 0.30 1 = FOG OR MIST
DPTR FM NORMAL: -4.2 DPTR FM NORMAL: -1.31 2 = FOG REDUCING VISIBILITY
HIGHEST: 38 ON 19 GRTST 24HR 0.31 ON 18-18 TO 1/4 MILE OR LESS
LOWEST: -17 ON 26 3 = THUNDER
SNOW, ICE PELLETS, HAIL 4 = ICE PELLETS
TOTAL MONTH: M 5 = HAIL
GRTST 24HR M ON M 6 = FREEZING RAIN OR DRIZZLE
GRTST DEPTH: M ON M 7 = DUSTSTORM OR SANDSTORM:
VSBY 1/2 MILE OR LESS
8 = SMOKE OR HAZE
[NO. OF DAYS WITH] [WEATHER - DAYS WITH] 9 = BLOWING SNOW
X = TORNADO
MAX 32 OR BELOW: 28 0.01 INCH OR MORE: 7
MAX 90 OR ABOVE: 0 0.10 INCH OR MORE: 1
MIN 32 OR BELOW: 31 0.50 INCH OR MORE: 0
MIN 0 OR BELOW: 11 1.00 INCH OR MORE: 0
[HDD (BASE 65) ]
TOTAL THIS MO. 1588 CLEAR (SCALE 0-3) 0
DPTR FM NORMAL 125 PTCLDY (SCALE 4-7) 12
TOTAL FM JUL 1 4177 CLOUDY (SCALE 8-10) 19
DPTR FM NORMAL -401
[CDD (BASE 65) ]
TOTAL THIS MO. 0
DPTR FM NORMAL 0 [PRESSURE DATA]
TOTAL FM JAN 1 0 HIGHEST SLP 30.68 ON 15
DPTR FM NORMAL 0 LOWEST SLP 29.37 ON 5
[REMARKS]
#FINAL-01-22#