000
CXUS54 KOUN 010810
CF6PNC
PRELIMINARY LOCAL CLIMATOLOGICAL DATA (WS FORM: F-6)
STATION: PONCA CITY
MONTH: OCTOBER
YEAR: 2022
LATITUDE: 36 44 N
LONGITUDE: 97 6 W
TEMPERATURE IN F: :PCPN: SNOW: WIND :SUNSHINE: SKY :PK WND
================================================================================
1 2 3 4 5 6A 6B 7 8 9 10 11 12 13 14 15 16 17 18
12Z AVG MX 2MIN
DY MAX MIN AVG DEP HDD CDD WTR SNW DPTH SPD SPD DIR MIN PSBL S-S WX SPD DR
================================================================================
1 86 47 67 0 0 2 0.00 0.0 0 5.2 13 90 M M 0 16 110
2 86 46 66 0 0 1 0.00 0.0 M 5.5 14 90 M M 0 18 80
3 87 46 67 1 0 2 0.00 0.0 M 4.7 14 120 M M 0 30 330
4 87 51 69 4 0 4 0.00 0.0 M 5.4 14 150 M M 0 24 200
5 82 55 69 4 0 4 0.00 0.0 M 1.2 9 350 M M 5 14 360
6 87 48 68 4 0 3 0.00 M M 3.5 14 10 M M 0 1 19 330
7 74 46 60 -4 5 0 0.00 M M 13.0 23 40 M M 0 33 30
8 71 43 57 -7 8 0 0.00 M M 3.8 12 20 M M 4 13 20
9 82 45 64 1 1 0 0.00 M M 5.0 18 210 M M 2 26 200
10 83 57 70 7 0 5 T M M 7.5 18 180 M M 4 29 180
11 83 64 74 12 0 9 T M M 11.5 22 200 M M 4 1 35 190
12 80 50 65 3 0 0 0.00 M M 9.0 23 350 M M 0 27 30
13 76 42 59 -3 6 0 0.00 M M 4.4 17 310 M M 1 30 330
14 88 40 64 3 1 0 0.00 M M 7.1 21 60 M M 1 27 260
15 84 53 69 8 0 4 T M M 9.3 17 90 M M 0 29 280
16 71 48 60 0 5 0 0.02 M M 7.4 20 30 M M 2 24 360
17 61 34 48 -12 17 0 0.00 M M 8.1 20 360 M M 0 24 360
18 54 29 42 -18 23 0 0.00 M M 7.2 20 10 M M 0 23 10
19 68 24 46 -13 19 0 0.00 M M 4.0 13 160 M M 0 19 160
20 81 35 58 -1 7 0 0.00 M M 3.3 8 250 M M 0 14 220
21 93 52 73 15 0 8 0.00 M M 9.3 18 170 M M 0 29 160
22 89 68 79 21 0 14 0.00 M M 14.6 26 150 M M 0 34 190
23 85 72 79 21 0 14 0.00 M M 17.1 32 160 M M 0 44 160
24 76 50 63 6 2 0 1.47 M M 10.4 24 160 M M 8 1 30 160
25 67 41 54 -3 11 0 0.11 M M 7.8 26 10 M M 3 32 10
26 70 36 53 -3 12 0 0.00 M M 7.0 20 130 M M 0 26 140
27 69 47 58 2 7 0 0.10 M M 13.2 28 150 M M 2 13 35 150
28 70 44 57 1 8 0 T M M 7.5 21 40 M M 3 27 50
29 72 48 60 5 5 0 0.00 M M 6.9 18 30 M M 3 22 30
30 68 46 57 2 8 0 T M M 4.5 15 350 M M 5 19 340
31 73 40 57 3 8 0 0.00 M M 2.2 12 320 M M 1 14 320
================================================================================
SM 2403 1447 153 70 1.70 0.0 226.6 M 48
================================================================================
AV 77.5 46.7 7.3 FASTST M M 2 MAX(MPH)
MISC ----> 32 160 44 160
================================================================================
NOTES:
# LAST OF SEVERAL OCCURRENCES
COLUMN 17 PEAK WIND IN M.P.H.
PRELIMINARY LOCAL CLIMATOLOGICAL DATA (WS FORM: F-6) , PAGE 2
STATION: PONCA CITY
MONTH: OCTOBER
YEAR: 2022
LATITUDE: 36 44 N
LONGITUDE: 97 6 W
[TEMPERATURE DATA] [PRECIPITATION DATA] SYMBOLS USED IN COLUMN 16
AVERAGE MONTHLY: 62.1 TOTAL FOR MONTH: 1.70 1 = FOG OR MIST
DPTR FM NORMAL: 1.6 DPTR FM NORMAL: -1.36 2 = FOG REDUCING VISIBILITY
HIGHEST: 93 ON 21 GRTST 24HR 1.58 ON 24-25 TO 1/4 MILE OR LESS
LOWEST: 24 ON 19 3 = THUNDER
SNOW, ICE PELLETS, HAIL 4 = ICE PELLETS
TOTAL MONTH: 0.0 INCH 5 = HAIL
GRTST 24HR 0.0 6 = FREEZING RAIN OR DRIZZLE
GRTST DEPTH: 0 7 = DUSTSTORM OR SANDSTORM:
VSBY 1/2 MILE OR LESS
8 = SMOKE OR HAZE
[NO. OF DAYS WITH] [WEATHER - DAYS WITH] 9 = BLOWING SNOW
X = TORNADO
MAX 32 OR BELOW: 0 0.01 INCH OR MORE: 4
MAX 90 OR ABOVE: 1 0.10 INCH OR MORE: 3
MIN 32 OR BELOW: 2 0.50 INCH OR MORE: 1
MIN 0 OR BELOW: 0 1.00 INCH OR MORE: 1
[HDD (BASE 65) ]
TOTAL THIS MO. 153 CLEAR (SCALE 0-3) 24
DPTR FM NORMAL -47 PTCLDY (SCALE 4-7) 7
TOTAL FM JUL 1 154 CLOUDY (SCALE 8-10) 0
DPTR FM NORMAL -72
[CDD (BASE 65) ]
TOTAL THIS MO. 70
DPTR FM NORMAL 11 [PRESSURE DATA]
TOTAL FM JAN 1 2366 HIGHEST SLP M ON M
DPTR FM NORMAL 432 LOWEST SLP 29.46 ON 22
[REMARKS]
#FINAL-10-22#