000
CXUS54 KMOB 010733
CF6PNS
PRELIMINARY LOCAL CLIMATOLOGICAL DATA (WS FORM: F-6)
STATION: PENSACOLA
MONTH: JANUARY
YEAR: 2023
LATITUDE: 30 28 N
LONGITUDE: 87 12 W
TEMPERATURE IN F: :PCPN: SNOW: WIND :SUNSHINE: SKY :PK WND
================================================================================
1 2 3 4 5 6A 6B 7 8 9 10 11 12 13 14 15 16 17 18
12Z AVG MX 2MIN
DY MAX MIN AVG DEP HDD CDD WTR SNW DPTH SPD SPD DIR MIN PSBL S-S WX SPD DR
================================================================================
1 77 58 68 15 0 3 0.00 0.0 0 4.2 9 130 M M 7 128 14 140
2 78 67 73 20 0 8 0.00 0.0 0 9.8 15 120 M M 10 12 22 120
3 81 69 75 22 0 10 0.01 0.0 0 14.1 25 180 M M 8 13 34 180
4 79 60 70 17 0 5 0.84 0.0 0 9.9 28 220 M M 3 13 35 220
5 72 51 62 9 3 0 0.00 0.0 0 9.2 20 290 M M 0 29 320
6 69 44 57 4 8 0 0.00 0.0 0 3.6 9 350 M M 0 13 330
7 69 47 58 5 7 0 0.00 0.0 0 3.7 12 170 M M 0 17 140
8 71 51 61 8 4 0 0.00 0.0 0 3.9 17 150 M M 3 1 22 150
9 68 48 58 5 7 0 0.00 0.0 0 6.5 14 350 M M 2 20 350
10 66 41 54 1 11 0 0.00 0.0 0 3.8 13 180 M M 0 16 180
11 79 53 66 13 0 1 0.00 0.0 0 8.5 25 240 M M 4 33 250
12 78 54 66 13 0 1 0.07 0.0 0 15.2 29 220 M M 3 13 41 220
13 54 39 47 -6 18 0 0.00 0.0 0 16.0 26 330 M M 6 8 40 360
14 56 34 45 -8 20 0 0.00 0.0 0 10.4 18 340 M M 0 26 350
15 60 32 46 -7 19 0 0.00 0.0 0 3.6 10 170 M M 0 15 200
16 67 42 55 2 10 0 0.00 0.0 0 9.2 17 120 M M 6 24 120
17 80 63 72 19 0 7 0.00 0.0 0 10.4 24 240 M M 5 12 35 250
18 79 61 70 17 0 5 0.00 0.0 0 9.0 20 170 M M 5 12 26 190
19 78 56 67 14 0 2 0.20 0.0 0 9.0 18 310 M M 4 1 26 320
20 67 50 59 6 6 0 0.00 0.0 0 8.2 15 10 M M 2 23 10
21 61 52 57 4 8 0 0.18 0.0 0 9.3 21 120 M M 9 18 29 110
22 71 46 59 6 6 0 2.02 0.0 0 10.2 29 180 M M 8 13 38 180
23 60 44 52 -1 13 0 0.00 0.0 0 7.1 18 340 M M 3 25 340
24 68 44 56 3 9 0 T 0.0 0 13.1 24 130 M M 5 39 140
25 73 46 60 7 5 0 0.27 0.0 0 12.3 32 180 M M 6 13 47 180
26 60 39 50 -4 15 0 0.00 0.0 0 8.3 20 330 M M 0 28 350
27 59 39 49 -5 16 0 0.00 0.0 0 6.1 13 350 M M 0 17 350
28 62 39 51 -3 14 0 0.00 0.0 0 7.0 21 130 M M 0 27 120
29 73 50 62 8 3 0 0.40 0.0 0 8.1 15 220 M M 6 138 20 230
30 81 67 74 20 0 9 0.04 0.0 0 8.6 15 240 M M 7 12 23 230
31 77 64 71 17 0 6 0.00 0.0 M 4.0 12 180 M M 8 128 15 190
================================================================================
SM 2173 1550 202 57 4.03 0.0 262.3 M 120
================================================================================
AV 70.1 50.0 8.5 FASTST M M 4 MAX(MPH)
MISC ----> 32 180 47 180
================================================================================
NOTES:
# LAST OF SEVERAL OCCURRENCES
COLUMN 17 PEAK WIND IN M.P.H.
PRELIMINARY LOCAL CLIMATOLOGICAL DATA (WS FORM: F-6) , PAGE 2
STATION: PENSACOLA
MONTH: JANUARY
YEAR: 2023
LATITUDE: 30 28 N
LONGITUDE: 87 12 W
[TEMPERATURE DATA] [PRECIPITATION DATA] SYMBOLS USED IN COLUMN 16
AVERAGE MONTHLY: 60.0 TOTAL FOR MONTH: 4.03 1 = FOG OR MIST
DPTR FM NORMAL: 6.8 DPTR FM NORMAL: -1.00 2 = FOG REDUCING VISIBILITY
HIGHEST: 81 ON 30, 3 GRTST 24HR 2.02 ON 22-22 TO 1/4 MILE OR LESS
LOWEST: 32 ON 15 3 = THUNDER
SNOW, ICE PELLETS, HAIL 4 = ICE PELLETS
TOTAL MONTH: 0.0 INCH 5 = HAIL
GRTST 24HR 0.0 6 = FREEZING RAIN OR DRIZZLE
GRTST DEPTH: 0 7 = DUSTSTORM OR SANDSTORM:
VSBY 1/2 MILE OR LESS
8 = SMOKE OR HAZE
[NO. OF DAYS WITH] [WEATHER - DAYS WITH] 9 = BLOWING SNOW
X = TORNADO
MAX 32 OR BELOW: 0 0.01 INCH OR MORE: 9
MAX 90 OR ABOVE: 0 0.10 INCH OR MORE: 6
MIN 32 OR BELOW: 1 0.50 INCH OR MORE: 2
MIN 0 OR BELOW: 0 1.00 INCH OR MORE: 1
[HDD (BASE 65) ]
TOTAL THIS MO. 202 CLEAR (SCALE 0-3) 15
DPTR FM NORMAL -175 PTCLDY (SCALE 4-7) 11
TOTAL FM JUL 1 630 CLOUDY (SCALE 8-10) 5
DPTR FM NORMAL -243
[CDD (BASE 65) ]
TOTAL THIS MO. 57
DPTR FM NORMAL 46 [PRESSURE DATA]
TOTAL FM JAN 1 57 HIGHEST SLP M ON M
DPTR FM NORMAL 46 LOWEST SLP 29.72 ON 25
[REMARKS]
#FINAL-01-23#