000
CXUS54 KMOB 010800
CLMPNS
CLIMATE REPORT
NATIONAL WEATHER SERVICE MOBILE AL
200 AM CST THU FEB 01 2024
...................................
...THE PENSACOLA CLIMATE SUMMARY FOR THE MONTH OF JANUARY 2024...
CLIMATE NORMAL PERIOD: 1991 TO 2020
CLIMATE RECORD PERIOD: 1879 TO 2024
WEATHER OBSERVED NORMAL DEPART LAST YEAR`S
VALUE DATE(S) VALUE FROM VALUE DATE(S)
NORMAL
................................................................
TEMPERATURE (F)
RECORD
HIGH 81 01/30/2023
01/03/2023
01/11/1949
LOW 5 01/21/1985
HIGHEST 73 01/12 81 01/03
01/25 01/30
LOWEST 20 01/17 32 01/15
AVG. MAXIMUM 61.5 62.7 -1.2 70.1
AVG. MINIMUM 41.0 43.7 -2.7 50.0
MEAN 51.3 53.2 -1.9 60.0
DAYS MAX >= 90 0 0.0 0.0 0
DAYS MAX <= 32 0 0.0 0.0 0
DAYS MIN <= 32 5 5.1 -0.1 1
DAYS MIN <= 0 0 0.0 0.0 0
PRECIPITATION (INCHES)
RECORD
MAXIMUM 18.77 1991
MINIMUM 0.21 2003
TOTALS 6.29 5.03 1.26 4.03
DAILY AVG. 0.20 0.16 0.04 0.13
DAYS >= .01 13 9.6 3.4 9
DAYS >= .10 8 6.8 1.2 6
DAYS >= .50 4 3.3 0.7 2
DAYS >= 1.00 2 1.4 0.6 1
SNOWFALL (INCHES)
RECORDS
TOTAL 2.5 1977
SNOW DEPTH
TOTALS T
SINCE 7/1 T
SNOWDEPTH AVG. 0
DAYS >= 1.0 0
GREATEST
SNOW DEPTH 0
24 HR TOTAL T 01/16 TO 01/16
DEGREE DAYS
HEATING TOTAL 422 377 45 202
SINCE 7/1 857 873 -16 630
COOLING TOTAL 4 11 -7 57
SINCE 1/1 4 11 -7 57
................................................................
WIND (MPH)
AVERAGE WIND SPEED 10.2
HIGHEST WIND SPEED/DIRECTION 44/180 DATE 01/09
HIGHEST GUST SPEED/DIRECTION 62/180 DATE 01/09
SKY COVER
POSSIBLE SUNSHINE (PERCENT)
AVERAGE SKY COVER 0.33
NUMBER OF DAYS FAIR 17
NUMBER OF DAYS PC 11
NUMBER OF DAYS CLOUDY 3
AVERAGE RH (PERCENT) 65
WEATHER CONDITIONS. NUMBER OF DAYS WITH
THUNDERSTORM 5 MIXED PRECIP 0
HEAVY RAIN 7 RAIN 7
LIGHT RAIN 15 FREEZING RAIN 0
LT FREEZING RAIN 1 HAIL 0
HEAVY SNOW 0 SNOW 0
LIGHT SNOW 1 SLEET 0
FOG 14 FOG W/VIS <= 1/4 MILE 3
HAZE 3
- INDICATES NEGATIVE NUMBERS.
R INDICATES RECORD WAS SET OR TIED.
MM INDICATES DATA IS MISSING.
T INDICATES TRACE AMOUNT.
$$