000
CXUS55 KPAH 010700
CF6POF
PRELIMINARY LOCAL CLIMATOLOGICAL DATA (WS FORM: F-6)
STATION: POPLAR BLUFF MO
MONTH: MARCH
YEAR: 2021
LATITUDE: 36 46 N
LONGITUDE: 90 19 W
TEMPERATURE IN F: :PCPN: SNOW: WIND :SUNSHINE: SKY :PK WND
================================================================================
1 2 3 4 5 6A 6B 7 8 9 10 11 12 13 14 15 16 17 18
12Z AVG MX 2MIN
DY MAX MIN AVG DEP HDD CDD WTR SNW DPTH SPD SPD DIR MIN PSBL S-S WX SPD DR
================================================================================
1 52 33 43 -1 22 0 0.00 M M 8.0 22 360 M M 0 29 350
2 53 27 40 -4 25 0 0.00 M M 3.9 13 200 M M 0 17 180
3 65 30 48 4 17 0 0.00 M M 5.6 15 200 M M 0 19 180
4 67 35 51 6 14 0 0.00 M M 4.9 12 60 M M 0 17 60
5 48 35 42 -3 23 0 0.00 M M 9.0 15 30 M M 1 22 40
6 56 30 43 -2 22 0 0.00 M M 4.0 10 160 M M 1 14 160
7 63 30 47 1 18 0 0.00 M M 4.4 13 210 M M 0 8 17 180
8 65 33 49 3 16 0 0.00 M M 5.1 17 210 M M 0 18 23 200
9 68 38 53 7 12 0 0.00 M M 8.9 31 210 M M 1 41 210
10 69 54 62 16 3 0 0.00 M M 14.2 29 210 M M 6 41 200
11 73 53 63 16 2 0 0.09 M M 14.1 26 210 M M 8 18 36 210
12 55 48 52 5 13 0 0.59 M M 9.9 16 130 M M 10 1 24 40
13 55 48 52 5 13 0 0.91 M M 7.8 16 50 M M 10 1 23 50
14 57 50 54 6 11 0 0.03 M M 10.5 15 50 M M 9 22 50
15 69 47 58 10 7 0 0.48 M M 5.8 16 190 M M 6 1 24 210
16 68 43 56 8 9 0 0.00 M M 3.7 10 40 M M 0 14 50
17 63 51 57 8 8 0 1.33 M M 7.4 15 50 M M 4 13 M M
18 61 42 52 3 13 0 0.07 M M 13.1 23 360 M M 10 18 33 10
19 55 38 47 -2 18 0 T M M 13.9 24 360 M M 3 1 32 10
20 62 36 49 -1 16 0 0.00 M M 4.8 13 40 M M 0 1 16 50
21 66 36 51 1 14 0 0.00 M M 4.8 16 150 M M 0 1 21 160
22 68 39 54 4 11 0 0.00 M M 6.4 17 160 M M 1 23 170
23 66 53 60 10 5 0 0.40 M M 10.4 24 160 M M 7 1 33 170
24 74 47 61 10 4 0 0.00 M M 7.2 20 200 M M 0 1 27 210
25 60 50 55 4 10 0 0.58 M M 8.9 24 260 M M 7 13 34 300
26 64 48 56 5 9 0 0.00 M M 4.2 15 330 M M 5 23 330
27 77 45 61 9 4 0 T M M 6.9 24 340 M M 3 18 35 310
28 61 40 51 -1 14 0 T M M 12.1 28 340 M M 3 38 340
29 66 34 50 -2 15 0 0.00 M M 6.5 15 220 M M 0 25 180
30 69 47 58 5 7 0 0.08 M M 9.6 24 360 M M 6 1 32 210
31 60 39 50 -3 15 0 0.00 M M 14.1 32 350 M M 4 41 350
================================================================================
SM 1955 1279 390 0 4.56 M 250.1 M 105
================================================================================
AV 63.1 41.3 8.1 FASTST M M 3 MAX(MPH)
MISC ----> 32 350 # 41 210
================================================================================
NOTES:
# LAST OF SEVERAL OCCURRENCES
COLUMN 17 PEAK WIND IN M.P.H.
PRELIMINARY LOCAL CLIMATOLOGICAL DATA (WS FORM: F-6) , PAGE 2
STATION: POPLAR BLUFF MO
MONTH: MARCH
YEAR: 2021
LATITUDE: 36 46 N
LONGITUDE: 90 19 W
[TEMPERATURE DATA] [PRECIPITATION DATA] SYMBOLS USED IN COLUMN 16
AVERAGE MONTHLY: 52.2 TOTAL FOR MONTH: 4.56 1 = FOG OR MIST
DPTR FM NORMAL: 3.8 DPTR FM NORMAL: 0.21 2 = FOG REDUCING VISIBILITY
HIGHEST: 77 ON 27 GRTST 24HR 1.44 ON 12-13 TO 1/4 MILE OR LESS
LOWEST: 27 ON 2 3 = THUNDER
SNOW, ICE PELLETS, HAIL 4 = ICE PELLETS
TOTAL MONTH: M 5 = HAIL
GRTST 24HR M ON M 6 = FREEZING RAIN OR DRIZZLE
GRTST DEPTH: M ON M 7 = DUSTSTORM OR SANDSTORM:
VSBY 1/2 MILE OR LESS
8 = SMOKE OR HAZE
[NO. OF DAYS WITH] [WEATHER - DAYS WITH] 9 = BLOWING SNOW
X = TORNADO
MAX 32 OR BELOW: 0 0.01 INCH OR MORE: 10
MAX 90 OR ABOVE: 0 0.10 INCH OR MORE: 6
MIN 32 OR BELOW: 4 0.50 INCH OR MORE: 4
MIN 0 OR BELOW: 0 1.00 INCH OR MORE: 1
[HDD (BASE 65) ]
TOTAL THIS MO. 390 CLEAR (SCALE 0-3) 18
DPTR FM NORMAL -130 PTCLDY (SCALE 4-7) 8
TOTAL FM JUL 1 3704 CLOUDY (SCALE 8-10) 5
DPTR FM NORMAL -85
[CDD (BASE 65) ]
TOTAL THIS MO. 0
DPTR FM NORMAL -4 [PRESSURE DATA]
TOTAL FM JAN 1 0 HIGHEST SLP M ON M
DPTR FM NORMAL -4 LOWEST SLP 29.46 ON 18
[REMARKS]
#FINAL-03-21#