000
CXUS51 KALY 031509
CLSPOU
CLIMATE REPORT
NATIONAL WEATHER SERVICE ALBANY NY
1009 AM EST WED MAR 03 2021
...................................
...THE POUGHKEEPSIE NY CLIMATE SUMMARY FOR THE SEASON, FROM
12/1/2020 TO 2/28/2021...
CLIMATE NORMAL PERIOD: 1981 TO 2010
CLIMATE RECORD PERIOD: 1931 TO 2021
WEATHER OBSERVED NORMAL DEPART LAST YEAR`S
VALUE DATE(S) VALUE FROM VALUE DATE(S)
NORMAL
................................................................
TEMPERATURE (F)
RECORD
HIGH 76 02/21/2018
LOW -30 01/21/1961
HIGHEST 65 12/25 68 01/11
LOWEST -3 12/19 5 01/21
AVG. MAXIMUM 38.2 38.3 -0.1 41.6
AVG. MINIMUM 21.4 18.5 2.9 24.5
MEAN 29.8 28.4 1.4 33.1
DAYS MAX >= 90 0 0.0 0.0 0
DAYS MAX <= 32 23 23.0 0.0 11
DAYS MIN <= 32 83 81.7 1.3 76
DAYS MIN <= 0 2 5.0 -3.0 0
PRECIPITATION (INCHES)
RECORD
MAXIMUM 13.97 1974
MINIMUM 2.82 1944
TOTALS 6.18 9.27 -3.09 7.86
DAILY AVG. 0.07 0.09
DAYS >= .01 33 30.5 2.5 27
DAYS >= .10 17 19.8 -2.8 20
DAYS >= .50 2 6.3 -4.3 6
DAYS >= 1.00 1 1.5 -0.5 0
GREATEST
24 HR. TOTAL 1.75 12/24 TO 12/25
DEGREE DAYS
HEATING TOTAL 3135 3293 -158 2858
SINCE 7/1 4151 4570 -419 4113
COOLING TOTAL 0 0 0 0
SINCE 1/1 0 0 0 0
................................................................
WIND (MPH)
AVERAGE WIND SPEED 5.3
HIGHEST WIND SPEED/DIRECTION 29/160 DATE 12/25
HIGHEST GUST SPEED/DIRECTION 45/150 DATE 12/25
WEATHER CONDITIONS. NUMBER OF DAYS WITH
THUNDERSTORM 0 MIXED PRECIP 0
HEAVY RAIN 3 RAIN 4
LIGHT RAIN 13 FREEZING RAIN 1
LT FREEZING RAIN 3 HAIL 0
HEAVY SNOW 4 SNOW 8
LIGHT SNOW 25 SLEET 0
FOG 47 FOG W/VIS <= 1/4 MILE 11
HAZE 27
- INDICATES NEGATIVE NUMBERS.
R INDICATES RECORD WAS SET OR TIED.
MM INDICATES DATA IS MISSING.
T INDICATES TRACE AMOUNT.
$$