000
CXUS56 KLOX 011655
CF6PRB
PRELIMINARY LOCAL CLIMATOLOGICAL DATA (WS FORM: F-6)
STATION: PASO ROBLES AIRPORT CA
MONTH: SEPTEMBER
YEAR: 2020
LATITUDE: 35 40 N
LONGITUDE: 120 38 W
TEMPERATURE IN F: :PCPN: SNOW: WIND :SUNSHINE: SKY :PK WND
================================================================================
1 2 3 4 5 6A 6B 7 8 9 10 11 12 13 14 15 16 17 18
12Z AVG MX 2MIN
DY MAX MIN AVG DEP HDD CDD WTR SNW DPTH SPD SPD DIR MIN PSBL S-S WX SPD DR
================================================================================
1 78 51 65 -7 0 0 0.00 0.0 0 7.2 22 200 M M 0 27 200
2 96 54 75 3 0 10 0.00 0.0 0 6.8 20 210 M M 2 1 22 210
3 104 57 81 9 0 16 0.00 0.0 0 7.3 22 300 M M 2 8 26 300
4 105 55 80 8 0 15 0.00 0.0 0 4.8 15 300 M M 0 19 300
5 112 59 86 14 0 21 0.00 0.0 0 4.1 14 210 M M 0 16 200
6 117 66 92 21 0 27 0.00 0.0 0 4.7 16 110 M M 0 20 100
7 112 66 89 18 0 24 0.00 0.0 0 4.6 22 340 M M 1 26 340
8 97 59 78 7 0 13 0.00 0.0 0 6.2 23 310 M M 1 28 330
9 83 56 70 -1 0 5 0.00 0.0 0 4.3 13 220 M M 0 15 230
10 73 52 63 -8 2 0 0.00 0.0 0 0.6 6 280 M M 0 8 7 280
11 82 48 65 -5 0 0 0.00 0.0 0 1.0 6 120 M M 0 8 7 120
12 97 46 72 2 0 7 0.00 0.0 0 3.3 20 210 M M 0 8 23 220
13 94 46 70 0 0 5 0.00 0.0 0 4.2 17 210 M M 0 8 22 220
14 97 52 75 5 0 10 0.00 0.0 0 4.7 17 240 M M 3 128 21 230
15 94 50 72 2 0 7 0.00 0.0 0 4.0 17 240 M M 0 8 20 240
16 99 46 73 3 0 8 0.00 0.0 0 4.0 15 210 M M 0 20 240
17 92 50 71 2 0 6 0.00 0.0 0 5.8 20 300 M M 0 25 300
18 94 62 78 9 0 13 0.00 0.0 0 8.8 20 200 M M 0 23 200
19 91 50 71 2 0 6 0.00 0.0 0 5.5 16 300 M M 1 19 300
20 95 48 72 3 0 7 0.00 0.0 0 3.3 14 200 M M 0 17 210
21 93 51 72 4 0 7 0.00 0.0 0 4.6 17 200 M M 0 21 200
22 96 49 73 5 0 8 0.00 0.0 0 5.3 20 290 M M 0 24 290
23 97 50 74 6 0 9 0.00 0.0 0 6.4 17 310 M M 0 22 310
24 93 52 73 5 0 8 0.00 0.0 0 7.6 20 320 M M 0 24 320
25 90 59 75 7 0 10 0.00 0.0 0 11.5 17 300 M M 0 21 310
26 94 49 72 5 0 7 0.00 0.0 0 4.5 18 330 M M 0 22 330
27 96 53 75 8 0 10 0.00 0.0 0 3.6 14 130 M M 0 17 120
28 105 57 81 14 0 16 0.00 0.0 0 4.7 17 90 M M 0 22 60
29 104 55 80 14 0 15 0.00 0.0 0 3.6 15 210 M M 0 18 200
30 106 54 80 14 0 15 0.00 0.0 0 3.0 15 50 M M 0 18 40
================================================================================
SM 2886 1602 2 305 0.00 0.0 150.0 M 10
================================================================================
AV 96.2 53.4 5.0 FASTST M M 0 MAX(MPH)
MISC ----> # 23 310 # 28 330
================================================================================
NOTES:
# LAST OF SEVERAL OCCURRENCES
COLUMN 17 PEAK WIND IN M.P.H.
PRELIMINARY LOCAL CLIMATOLOGICAL DATA (WS FORM: F-6) , PAGE 2
STATION: PASO ROBLES AIRPORT CA
MONTH: SEPTEMBER
YEAR: 2020
LATITUDE: 35 40 N
LONGITUDE: 120 38 W
[TEMPERATURE DATA] [PRECIPITATION DATA] SYMBOLS USED IN COLUMN 16
AVERAGE MONTHLY: 74.8 TOTAL FOR MONTH: 0.00 1 = FOG OR MIST
DPTR FM NORMAL: 5.4 DPTR FM NORMAL: -0.22 2 = FOG REDUCING VISIBILITY
HIGHEST: 117 ON 6 GRTST 24HR 0.00 ON 30-30 TO 1/4 MILE OR LESS
LOWEST: 46 ON 16,13 3 = THUNDER
SNOW, ICE PELLETS, HAIL 4 = ICE PELLETS
TOTAL MONTH: 0.0 INCH 5 = HAIL
GRTST 24HR 0.0 6 = FREEZING RAIN OR DRIZZLE
GRTST DEPTH: 0 7 = DUSTSTORM OR SANDSTORM:
VSBY 1/2 MILE OR LESS
8 = SMOKE OR HAZE
[NO. OF DAYS WITH] [WEATHER - DAYS WITH] 9 = BLOWING SNOW
X = TORNADO
MAX 32 OR BELOW: 0 0.01 INCH OR MORE: 0
MAX 90 OR ABOVE: 26 0.10 INCH OR MORE: 0
MIN 32 OR BELOW: 0 0.50 INCH OR MORE: 0
MIN 0 OR BELOW: 0 1.00 INCH OR MORE: 0
[HDD (BASE 65) ]
TOTAL THIS MO. 2 CLEAR (SCALE 0-3) 30
DPTR FM NORMAL -22 PTCLDY (SCALE 4-7) 0
TOTAL FM JUL 1 7 CLOUDY (SCALE 8-10) 0
DPTR FM NORMAL -25
[CDD (BASE 65) ]
TOTAL THIS MO. 305
DPTR FM NORMAL 147 [PRESSURE DATA]
TOTAL FM JAN 1 1208 HIGHEST SLP 30.08 ON 15
DPTR FM NORMAL 317 LOWEST SLP 29.67 ON 8
[REMARKS]
#FINAL-09-20#