000
CXUS56 KFGZ 010900
CF6PRC
PRELIMINARY LOCAL CLIMATOLOGICAL DATA (WS FORM: F-6)
STATION: PRESCOTT AZ AIRPORT
MONTH: MARCH
YEAR: 2020
LATITUDE: 34 39 N
LONGITUDE: 112 26 W
TEMPERATURE IN F: :PCPN: SNOW: WIND :SUNSHINE: SKY :PK WND
================================================================================
1 2 3 4 5 6A 6B 7 8 9 10 11 12 13 14 15 16 17 18
12Z AVG MX 2MIN
DY MAX MIN AVG DEP HDD CDD WTR SNW DPTH SPD SPD DIR MIN PSBL S-S WX SPD DR
================================================================================
1 57 33 45 1 20 0 0.00 M M 11.8 31 200 M M 0 40 200
2 51 30 41 -3 24 0 0.05 M M 6.2 25 120 M M 3 13 34 120
3 64 31 48 4 17 0 0.00 M M 6.4 20 350 M M 0 25 360
4 66 32 49 5 16 0 0.00 M M 6.5 16 10 M M 0 21 250
5 68 33 51 6 14 0 0.00 M M 5.7 15 140 M M 0 20 150
6 67 37 52 7 13 0 0.00 M M 7.1 21 150 M M 1 30 200
7 64 39 52 7 13 0 0.00 M M 10.5 28 200 M M 1 38 160
8 58 35 47 2 18 0 0.00 M M 8.9 23 220 M M 2 30 230
9 61 33 47 2 18 0 0.00 M M 7.3 16 230 M M 1 23 130
10 51 42 47 1 18 0 0.95 M M 6.4 20 130 M M 10 1 25 130
11 59 47 53 7 12 0 0.14 M M 5.6 14 140 M M 8 1 20 130
12 56 42 49 3 16 0 0.57 M M 8.2 22 140 M M 9 1 28 140
13 51 33 42 -4 23 0 0.69 M M 9.2 23 240 M M 8 1 28 270
14 M M M M M M 0.01 M M 8.6 15 130 M M 6 21 120
15 60 34 47 1 18 0 0.00 M M 6.9 18 230 M M 1 23 230
16 60 34 47 1 18 0 0.00 M M 6.9 22 130 M M 1 27 120
17 58 40 49 2 16 0 T M M 9.8 24 200 M M 2 33 210
18 48 32 40 -7 25 0 0.75 M M 10.6 28 220 M M 8 1 36 220
19 43 32 38 -9 27 0 0.05 M M 7.3 18 210 M M 7 1 24 190
20 52 30 41 -6 24 0 0.00 M M 4.9 13 240 M M 6 16 140
21 56 33 45 -2 20 0 0.00 M M 5.7 15 230 M M 1 20 210
22 57 34 46 -1 19 0 0.00 M M 5.6 14 220 M M 0 21 210
23 55 36 46 -2 19 0 0.06 M M 10.1 30 230 M M 4 18 39 240
24 59 31 45 -3 20 0 0.00 M M 7.8 17 180 M M 0 23 190
25 61 44 53 5 12 0 0.00 M M 11.9 23 200 M M 1 31 200
26 53 36 45 -3 20 0 0.00 M M 14.4 24 190 M M 1 34 230
27 46 29 38 -10 27 0 T M M 10.5 28 230 M M 3 34 230
28 54 22 38 -10 27 0 0.00 M M 4.4 14 250 M M 0 17 260
29 58 33 46 -3 19 0 0.00 M M 7.4 22 230 M M 0 27 240
30 62 31 47 -2 18 0 0.00 M M 5.4 13 340 M M 0 17 350
31 66 33 50 1 15 0 0.00 M M 5.2 13 240 M M 0 15 270
================================================================================
SM 1721 1031 566 0 3.27 M 243.2 M 84
================================================================================
AV 57.4 34.4 7.8 FASTST M M 3 MAX(MPH)
MISC ----> # 31 200 # 40 200
================================================================================
NOTES:
# LAST OF SEVERAL OCCURRENCES
COLUMN 17 PEAK WIND IN M.P.H.
PRELIMINARY LOCAL CLIMATOLOGICAL DATA (WS FORM: F-6) , PAGE 2
STATION: PRESCOTT AZ AIRPORT
MONTH: MARCH
YEAR: 2020
LATITUDE: 34 39 N
LONGITUDE: 112 26 W
[TEMPERATURE DATA] [PRECIPITATION DATA] SYMBOLS USED IN COLUMN 16
AVERAGE MONTHLY: 45.9 TOTAL FOR MONTH: 3.27 1 = FOG OR MIST
DPTR FM NORMAL: -0.5 DPTR FM NORMAL: 2.20 2 = FOG REDUCING VISIBILITY
HIGHEST: 68 ON 5 GRTST 24HR 0.95 ON 10-10 TO 1/4 MILE OR LESS
LOWEST: 22 ON 28 3 = THUNDER
SNOW, ICE PELLETS, HAIL 4 = ICE PELLETS
TOTAL MONTH: M 5 = HAIL
GRTST 24HR M ON M 6 = FREEZING RAIN OR DRIZZLE
GRTST DEPTH: M ON M 7 = DUSTSTORM OR SANDSTORM:
VSBY 1/2 MILE OR LESS
8 = SMOKE OR HAZE
[NO. OF DAYS WITH] [WEATHER - DAYS WITH] 9 = BLOWING SNOW
X = TORNADO
MAX 32 OR BELOW: 0 0.01 INCH OR MORE: 9
MAX 90 OR ABOVE: 0 0.10 INCH OR MORE: 5
MIN 32 OR BELOW: 10 0.50 INCH OR MORE: 4
MIN 0 OR BELOW: 0 1.00 INCH OR MORE: 0
[HDD (BASE 65) ]
TOTAL THIS MO. 566 CLEAR (SCALE 0-3) 21
DPTR FM NORMAL -9 PTCLDY (SCALE 4-7) 7
TOTAL FM JUL 1 3588 CLOUDY (SCALE 8-10) 3
DPTR FM NORMAL -159
[CDD (BASE 65) ]
TOTAL THIS MO. 0
DPTR FM NORMAL 0 [PRESSURE DATA]
TOTAL FM JAN 1 0 HIGHEST SLP M ON M
DPTR FM NORMAL 0 LOWEST SLP 29.62 ON 13
[REMARKS]
#FINAL-03-20#