280
CXUS51 KALY 021346
CLSPSF
ALBCLSPSF 000
TTAA00 ALY 010947
CLIMATE REPORT
NATIONAL WEATHER SERVICE ALBANY NY
547 AM EDT MON JUN 01 2020
...................................
...THE PITTSFIELD MA CLIMATE SUMMARY FOR THE SEASON, FROM
3/1/2020 TO 5/31/2020...
CLIMATE NORMAL PERIOD: 1981 TO 2010
CLIMATE RECORD PERIOD: 9999 TO 9999
WEATHER OBSERVED NORMAL DEPART LAST YEAR`S
VALUE DATE(S) VALUE FROM VALUE DATE(S)
NORMAL
................................................................
TEMPERATURE (F)
HIGHEST 86 05/26 83 05/26
LOWEST 13R 03/01 1 03/08
AVG. MAXIMUM 55.3 54.3 1.0 54.5
AVG. MINIMUM 35.4 32.9 2.5 34.9
MEAN 45.3 43.6 1.7 44.7
DAYS MAX >= 90 0 0.1 -0.1 0
DAYS MAX <= 32 2 6.2 -4.2 5
DAYS MIN <= 32 38 42.3 -4.3 37
DAYS MIN <= 0 0 0.6 -0.6 0
PRECIPITATION (INCHES)
TOTALS 8.91 11.44 -2.53 10.25
DAILY AVG. 0.10 0.11
DAYS >= .01 29 MM MM 47
DAYS >= .10 14 MM MM 31
DAYS >= .50 3 MM MM 4
DAYS >= 1.00 1 MM MM 0
GREATEST
24 HR. TOTAL 1.16 04/13 TO 04/13
DEGREE DAYS
HEATING TOTAL 1817 1981 -164 1854
SINCE 7/1 6619 7360 -741 6905
COOLING TOTAL 31 13 18 6
SINCE 1/1 31 13 18 6
................................................................
WIND (MPH)
AVERAGE WIND SPEED 8.3
HIGHEST WIND SPEED/DIRECTION 40/270 DATE 05/15
HIGHEST GUST SPEED/DIRECTION 54/280 DATE 05/15
WEATHER CONDITIONS. NUMBER OF DAYS WITH
THUNDERSTORM 3 MIXED PRECIP 0
HEAVY RAIN 4 RAIN 12
LIGHT RAIN 37 FREEZING RAIN 1
LT FREEZING RAIN 1 HAIL 0
HEAVY SNOW 0 SNOW 4
LIGHT SNOW 21 SLEET 0
FOG 38 FOG W/VIS <= 1/4 MILE 2
HAZE 8
- INDICATES NEGATIVE NUMBERS.
R INDICATES RECORD WAS SET OR TIED.
MM INDICATES DATA IS MISSING.
T INDICATES TRACE AMOUNT.
$$