000
CXUS56 KOTX 011010
CF6PUW
PRELIMINARY LOCAL CLIMATOLOGICAL DATA (WS FORM: F-6)
STATION: PULLMAN_MOSCOW AIRPORT
MONTH: FEBRUARY
YEAR: 2024
LATITUDE: 46 44 N
LONGITUDE: 117 7 W
TEMPERATURE IN F: :PCPN: SNOW: WIND :SUNSHINE: SKY :PK WND
================================================================================
1 2 3 4 5 6A 6B 7 8 9 10 11 12 13 14 15 16 17 18
12Z AVG MX 2MIN
DY MAX MIN AVG DEP HDD CDD WTR SNW DPTH SPD SPD DIR MIN PSBL S-S WX SPD DR
================================================================================
1 52 43 48 14 17 0 0.07 M M 6.0 14 90 M M 10 1 18 100
2 44 34 39 5 26 0 0.01 M M 3.2 12 280 M M 8 12 14 290
3 39 35 37 3 28 0 0.06 M M 7.4 16 270 M M 10 1 20 260
4 46 33 40 6 25 0 0.04 M M 9.6 18 100 M M 7 1 24 160
5 48 36 42 8 23 0 0.07 M M 11.4 21 90 M M 9 25 90
6 49 36 43 9 22 0 0.00 M M 8.1 15 270 M M 7 12 18 280
7 38 35 37 3 28 0 0.00 M M 8.3 14 280 M M 10 12 17 270
8 36 32 34 0 31 0 0.05 M M 2.8 12 280 M M 10 1 15 270
9 37 27 32 -3 33 0 0.01 M M 5.6 15 340 M M 9 1 19 270
10 39 25 32 -3 33 0 0.00 M M 6.8 15 90 M M 5 18 90
11 37 32 35 0 30 0 0.05 M M 11.8 18 100 M M 10 18 23 100
12 41 35 38 3 27 0 0.09 M M 7.6 17 250 M M 10 1 24 230
13 42 29 36 1 29 0 0.00 M M 2.4 13 350 M M 7 12 15 350
14 40 22 31 -4 34 0 T M M 6.1 16 100 M M 5 1 23 90
15 33 27 30 -5 35 0 0.10 M M 8.4 17 100 M M 10 12 24 100
16 33 23 28 -7 37 0 T M M 3.9 10 140 M M 7 1 13 140
17 39 23 31 -5 34 0 0.00 M M 13.8 23 100 M M 2 29 100
18 37 33 35 -1 30 0 0.05 M M 8.9 15 100 M M 9 1 20 100
19 43 34 39 3 26 0 0.01 M M 12.1 21 110 M M 8 26 100
20 46 36 41 5 24 0 0.09 M M 8.2 13 90 M M 8 1 19 100
21 49 35 42 6 23 0 0.05 M M 6.1 15 280 M M 7 1 20 290
22 50 32 41 5 24 0 0.00 M M 2.9 14 270 M M 4 1 20 260
23 52 31 42 5 23 0 0.00 M M 4.6 10 260 M M 0 20 190
24 48 29 39 2 26 0 0.00 M M 7.9 21 250 M M 7 32 260
25 49 40 45 8 20 0 0.23 M M 16.9 30 240 M M 10 1 52 240
26 41 27 34 -3 31 0 0.24 M M 12.4 28 250 M M 5 18 39 260
27 34 25 30 -7 35 0 0.06 M M 11.0 20 240 M M 8 1 32 240
28 41 30 36 -2 29 0 0.11 M M 15.4 23 160 M M 10 1 30 140
29 48 31 40 2 25 0 0.14 M M 11.7 22 150 M M 8 1 29 250
================================================================================
SM 1231 910 808 0 1.53 M 241.3 M 220
================================================================================
AV 42.4 31.4 8.3 FASTST M M 8 MAX(MPH)
MISC ----> 30 240 52 240
================================================================================
NOTES:
# LAST OF SEVERAL OCCURRENCES
COLUMN 17 PEAK WIND IN M.P.H.
PRELIMINARY LOCAL CLIMATOLOGICAL DATA (WS FORM: F-6) , PAGE 2
STATION: PULLMAN_MOSCOW AIRPORT
MONTH: FEBRUARY
YEAR: 2024
LATITUDE: 46 44 N
LONGITUDE: 117 7 W
[TEMPERATURE DATA] [PRECIPITATION DATA] SYMBOLS USED IN COLUMN 16
AVERAGE MONTHLY: 36.9 TOTAL FOR MONTH: 1.53 1 = FOG OR MIST
DPTR FM NORMAL: 1.5 DPTR FM NORMAL: -0.06 2 = FOG REDUCING VISIBILITY
HIGHEST: 52 ON 23, 1 GRTST 24HR 0.46 ON 25-26 TO 1/4 MILE OR LESS
LOWEST: 22 ON 14 3 = THUNDER
SNOW, ICE PELLETS, HAIL 4 = ICE PELLETS
TOTAL MONTH: M 5 = HAIL
GRTST 24HR M ON M 6 = FREEZING RAIN OR DRIZZLE
GRTST DEPTH: M ON M 7 = DUSTSTORM OR SANDSTORM:
VSBY 1/2 MILE OR LESS
8 = SMOKE OR HAZE
[NO. OF DAYS WITH] [WEATHER - DAYS WITH] 9 = BLOWING SNOW
X = TORNADO
MAX 32 OR BELOW: 0 0.01 INCH OR MORE: 19
MAX 90 OR ABOVE: 0 0.10 INCH OR MORE: 5
MIN 32 OR BELOW: 16 0.50 INCH OR MORE: 0
MIN 0 OR BELOW: 0 1.00 INCH OR MORE: 0
[HDD (BASE 65) ]
TOTAL THIS MO. 808 CLEAR (SCALE 0-3) 2
DPTR FM NORMAL -21 PTCLDY (SCALE 4-7) 14
TOTAL FM JUL 1 4178 CLOUDY (SCALE 8-10) 13
DPTR FM NORMAL -331
[CDD (BASE 65) ]
TOTAL THIS MO. 0
DPTR FM NORMAL 0 [PRESSURE DATA]
TOTAL FM JAN 1 0 HIGHEST SLP M ON M
DPTR FM NORMAL 0 LOWEST SLP 29.42 ON 29
[REMARKS]
#FINAL-02-24#