247
CXUS54 KFWD 010731
CF6PWG
PRELIMINARY LOCAL CLIMATOLOGICAL DATA (WS FORM: F-6)
STATION: WACO MCGREGOR
MONTH: JULY
YEAR: 2020
LATITUDE: 31 28 N
LONGITUDE: 97 19 W
TEMPERATURE IN F: :PCPN: SNOW: WIND :SUNSHINE: SKY :PK WND
================================================================================
1 2 3 4 5 6A 6B 7 8 9 10 11 12 13 14 15 16 17 18
12Z AVG MX 2MIN
DY MAX MIN AVG DEP HDD CDD WTR SNW DPTH SPD SPD DIR MIN PSBL S-S WX SPD DR
================================================================================
1 96 79 88 6 0 23 0.00 0.0 0 13.7 21 180 M M 3 28 190
2 101 78 90 8 0 25 0.00 0.0 0 8.2 13 180 M M 2 21 99
3 102 72 87 5 0 22 0.00 0.0 0 7.9 18 120 M M 0 25 120
4 102 69 86 4 0 21 0.00 0.0 0 6.6 15 100 M M 0 M M
5 98 78 88 6 0 23 0.00 0.0 0 7.0 12 160 M M 0 16 160
6 98 74 86 4 0 21 0.03 0.0 0 6.1 10 340 M M 0 3 17 200
7 M M M M M M 0.20 0.0 0 3.8 12 30 M M 0 13 M M
8 97 74 86 3 0 21 0.04 0.0 0 M M M M M M M M
9 M M M M M M 0.00 0.0 0 M M M M M M M M
10 M M M M M M M M M M M M M M M M M
11 M M M M M M M M M M M M M M M M M
12 104 81 93 10 0 28 0.00 0.0 M 6.6 12 220 M M 0 M M
13 105 78 92 9 0 27 0.00 0.0 0 12.0 16 170 M M 0 8 21 170
14 104 75 90 7 0 25 0.00 0.0 0 13.9 18 170 M M 0 27 170
15 101 78 90 7 0 25 0.00 0.0 0 12.1 16 170 M M 0 24 180
16 102 75 89 6 0 24 0.00 0.0 0 9.5 14 100 M M 0 20 180
17 99 76 88 4 0 23 0.00 0.0 0 8.5 16 140 M M 1 18 130
18 97 74 86 2 0 21 0.00 0.0 0 9.1 14 140 M M 3 17 160
19 99 73 86 2 0 21 0.00 0.0 0 7.2 15 100 M M 2 18 170
20 98 74 86 2 0 21 0.00 0.0 0 8.4 20 100 M M 1 25 100
21 94 76 85 1 0 20 0.00 0.0 0 7.2 12 130 M M 6 16 100
22 97 77 87 3 0 22 0.00 0.0 0 7.6 16 110 M M 5 8 M M
23 98 75 87 3 0 22 0.00 0.0 0 8.4 14 90 M M 2 M M
24 98 75 87 3 0 22 0.00 0.0 0 9.2 16 100 M M 2 31 130
25 94 75 85 1 0 20 0.00 0.0 0 10.2 20 90 M M 5 23 90
26 91 73 82 -2 0 17 0.12 0.0 0 7.0 15 160 M M 6 1 22 160
27 94 73 84 0 0 19 0.01 0.0 0 5.3 12 80 M M 5 1 M M
28 93 74 84 0 0 19 0.01 0.0 0 6.3 10 180 M M 3 3 M M
29 100 76 88 4 0 23 0.00 0.0 0 12.0 22 180 M M 1 36 160
30 100 76 88 4 0 23 0.00 0.0 0 12.5 16 180 M M 1 25 180
31 96 77 87 3 0 22 0.00 0.0 0 8.5 16 190 M M 4 21 190
================================================================================
SM 2658 2035 0 600 0.41 0.0 234.8 M 52
================================================================================
AV 98.4 75.4 8.7 FASTST M M 2 MAX(MPH)
MISC ----> # 22 180 # 36 160
================================================================================
NOTES:
# LAST OF SEVERAL OCCURRENCES
COLUMN 17 PEAK WIND IN M.P.H.
PRELIMINARY LOCAL CLIMATOLOGICAL DATA (WS FORM: F-6) , PAGE 2
STATION: WACO MCGREGOR
MONTH: JULY
YEAR: 2020
LATITUDE: 31 28 N
LONGITUDE: 97 19 W
[TEMPERATURE DATA] [PRECIPITATION DATA] SYMBOLS USED IN COLUMN 16
AVERAGE MONTHLY: 86.9 TOTAL FOR MONTH: 0.41 1 = FOG OR MIST
DPTR FM NORMAL: 3.6 DPTR FM NORMAL: -1.58 2 = FOG REDUCING VISIBILITY
HIGHEST: 105 ON 13 GRTST 24HR 0.20 ON 7- 7 TO 1/4 MILE OR LESS
LOWEST: 69 ON 4 3 = THUNDER
SNOW, ICE PELLETS, HAIL 4 = ICE PELLETS
TOTAL MONTH: 0.0 INCH 5 = HAIL
GRTST 24HR 0.0 6 = FREEZING RAIN OR DRIZZLE
GRTST DEPTH: 0 7 = DUSTSTORM OR SANDSTORM:
VSBY 1/2 MILE OR LESS
8 = SMOKE OR HAZE
[NO. OF DAYS WITH] [WEATHER - DAYS WITH] 9 = BLOWING SNOW
X = TORNADO
MAX 32 OR BELOW: 0 0.01 INCH OR MORE: 6
MAX 90 OR ABOVE: 27 0.10 INCH OR MORE: 2
MIN 32 OR BELOW: 0 0.50 INCH OR MORE: 0
MIN 0 OR BELOW: 0 1.00 INCH OR MORE: 0
[HDD (BASE 65) ]
TOTAL THIS MO. 0 CLEAR (SCALE 0-3) 20
DPTR FM NORMAL 0 PTCLDY (SCALE 4-7) 7
TOTAL FM JUL 1 0 CLOUDY (SCALE 8-10) 0
DPTR FM NORMAL 0
[CDD (BASE 65) ]
TOTAL THIS MO. 600
DPTR FM NORMAL 33 [PRESSURE DATA]
TOTAL FM JAN 1 1530 HIGHEST SLP 30.07 ON 26
DPTR FM NORMAL 171 LOWEST SLP 29.75 ON 5
[REMARKS]
#FINAL-07-20#