000
CXUS51 KGYX 011827
CF6PWM
PRELIMINARY LOCAL CLIMATOLOGICAL DATA (WS FORM: F-6)
STATION: PORTLAND ME
MONTH: NOVEMBER
YEAR: 2021
LATITUDE: 43 39 N
LONGITUDE: 70 19 W
TEMPERATURE IN F: :PCPN: SNOW: WIND :SUNSHINE: SKY :PK WND
================================================================================
1 2 3 4 5 6A 6B 7 8 9 10 11 12 13 14 15 16 17 18
12Z AVG MX 2MIN
DY MAX MIN AVG DEP HDD CDD WTR SNW DPTH SPD SPD DIR MIN PSBL S-S WX SPD DR
================================================================================
1 60 44 52 7 13 0 0.00 0.0 0 10.0 23 290 M M 1 29 280
2 54 40 47 2 18 0 0.00 0.0 0 4.9 16 260 M M 6 22 230
3 52 32 42 -2 23 0 0.00 0.0 0 5.6 15 330 M M 4 20 320
4 47 26 37 -7 28 0 0.00 0.0 0 2.9 14 150 M M 3 16 150
5 48 26 37 -7 28 0 0.00 0.0 0 5.7 18 310 M M 3 25 320
6 52 25 39 -4 26 0 0.00 0.0 0 4.4 13 160 M M 1 17 180
7 52 24 38 -5 27 0 0.00 0.0 0 2.9 9 160 M M 0 1 12 150
8 61 29 45 2 20 0 0.00 0.0 0 3.1 13 300 M M 1 17 300
9 66 31 49 7 16 0 0.00 0.0 0 1.9 8 310 M M 1 10 300
10 57 34 46 4 19 0 0.05 0.0 0 6.6 16 310 M M 5 1 22 310
11 51 30 41 -1 24 0 0.00 0.0 0 4.2 12 140 M M 4 14 120
12 58 47 53 12 12 0 1.42 0.0 0 12.5 31 140 M M 9 12 44 130
13 55 34 45 4 20 0 0.35 0.0 0 5.8 22 310 M M 4 1 30 320
14 50 35 43 2 22 0 0.00 0.0 0 7.3 20 290 M M 5 26 280
15 48 35 42 2 23 0 0.14 0.0 0 7.8 18 270 M M 6 1 25 270
16 45 27 36 -4 29 0 0.00 0.0 0 10.6 24 280 M M 2 31 300
17 48 22 35 -5 30 0 T 0.0 0 3.7 15 180 M M 5 20 180
18 61 44 53 14 12 0 0.04 0.0 0 7.4 21 320 M M 7 1 26 320
19 48 33 41 2 24 0 0.25 0.0 0 10.3 26 290 M M 5 1 33 300
20 44 26 35 -3 30 0 0.00 0.0 0 4.9 13 140 M M 2 16 140
21 47 36 42 4 23 0 0.32 0.0 0 4.0 12 210 M M 7 13 17 200
22 54 33 44 6 21 0 0.52 0.0 0 8.2 20 200 M M 8 1 30 200
23 37 27 32 -6 33 0 0.00 0.0 0 12.5 24 310 M M 2 33 320
24 41 24 33 -4 32 0 0.00 0.0 0 13.0 24 310 M M 0 32 310
25 53 23 38 1 27 0 0.00 0.0 0 2.2 9 280 M M 4 11 280
26 43 35 39 3 26 0 0.23 0.0 0 5.4 15 280 M M 10 1 19 280
27 37 26 32 -4 33 0 0.13 0.1 T 11.1 22 290 M M 5 1 28 290
28 37 20 29 -7 36 0 T T 0 3.5 9 310 M M 5 12 190
29 38 22 30 -6 35 0 T T T 9.2 17 340 M M 5 23 340
30 38 18 28 -7 37 0 0.00 0.0 0 5.5 18 280 M M 4 26 290
================================================================================
SM 1482 908 747 0 3.45 0.1 197.1 M 124
================================================================================
AV 49.4 30.3 6.6 FASTST M M 4 MAX(MPH)
MISC ----> 31 140 44 130
================================================================================
NOTES:
# LAST OF SEVERAL OCCURRENCES
COLUMN 17 PEAK WIND IN M.P.H.
PRELIMINARY LOCAL CLIMATOLOGICAL DATA (WS FORM: F-6) , PAGE 2
STATION: PORTLAND ME
MONTH: NOVEMBER
YEAR: 2021
LATITUDE: 43 39 N
LONGITUDE: 70 19 W
[TEMPERATURE DATA] [PRECIPITATION DATA] SYMBOLS USED IN COLUMN 16
AVERAGE MONTHLY: 39.8 TOTAL FOR MONTH: 3.45 1 = FOG OR MIST
DPTR FM NORMAL: -0.2 DPTR FM NORMAL: -0.80 2 = FOG REDUCING VISIBILITY
HIGHEST: 66 ON 9 GRTST 24HR 1.42 ON 12-12 TO 1/4 MILE OR LESS
LOWEST: 18 ON 30 3 = THUNDER
SNOW, ICE PELLETS, HAIL 4 = ICE PELLETS
TOTAL MONTH: 0.1 INCH 5 = HAIL
GRTST 24HR 0.1 ON 27-27 6 = FREEZING RAIN OR DRIZZLE
GRTST DEPTH: T 7 = DUSTSTORM OR SANDSTORM:
VSBY 1/2 MILE OR LESS
8 = SMOKE OR HAZE
[NO. OF DAYS WITH] [WEATHER - DAYS WITH] 9 = BLOWING SNOW
X = TORNADO
MAX 32 OR BELOW: 0 0.01 INCH OR MORE: 10
MAX 90 OR ABOVE: 0 0.10 INCH OR MORE: 8
MIN 32 OR BELOW: 18 0.50 INCH OR MORE: 2
MIN 0 OR BELOW: 0 1.00 INCH OR MORE: 1
[HDD (BASE 65) ]
TOTAL THIS MO. 747 CLEAR (SCALE 0-3) 11
DPTR FM NORMAL -1 PTCLDY (SCALE 4-7) 17
TOTAL FM JUL 1 1193 CLOUDY (SCALE 8-10) 2
DPTR FM NORMAL -184
[CDD (BASE 65) ]
TOTAL THIS MO. 0
DPTR FM NORMAL 0 [PRESSURE DATA]
TOTAL FM JAN 1 521 HIGHEST SLP 30.52 ON 20
DPTR FM NORMAL 75 LOWEST SLP 29.29 ON 27
[REMARKS]
#FINAL-11-21#