780
CXUS51 KGYX 020517
CF6PWM
PRELIMINARY LOCAL CLIMATOLOGICAL DATA (WS FORM: F-6)
STATION: PORTLAND ME
MONTH: NOVEMBER
YEAR: 2020
LATITUDE: 43 39 N
LONGITUDE: 70 19 W
TEMPERATURE IN F: :PCPN: SNOW: WIND :SUNSHINE: SKY :PK WND
================================================================================
1 2 3 4 5 6A 6B 7 8 9 10 11 12 13 14 15 16 17 18
12Z AVG MX 2MIN
DY MAX MIN AVG DEP HDD CDD WTR SNW DPTH SPD SPD DIR MIN PSBL S-S WX SPD DR
================================================================================
1 50 30 40 -4 25 0 0.59 0.0 0 5.0 16 190 M M 10 1 24 180
2 47 30 39 -5 26 0 0.10 T 0 14.3 30 280 M M 7 1 40 280
3 42 26 34 -9 31 0 T T 0 10.4 26 300 M M 3 35 300
4 45 29 37 -6 28 0 0.00 0.0 0 4.4 16 190 M M 3 21 220
5 64 30 47 4 18 0 0.00 0.0 0 5.2 13 220 M M 2 1 17 220
6 71 51 61 19 4 0 0.00 0.0 0 6.2 16 240 M M 5 24 230
7 74 49 62 20 3 0 0.00 0.0 0 4.7 13 160 M M 5 16 180
8 58 43 51 9 14 0 0.00 0.0 0 4.1 10 90 M M 4 12 13 80
9 65 41 53 11 12 0 0.00 0.0 0 2.1 7 150 M M 5 12 9 330
10 72 36 54 13 11 0 0.00 0.0 0 3.9 14 200 M M 0 1 18 200
11 69 53 61 20 4 0 T 0.0 0 7.2 16 210 M M 5 1 23 210
12 65 37 51 10 14 0 0.02 0.0 0 7.2 14 330 M M 7 19 340
13 42 33 38 -2 27 0 0.06 0.0 0 7.3 14 40 M M 8 1 17 40
14 51 29 40 0 25 0 0.00 0.0 0 6.8 18 290 M M 5 12 24 280
15 53 24 39 -1 26 0 0.26 0.0 0 9.3 35 160 M M 6 1 50 140
16 53 39 46 7 19 0 0.27 0.0 0 10.6 29 260 M M 6 1 45 180
17 47 28 38 -1 27 0 T T 0 8.4 18 300 M M 4 26 270
18 33 17 25 -14 40 0 T T 0 12.5 24 360 M M 4 32 340
19 39 16 28 -10 37 0 0.00 0.0 0 5.5 14 210 M M 7 18 210
20 56 38 47 9 18 0 T 0.0 0 8.4 13 230 M M 6 20 220
21 58 32 45 7 20 0 0.00 0.0 0 7.3 17 350 M M 5 20 340
22 43 26 35 -3 30 0 0.01 0.0 0 7.6 16 130 M M 5 22 140
23 53 33 43 6 22 0 2.32 0.0 0 9.8 21 300 M M 8 13 31 170
24 39 22 31 -6 34 0 0.00 0.0 0 10.2 21 310 M M 1 25 310
25 33 20 27 -9 38 0 0.01 0.1 0 4.3 10 300 M M 8 1 14 310
26 39 32 36 0 29 0 0.58 0.0 0 4.6 9 330 M M 9 1 13 330
27 49 32 41 5 24 0 T 0.0 0 2.6 12 350 M M 8 12 16 350
28 45 32 39 4 26 0 0.00 0.0 0 2.2 9 280 M M 8 12 11 280
29 51 27 39 4 26 0 0.00 0.0 0 4.6 10 220 M M 1 15 270
30 58 27 43 8 22 0 1.46 0.0 0 11.7 37 150 M M 8 1 52 160
================================================================================
SM 1564 962 680 0 5.68 0.1 208.4 M 163
================================================================================
AV 52.1 32.1 6.9 FASTST M M 5 MAX(MPH)
MISC ----> # 37 150 # 52 160
================================================================================
NOTES:
# LAST OF SEVERAL OCCURRENCES
COLUMN 17 PEAK WIND IN M.P.H.
PRELIMINARY LOCAL CLIMATOLOGICAL DATA (WS FORM: F-6) , PAGE 2
STATION: PORTLAND ME
MONTH: NOVEMBER
YEAR: 2020
LATITUDE: 43 39 N
LONGITUDE: 70 19 W
[TEMPERATURE DATA] [PRECIPITATION DATA] SYMBOLS USED IN COLUMN 16
AVERAGE MONTHLY: 42.1 TOTAL FOR MONTH: 5.68 1 = FOG OR MIST
DPTR FM NORMAL: 2.7 DPTR FM NORMAL: 0.75 2 = FOG REDUCING VISIBILITY
HIGHEST: 74 ON 7 GRTST 24HR 2.32 ON 23-23 TO 1/4 MILE OR LESS
LOWEST: 16 ON 19 3 = THUNDER
SNOW, ICE PELLETS, HAIL 4 = ICE PELLETS
TOTAL MONTH: 0.1 INCH 5 = HAIL
GRTST 24HR 0.1 ON 25-25 6 = FREEZING RAIN OR DRIZZLE
GRTST DEPTH: 0 7 = DUSTSTORM OR SANDSTORM:
VSBY 1/2 MILE OR LESS
8 = SMOKE OR HAZE
[NO. OF DAYS WITH] [WEATHER - DAYS WITH] 9 = BLOWING SNOW
X = TORNADO
MAX 32 OR BELOW: 0 0.01 INCH OR MORE: 11
MAX 90 OR ABOVE: 0 0.10 INCH OR MORE: 7
MIN 32 OR BELOW: 19 0.50 INCH OR MORE: 4
MIN 0 OR BELOW: 0 1.00 INCH OR MORE: 2
[HDD (BASE 65) ]
TOTAL THIS MO. 680 CLEAR (SCALE 0-3) 4
DPTR FM NORMAL -87 PTCLDY (SCALE 4-7) 24
TOTAL FM JUL 1 1267 CLOUDY (SCALE 8-10) 2
DPTR FM NORMAL -224
[CDD (BASE 65) ]
TOTAL THIS MO. 0
DPTR FM NORMAL 0 [PRESSURE DATA]
TOTAL FM JAN 1 681 HIGHEST SLP M ON M
DPTR FM NORMAL 322 LOWEST SLP 29.45 ON 2
[REMARKS]
#FINAL-11-20#