000
CXUS56 KMFR 010930
CF6RBG
PRELIMINARY LOCAL CLIMATOLOGICAL DATA (WS FORM: F-6)
STATION: ROSEBURG OR
MONTH: JULY
YEAR: 2023
LATITUDE: 43 13 N
LONGITUDE: 123 22 W
TEMPERATURE IN F: :PCPN: SNOW: WIND :SUNSHINE: SKY :PK WND
================================================================================
1 2 3 4 5 6A 6B 7 8 9 10 11 12 13 14 15 16 17 18
12Z AVG MX 2MIN
DY MAX MIN AVG DEP HDD CDD WTR SNW DPTH SPD SPD DIR MIN PSBL S-S WX SPD DR
================================================================================
1 91 62 77 9 0 12 0.00 M M 8.3 21 10 M M 0 28 10
2 91 59 75 6 0 10 0.00 M M 7.1 18 10 M M 0 27 360
3 93 58 76 7 0 11 0.00 M M 6.8 20 10 M M 0 28 10
4 98 57 78 9 0 13 0.00 M M 3.8 17 10 M M 0 8 23 20
5 98 60 79 9 0 14 0.00 M M 4.2 16 330 M M 0 22 330
6 90 60 75 5 0 10 0.00 M M 6.1 14 350 M M 0 21 320
7 83 53 68 -2 0 3 0.00 M M 5.9 14 330 M M 2 20 340
8 84 54 69 -1 0 4 0.00 M M 5.2 15 10 M M 4 22 30
9 85 52 69 -2 0 4 0.00 M M 6.1 16 330 M M 0 25 330
10 82 56 69 -2 0 4 0.00 M M 4.9 12 360 M M 4 18 20
11 89 54 72 1 0 7 0.00 M M 4.1 16 10 M M 0 26 360
12 90 57 74 3 0 9 0.00 M M 4.6 16 20 M M 0 23 10
13 92 59 76 4 0 11 0.00 M M 3.7 15 20 M M 0 20 360
14 97 62 80 8 0 15 0.00 M M 4.7 17 10 M M 0 24 10
15 101 62 82 10 0 17 0.00 M M 6.3 17 20 M M 0 26 10
16 94 62 78 6 0 13 0.00 M M 5.1 15 360 M M 0 24 320
17 86 59 73 1 0 8 0.00 M M 6.5 18 10 M M 2 25 360
18 92 60 76 4 0 11 0.00 M M 7.5 18 20 M M 0 27 360
19 92 61 77 5 0 12 0.00 M M 5.7 15 330 M M 0 25 310
20 88 58 73 0 0 8 0.00 M M 4.8 15 10 M M 2 20 30
21 93 57 75 2 0 10 0.00 M M 5.1 16 10 M M 0 21 30
22 95 58 77 4 0 12 0.00 M M 3.6 16 20 M M 0 24 340
23 91 60 76 3 0 11 0.00 M M 4.3 17 20 M M 0 28 360
24 88 56 72 -1 0 7 0.00 M M 4.6 15 320 M M 1 23 340
25 86 62 74 1 0 9 0.00 M M 5.3 16 10 M M 2 24 20
26 88 59 74 1 0 9 0.00 M M 5.7 15 330 M M M 23 320
27 87 55 71 -2 0 6 0.00 M M 3.8 16 20 M M 0 24 10
28 87 55 71 -2 0 6 0.00 M M 3.9 17 10 M M 0 22 10
29 85 55 70 -3 0 5 0.00 M M 4.3 14 330 M M 0 22 310
30 86 54 70 -3 0 5 0.00 M M 3.7 15 330 M M 0 22 10
31 88 55 72 -1 0 7 0.00 M M 2.9 14 320 M M 0 22 330
================================================================================
SM 2790 1791 0 283 0.00 M 158.6 M 17
================================================================================
AV 90.0 57.8 5.1 FASTST M M 1 MAX(MPH)
MISC ----> 21 10 # 28 10
================================================================================
NOTES:
# LAST OF SEVERAL OCCURRENCES
COLUMN 17 PEAK WIND IN M.P.H.
PRELIMINARY LOCAL CLIMATOLOGICAL DATA (WS FORM: F-6) , PAGE 2
STATION: ROSEBURG OR
MONTH: JULY
YEAR: 2023
LATITUDE: 43 13 N
LONGITUDE: 123 22 W
[TEMPERATURE DATA] [PRECIPITATION DATA] SYMBOLS USED IN COLUMN 16
AVERAGE MONTHLY: 73.9 TOTAL FOR MONTH: 0.00 1 = FOG OR MIST
DPTR FM NORMAL: 2.3 DPTR FM NORMAL: -0.26 2 = FOG REDUCING VISIBILITY
HIGHEST: 101 ON 15 GRTST 24HR 0.00 ON 1- 1 TO 1/4 MILE OR LESS
LOWEST: 52 ON 9 3 = THUNDER
SNOW, ICE PELLETS, HAIL 4 = ICE PELLETS
TOTAL MONTH: M 5 = HAIL
GRTST 24HR M ON M 6 = FREEZING RAIN OR DRIZZLE
GRTST DEPTH: M ON M 7 = DUSTSTORM OR SANDSTORM:
VSBY 1/2 MILE OR LESS
8 = SMOKE OR HAZE
[NO. OF DAYS WITH] [WEATHER - DAYS WITH] 9 = BLOWING SNOW
X = TORNADO
MAX 32 OR BELOW: 0 0.01 INCH OR MORE: 0
MAX 90 OR ABOVE: 16 0.10 INCH OR MORE: 0
MIN 32 OR BELOW: 0 0.50 INCH OR MORE: 0
MIN 0 OR BELOW: 0 1.00 INCH OR MORE: 0
[HDD (BASE 65) ]
TOTAL THIS MO. 0 CLEAR (SCALE 0-3) 28
DPTR FM NORMAL -7 PTCLDY (SCALE 4-7) 2
TOTAL FM JUL 1 0 CLOUDY (SCALE 8-10) 1
DPTR FM NORMAL -3
[CDD (BASE 65) ]
TOTAL THIS MO. 283
DPTR FM NORMAL 71 [PRESSURE DATA]
TOTAL FM JAN 1 477 HIGHEST SLP M ON M
DPTR FM NORMAL 172 LOWEST SLP 29.81 ON 5
[REMARKS]
#FINAL-07-23#