000
CXUS56 KSTO 011301
CF6RBL
PRELIMINARY LOCAL CLIMATOLOGICAL DATA (WS FORM: F-6)
STATION: RED BLUFF
MONTH: APRIL
YEAR: 2023
LATITUDE: 40 8 N
LONGITUDE: 122-15 E
TEMPERATURE IN F: :PCPN: SNOW: WIND :SUNSHINE: SKY :PK WND
================================================================================
1 2 3 4 5 6A 6B 7 8 9 10 11 12 13 14 15 16 17 18
12Z AVG MX 2MIN
DY MAX MIN AVG DEP HDD CDD WTR SNW DPTH SPD SPD DIR MIN PSBL S-S WX SPD DR
================================================================================
1 64 44 54 -3 11 0 0.00 M M 11.7 22 150 M M 7 26 140
2 61 44 53 -4 12 0 T M M 8.4 24 300 M M 6 37 310
3 58 37 48 -9 17 0 T M M 10.4 22 360 M M 1 30 350
4 61 33 47 -10 18 0 0.00 M M 8.0 16 350 M M 0 22 310
5 63 34 49 -8 16 0 0.00 M M 4.6 10 180 M M 0 14 200
6 61 44 53 -4 12 0 0.48 M M 5.4 16 140 M M 8 1 20 130
7 60 49 55 -3 10 0 0.20 M M 13.9 23 150 M M 10 1 28 150
8 65 45 55 -3 10 0 0.00 M M 2.5 7 290 M M 4 1 13 320
9 75 44 60 2 5 0 0.00 M M 4.7 12 330 M M 0 15 310
10 79 49 64 6 1 0 0.00 M M 7.7 18 160 M M 1 23 180
11 71 53 62 4 3 0 0.00 M M 6.6 16 330 M M 4 23 320
12 66 46 56 -3 9 0 0.00 M M 13.2 26 350 M M 1 36 350
13 69 46 58 -1 7 0 0.00 M M 12.4 24 340 M M 0 31 340
14 69 37 53 -6 12 0 0.00 M M 4.1 9 200 M M 0 14 170
15 73 42 58 -1 7 0 0.00 M M 4.9 16 160 M M 0 20 150
16 70 45 58 -2 7 0 0.00 M M 5.7 16 140 M M 0 20 130
17 64 47 56 -4 9 0 T M M 9.1 24 170 M M 5 31 170
18 61 41 51 -9 14 0 0.00 M M 7.2 16 160 M M 3 22 170
19 64 46 55 -5 10 0 0.00 M M 6.2 13 310 M M 4 17 340
20 72 41 57 -3 8 0 0.00 0.0 M 6.7 15 350 M M 0 18 350
21 81 50 66 5 0 1 0.00 M M 10.1 17 330 M M 0 23 320
22 85 60 73 12 0 8 0.00 M M 9.8 20 340 M M 0 25 350
23 82 54 68 7 0 3 0.00 M M 5.0 15 300 M M 0 20 300
24 82 45 64 2 1 0 0.00 M M 6.3 13 350 M M 0 16 340
25 87 56 72 10 0 7 0.00 M M 10.8 23 350 M M 0 28 340
26 91 53 72 10 0 7 0.00 0.0 M 6.1 13 350 M M 0 17 340
27 93 52 73 11 0 8 0.00 0.0 M 4.6 9 10 M M 0 12 10
28 91 57 74 11 0 9 0.00 M M 5.9 15 160 M M 0 18 140
29 90 57 74 11 0 9 0.00 M M 6.0 13 170 M M 0 16 140
30 81 56 69 6 0 4 0.00 M M 8.3 17 150 M M 1 23 170
================================================================================
SM 2189 1407 199 56 0.68 0.0 226.3 M 55
================================================================================
AV 73.0 46.9 7.5 FASTST M M 2 MAX(MPH)
MISC ----> 26 350 37 310
================================================================================
NOTES:
# LAST OF SEVERAL OCCURRENCES
COLUMN 17 PEAK WIND IN M.P.H.
PRELIMINARY LOCAL CLIMATOLOGICAL DATA (WS FORM: F-6) , PAGE 2
STATION: RED BLUFF
MONTH: APRIL
YEAR: 2023
LATITUDE: 40 8 N
LONGITUDE: 122-15 E
[TEMPERATURE DATA] [PRECIPITATION DATA] SYMBOLS USED IN COLUMN 16
AVERAGE MONTHLY: 59.9 TOTAL FOR MONTH: 0.68 1 = FOG OR MIST
DPTR FM NORMAL: 0.3 DPTR FM NORMAL: -0.87 2 = FOG REDUCING VISIBILITY
HIGHEST: 93 ON 27 GRTST 24HR 0.68 ON 6- 7 TO 1/4 MILE OR LESS
LOWEST: 33 ON 4 3 = THUNDER
SNOW, ICE PELLETS, HAIL 4 = ICE PELLETS
TOTAL MONTH: 0.0 INCH 5 = HAIL
GRTST 24HR 0.0 6 = FREEZING RAIN OR DRIZZLE
GRTST DEPTH: M ON M 7 = DUSTSTORM OR SANDSTORM:
VSBY 1/2 MILE OR LESS
8 = SMOKE OR HAZE
[NO. OF DAYS WITH] [WEATHER - DAYS WITH] 9 = BLOWING SNOW
X = TORNADO
MAX 32 OR BELOW: 0 0.01 INCH OR MORE: 2
MAX 90 OR ABOVE: 4 0.10 INCH OR MORE: 2
MIN 32 OR BELOW: 0 0.50 INCH OR MORE: 0
MIN 0 OR BELOW: 0 1.00 INCH OR MORE: 0
[HDD (BASE 65) ]
TOTAL THIS MO. 199 CLEAR (SCALE 0-3) 21
DPTR FM NORMAL 12 PTCLDY (SCALE 4-7) 8
TOTAL FM JUL 1 2750 CLOUDY (SCALE 8-10) 1
DPTR FM NORMAL 289
[CDD (BASE 65) ]
TOTAL THIS MO. 56
DPTR FM NORMAL 31 [PRESSURE DATA]
TOTAL FM JAN 1 56 HIGHEST SLP 30.35 ON 20
DPTR FM NORMAL 28 LOWEST SLP 29.69 ON 30
[REMARKS]
#FINAL-04-23#