000
CXUS56 KSTO 011401
CF6RBL
PRELIMINARY LOCAL CLIMATOLOGICAL DATA (WS FORM: F-6)
STATION: RED BLUFF
MONTH: JANUARY
YEAR: 2023
LATITUDE: 40 8 N
LONGITUDE: 122-15 E
TEMPERATURE IN F: :PCPN: SNOW: WIND :SUNSHINE: SKY :PK WND
================================================================================
1 2 3 4 5 6A 6B 7 8 9 10 11 12 13 14 15 16 17 18
12Z AVG MX 2MIN
DY MAX MIN AVG DEP HDD CDD WTR SNW DPTH SPD SPD DIR MIN PSBL S-S WX SPD DR
================================================================================
1 58 41 50 4 15 0 0.00 0.0 M 14.1 28 350 M M 0 36 350
2 46 38 42 -4 23 0 0.23 M M 4.9 16 180 M M 6 1 19 200
3 43 39 41 -5 24 0 0.05 M M 3.8 8 10 M M 10 1 10 290
4 56 43 50 4 15 0 1.19 M M 11.8 40 150 M M 10 1 50 140
5 55 47 51 5 14 0 0.04 M M 18.6 36 170 M M 8 46 130
6 54 45 50 4 15 0 0.08 M M 9.9 20 170 M M 9 1 26 140
7 51 48 50 4 15 0 0.65 M M 14.6 37 160 M M 10 1 44 170
8 57 48 53 6 12 0 0.74 M M 18.2 36 170 M M 6 1 44 150
9 60 44 52 5 13 0 0.88 0.0 M 14.8 39 160 M M 5 1 51 170
10 54 46 50 3 15 0 0.51 M M 18.5 38 140 M M 7 1 49 140
11 50 47 49 2 16 0 0.71 M M 13.9 23 150 M M 9 1 28 160
12 60 50 55 8 10 0 0.02 M M 3.8 16 170 M M 9 1 20 170
13 56 50 53 6 12 0 0.74 M M 12.5 26 150 M M 10 1 33 160
14 57 48 53 6 12 0 0.98 M M 18.5 37 140 M M 7 13 46 150
15 53 45 49 2 16 0 0.31 M M 12.0 22 160 M M 10 1 25 150
16 54 37 46 -1 19 0 0.05 M M 6.6 16 340 M M 3 1 21 320
17 58 36 47 0 18 0 0.00 M M 6.4 15 350 M M 0 1 19 340
18 48 33 41 -7 24 0 0.46 M M 6.6 20 170 M M 5 1 24 170
19 53 34 44 -4 21 0 0.00 M M 11.9 26 350 M M 0 32 350
20 55 39 47 -1 18 0 0.00 M M 11.0 20 340 M M 0 27 350
21 53 30 42 -6 23 0 0.00 M M 2.9 8 320 M M 0 10 340
22 56 33 45 -3 20 0 0.00 M M 13.7 31 350 M M 0 41 360
23 63 47 55 7 10 0 0.00 M M 15.4 26 360 M M 0 37 350
24 71 39 55 7 10 0 0.00 M M 8.7 21 350 M M 0 27 350
25 69 45 57 9 8 0 0.00 M M 12.7 26 350 M M 0 36 350
26 70 40 55 7 10 0 0.00 M M 6.3 14 340 M M 0 17 20
27 58 35 47 -1 18 0 0.00 M M 3.9 16 320 M M 0 21 320
28 61 37 49 1 16 0 0.00 M M 6.0 13 360 M M 0 15 360
29 53 36 45 -4 20 0 0.06 M M 16.7 30 360 M M 3 1 41 360
30 54 36 45 -4 20 0 T M M 15.2 26 350 M M 0 35 350
31 64 34 49 0 16 0 T M M 6.9 17 360 M M 0 21 360
================================================================================
SM 1750 1270 498 0 7.70 0.0 340.8 M 127
================================================================================
AV 56.5 41.0 11.0 FASTST M M 4 MAX(MPH)
MISC ----> 40 150 51 170
================================================================================
NOTES:
# LAST OF SEVERAL OCCURRENCES
COLUMN 17 PEAK WIND IN M.P.H.
PRELIMINARY LOCAL CLIMATOLOGICAL DATA (WS FORM: F-6) , PAGE 2
STATION: RED BLUFF
MONTH: JANUARY
YEAR: 2023
LATITUDE: 40 8 N
LONGITUDE: 122-15 E
[TEMPERATURE DATA] [PRECIPITATION DATA] SYMBOLS USED IN COLUMN 16
AVERAGE MONTHLY: 48.7 TOTAL FOR MONTH: 7.70 1 = FOG OR MIST
DPTR FM NORMAL: 1.3 DPTR FM NORMAL: 2.99 2 = FOG REDUCING VISIBILITY
HIGHEST: 71 ON 24 GRTST 24HR 2.22 ON 13-14 TO 1/4 MILE OR LESS
LOWEST: 30 ON 21 3 = THUNDER
SNOW, ICE PELLETS, HAIL 4 = ICE PELLETS
TOTAL MONTH: 0.0 INCH 5 = HAIL
GRTST 24HR 0.0 6 = FREEZING RAIN OR DRIZZLE
GRTST DEPTH: M ON M 7 = DUSTSTORM OR SANDSTORM:
VSBY 1/2 MILE OR LESS
8 = SMOKE OR HAZE
[NO. OF DAYS WITH] [WEATHER - DAYS WITH] 9 = BLOWING SNOW
X = TORNADO
MAX 32 OR BELOW: 0 0.01 INCH OR MORE: 17
MAX 90 OR ABOVE: 0 0.10 INCH OR MORE: 11
MIN 32 OR BELOW: 1 0.50 INCH OR MORE: 8
MIN 0 OR BELOW: 0 1.00 INCH OR MORE: 1
[HDD (BASE 65) ]
TOTAL THIS MO. 498 CLEAR (SCALE 0-3) 15
DPTR FM NORMAL -49 PTCLDY (SCALE 4-7) 8
TOTAL FM JUL 1 1551 CLOUDY (SCALE 8-10) 8
DPTR FM NORMAL -2
[CDD (BASE 65) ]
TOTAL THIS MO. 0
DPTR FM NORMAL 0 [PRESSURE DATA]
TOTAL FM JAN 1 0 HIGHEST SLP 30.52 ON 26
DPTR FM NORMAL 0 LOWEST SLP 29.47 ON 14
[REMARKS]
#FINAL-01-23#