000
CXUS56 KSTO 011400
CF6RDD
PRELIMINARY LOCAL CLIMATOLOGICAL DATA (WS FORM: F-6)
STATION: REDDING CA AIRPORT AND CITY
MONTH: FEBRUARY
YEAR: 2023
LATITUDE: 40 30 N
LONGITUDE: 122 18 W
TEMPERATURE IN F: :PCPN: SNOW: WIND :SUNSHINE: SKY :PK WND
================================================================================
1 2 3 4 5 6A 6B 7 8 9 10 11 12 13 14 15 16 17 18
12Z AVG MX 2MIN
DY MAX MIN AVG DEP HDD CDD WTR SNW DPTH SPD SPD DIR MIN PSBL S-S WX SPD DR
================================================================================
1 55 29 42 -7 23 0 0.00 0.0 M 0.2 5 10 M M 0 8 6 110
2 56 28 42 -7 23 0 0.00 0.0 M 1.2 9 270 M M 0 18 11 270
3 51 36 44 -5 21 0 0.21 M M 4.4 10 40 M M 8 18 13 40
4 54 44 49 0 16 0 0.69 M M 4.2 26 150 M M 10 13 36 140
5 55 38 47 -2 18 0 0.15 0.0 M 5.9 17 180 M M 7 1 20 190
6 61 36 49 0 16 0 0.00 0.0 M 6.7 18 340 M M 0 1 26 350
7 59 35 47 -3 18 0 0.00 0.0 M 2.3 7 150 M M 0 1 9 330
8 71 33 52 2 13 0 0.00 0.0 M 0.8 7 280 M M 0 1 9 290
9 66 35 51 1 14 0 0.00 0.0 M 3.1 13 170 M M 0 8 15 150
10 58 37 48 -2 17 0 T M M 3.7 15 210 M M 5 1 20 290
11 67 37 52 2 13 0 0.01 M M 7.2 21 20 M M 3 27 20
12 75 52 64 14 1 0 0.00 0.0 M 12.8 28 10 M M 0 35 10
13 69 39 54 4 11 0 0.00 0.0 M 7.4 22 310 M M 0 36 300
14 54 33 44 -6 21 0 0.00 0.0 M 7.1 18 340 M M 1 30 10
15 60 33 47 -4 18 0 0.00 0.0 M 6.8 24 10 M M 0 28 10
16 52 28 40 -11 25 0 0.00 0.0 M 1.6 7 160 M M 0 8 20
17 65 30 48 -3 17 0 0.00 0.0 M 4.5 16 10 M M 0 20 360
18 60 30 45 -6 20 0 0.00 0.0 M 1.0 9 70 M M 0 10 80
19 74 33 54 3 11 0 0.00 0.0 M 9.5 22 350 M M 0 29 10
20 80 46 63 12 2 0 0.00 0.0 M 4.8 14 20 M M 0 16 20
21 61 42 52 1 13 0 0.00 0.0 M 7.9 25 300 M M 1 8 40 300
22 52 28 40 -12 25 0 0.00 0.0 M 5.9 21 220 M M 2 30 210
23 46 30 38 -14 27 0 0.31 M M 11.1 33 170 M M 8 159 39 150
24 43 33 38 -14 27 0 1.15 5.0 5 3.5 8 110 M M 9 12 9 40
25 45 27 36 -16 29 0 0.00 0.0 M 3.6 16 180 M M 7 12 18 180
26 47 38 43 -9 22 0 0.57 M M 8.9 25 180 M M 9 12 30 180
27 48 37 43 -9 22 0 0.34 M M 15.0 32 160 M M 8 1 41 160
28 52 33 43 -9 22 0 0.52 M M 10.4 28 160 M M 5 138 35 190
================================================================================
SM 1636 980 505 0 3.95 5.0 161.5 M 83
================================================================================
AV 58.4 35.0 5.8 FASTST M M 3 MAX(MPH)
MISC ----> 33 170 41 160
================================================================================
NOTES:
# LAST OF SEVERAL OCCURRENCES
COLUMN 17 PEAK WIND IN M.P.H.
PRELIMINARY LOCAL CLIMATOLOGICAL DATA (WS FORM: F-6) , PAGE 2
STATION: REDDING CA AIRPORT AND CITY
MONTH: FEBRUARY
YEAR: 2023
LATITUDE: 40 30 N
LONGITUDE: 122 18 W
[TEMPERATURE DATA] [PRECIPITATION DATA] SYMBOLS USED IN COLUMN 16
AVERAGE MONTHLY: 46.7 TOTAL FOR MONTH: 3.95 1 = FOG OR MIST
DPTR FM NORMAL: -3.8 DPTR FM NORMAL: -1.53 2 = FOG REDUCING VISIBILITY
HIGHEST: 80 ON 20 GRTST 24HR 1.45 ON 23-24 TO 1/4 MILE OR LESS
LOWEST: 27 ON 25 3 = THUNDER
SNOW, ICE PELLETS, HAIL 4 = ICE PELLETS
TOTAL MONTH: 5.0 INCHES 5 = HAIL
GRTST 24HR 5.0 ON 24-24 6 = FREEZING RAIN OR DRIZZLE
GRTST DEPTH: 5 ON 24 7 = DUSTSTORM OR SANDSTORM:
VSBY 1/2 MILE OR LESS
8 = SMOKE OR HAZE
[NO. OF DAYS WITH] [WEATHER - DAYS WITH] 9 = BLOWING SNOW
X = TORNADO
MAX 32 OR BELOW: 0 0.01 INCH OR MORE: 9
MAX 90 OR ABOVE: 0 0.10 INCH OR MORE: 8
MIN 32 OR BELOW: 8 0.50 INCH OR MORE: 4
MIN 0 OR BELOW: 0 1.00 INCH OR MORE: 1
[HDD (BASE 65) ]
TOTAL THIS MO. 505 CLEAR (SCALE 0-3) 18
DPTR FM NORMAL 100 PTCLDY (SCALE 4-7) 7
TOTAL FM JUL 1 2110 CLOUDY (SCALE 8-10) 3
DPTR FM NORMAL 127
[CDD (BASE 65) ]
TOTAL THIS MO. 0
DPTR FM NORMAL 0 [PRESSURE DATA]
TOTAL FM JAN 1 0 HIGHEST SLP 30.48 ON 6
DPTR FM NORMAL 0 LOWEST SLP 29.58 ON 28
[REMARKS]
#FINAL-02-23#