150
CXUS56 KSTO 051815
CF6RDD
PRELIMINARY LOCAL CLIMATOLOGICAL DATA (WS FORM: F-6)
STATION: REDDING CA AIRPORT AND CITY
MONTH: SEPTEMBER
YEAR: 2020
LATITUDE: 40 30 N
LONGITUDE: 122 18 W
TEMPERATURE IN F: :PCPN: SNOW: WIND :SUNSHINE: SKY :PK WND
================================================================================
1 2 3 4 5 6A 6B 7 8 9 10 11 12 13 14 15 16 17 18
12Z AVG MX 2MIN
DY MAX MIN AVG DEP HDD CDD WTR SNW DPTH SPD SPD DIR MIN PSBL S-S WX SPD DR
================================================================================
1 108 74 91 14 0 26 0.00 0.0 0 12.2 25 360 M M 0 33 10
2 98 66 82 5 0 17 0.00 0.0 0 4.1 13 180 M M 0 8 16 190
3 100 65 83 6 0 18 0.00 0.0 0 3.5 17 150 M M 0 8 21 140
4 97 67 82 5 0 17 0.00 0.0 0 2.0 10 180 M M 3 8 13 180
5 100 68 84 8 0 19 0.00 0.0 0 2.2 7 340 M M 6 8 10 240
6 111 66 89 13 0 24 0.00 0.0 0 4.6 9 320 M M 1 8 12 310
7 112 71 92 16 0 27 0.00 0.0 0 5.9 33 30 M M 6 8 45 30
8 98 75 87 11 0 22 0.00 0.0 0 20.9 37 30 M M 5 8 47 360
9 85 59 72 -4 0 7 0.00 0.0 0 8.5 15 360 M M 6 24 360
10 88 53 71 -5 0 6 0.00 0.0 M 1.4 12 160 M M 10 8 12 160
11 91 55 73 -2 0 8 0.00 0.0 0 1.8 9 150 M M 10 8 11 150
12 95 55 75 0 0 10 0.00 0.0 0 1.7 9 160 M M 10 8 11 150
13 93 57 75 0 0 10 0.00 0.0 0 2.4 9 150 M M 10 8 12 160
14 91 59 75 0 0 10 0.00 0.0 0 2.6 16 180 M M 10 8 28 90
15 95 55 75 1 0 10 0.00 0.0 0 3.1 14 150 M M 7 8 16 170
16 92 56 74 0 0 9 0.00 0.0 0 1.9 12 170 M M 5 8 14 170
17 92 55 74 0 0 9 0.00 0.0 0 6.2 20 200 M M 1 8 25 190
18 83 66 75 1 0 10 0.00 0.0 0 7.1 18 180 M M 2 8 24 210
19 90 58 74 0 0 9 0.00 0.0 0 4.1 10 60 M M 2 15 20
20 96 65 81 8 0 16 0.00 0.0 0 6.7 15 360 M M 0 18 360
21 88 57 73 0 0 8 0.00 0.0 0 2.4 13 190 M M 5 8 15 190
22 86 57 72 -1 0 7 0.00 0.0 0 3.4 13 160 M M 1 8 16 150
23 88 57 73 1 0 8 0.00 0.0 0 3.5 15 170 M M 4 8 18 180
24 85 60 73 1 0 8 0.00 0.0 0 2.7 10 170 M M 3 8 12 160
25 88 59 74 2 0 9 0.00 0.0 0 2.3 9 160 M M 1 8 12 200
26 92 61 77 5 0 12 0.00 0.0 0 6.0 17 10 M M 0 8 28 320
27 98 72 85 14 0 20 0.00 0.0 0 20.7 33 360 M M 0 46 10
28 102 65 84 13 0 19 0.00 0.0 0 12.2 22 360 M M 0 8 28 360
29 92 58 75 5 0 10 0.00 0.0 0 1.3 8 130 M M 7 8 11 120
30 103 57 80 10 0 15 0.00 0.0 0 3.4 10 10 M M 2 8 13 30
================================================================================
SM 2837 1848 0 400 0.00 0.0 160.8 M 117
================================================================================
AV 94.6 61.6 5.4 FASTST M M 4 MAX(MPH)
MISC ----> # 37 30 # 47 360
================================================================================
NOTES:
# LAST OF SEVERAL OCCURRENCES
COLUMN 17 PEAK WIND IN M.P.H.
PRELIMINARY LOCAL CLIMATOLOGICAL DATA (WS FORM: F-6) , PAGE 2
STATION: REDDING CA AIRPORT AND CITY
MONTH: SEPTEMBER
YEAR: 2020
LATITUDE: 40 30 N
LONGITUDE: 122 18 W
[TEMPERATURE DATA] [PRECIPITATION DATA] SYMBOLS USED IN COLUMN 16
AVERAGE MONTHLY: 78.1 TOTAL FOR MONTH: 0.00 1 = FOG OR MIST
DPTR FM NORMAL: 4.0 DPTR FM NORMAL: -0.64 2 = FOG REDUCING VISIBILITY
HIGHEST: 112 ON 7 GRTST 24HR 0.00 ON 30-30 TO 1/4 MILE OR LESS
LOWEST: 53 ON 10 3 = THUNDER
SNOW, ICE PELLETS, HAIL 4 = ICE PELLETS
TOTAL MONTH: 0.0 INCH 5 = HAIL
GRTST 24HR 0.0 6 = FREEZING RAIN OR DRIZZLE
GRTST DEPTH: 0 7 = DUSTSTORM OR SANDSTORM:
VSBY 1/2 MILE OR LESS
8 = SMOKE OR HAZE
[NO. OF DAYS WITH] [WEATHER - DAYS WITH] 9 = BLOWING SNOW
X = TORNADO
MAX 32 OR BELOW: 0 0.01 INCH OR MORE: 0
MAX 90 OR ABOVE: 22 0.10 INCH OR MORE: 0
MIN 32 OR BELOW: 0 0.50 INCH OR MORE: 0
MIN 0 OR BELOW: 0 1.00 INCH OR MORE: 0
[HDD (BASE 65) ]
TOTAL THIS MO. 0 CLEAR (SCALE 0-3) 15
DPTR FM NORMAL -8 PTCLDY (SCALE 4-7) 10
TOTAL FM JUL 1 0 CLOUDY (SCALE 8-10) 5
DPTR FM NORMAL -8
[CDD (BASE 65) ]
TOTAL THIS MO. 400
DPTR FM NORMAL 120 [PRESSURE DATA]
TOTAL FM JAN 1 2238 HIGHEST SLP M ON M
DPTR FM NORMAL 463 LOWEST SLP 29.59 ON 7
[REMARKS]
#FINAL-09-20#