000
CXUS56 KBOI 011002
CF6REO
PRELIMINARY LOCAL CLIMATOLOGICAL DATA (WS FORM: F-6)
STATION: ROME OR
MONTH: AUGUST
YEAR: 2021
LATITUDE: 42 35 N
LONGITUDE: 117 52 W
TEMPERATURE IN F: :PCPN: SNOW: WIND :SUNSHINE: SKY :PK WND
================================================================================
1 2 3 4 5 6A 6B 7 8 9 10 11 12 13 14 15 16 17 18
12Z AVG MX 2MIN
DY MAX MIN AVG DEP HDD CDD WTR SNW DPTH SPD SPD DIR MIN PSBL S-S WX SPD DR
================================================================================
1 91 65 78 3 0 13 0.07 M M 5.1 29 280 M M 0 38 280
2 96 57 77 2 0 12 0.01 M M 6.1 21 280 M M 0 32 210
3 98 58 78 4 0 13 0.00 M M 7.1 21 150 M M 0 29 150
4 102 54 78 4 0 13 0.00 M M 4.7 14 250 M M 0 20 200
5 100 60 80 6 0 15 0.00 M M 11.3 30 300 M M 0 42 220
6 87 56 72 -2 0 7 0.00 M M 8.1 18 230 M M 0 27 230
7 98 54 76 2 0 11 0.00 M M 6.7 18 260 M M 0 25 270
8 91 61 76 2 0 11 0.00 M M 10.5 24 340 M M 0 37 330
9 88 43 66 -8 0 1 0.00 M M 4.4 12 70 M M 0 18 50
10 97 45 71 -2 0 6 0.00 M M 5.7 9 20 M M 0 20 20
11 99 56 78 5 0 13 0.00 M M 5.7 12 50 M M 0 20 50
12 102 59 81 8 0 16 0.00 M M 7.5 17 50 M M 0 24 330
13 102 62 82 9 0 17 0.00 M M 5.3 13 20 M M 0 17 10
14 100 61 81 9 0 16 0.00 M M 5.5 13 10 M M 0 17 330
15 103 61 82 10 0 17 0.00 M M 5.8 13 60 M M 0 16 50
16 102 63 83 11 0 18 0.00 M M 6.7 26 200 M M 0 40 200
17 83 57 70 -2 0 5 0.00 M M 11.7 20 340 M M 0 35 250
18 72 40 56 -15 9 0 0.00 M M 8.6 17 340 M M 0 25 360
19 80 45 63 -8 2 0 0.00 M M 6.5 13 330 M M 0 22 20
20 87 49 68 -3 0 3 0.00 M M 5.9 12 160 M M 0 18 130
21 79 50 65 -6 0 0 0.00 M M 8.6 21 220 M M 0 36 230
22 85 43 64 -6 1 0 0.00 M M 8.0 17 220 M M 0 25 220
23 85 49 67 -3 0 2 0.00 M M 7.9 17 20 M M 0 23 10
24 88 42 65 -5 0 0 0.00 M M 5.4 15 10 M M 0 19 20
25 87 47 67 -3 0 2 0.00 M M 8.3 21 260 M M 0 28 230
26 85 58 72 3 0 7 0.00 M M 6.9 18 240 M M 0 28 230
27 84 49 67 -2 0 2 0.00 M M 6.4 18 20 M M 0 22 30
28 87 42 65 -4 0 0 0.00 M M 5.3 10 70 M M 0 M M
29 93 46 70 2 0 5 0.00 M M 4.6 12 250 M M 0 16 300
30 95 54 75 7 0 10 0.00 M M 9.3 24 270 M M 0 36 270
31 84 46 65 -3 0 0 0.00 M M 8.1 14 40 M M 0 18 10
================================================================================
SM 2830 1632 12 235 0.08 M 217.7 M 0
================================================================================
AV 91.3 52.6 7.0 FASTST M M 0 MAX(MPH)
MISC ----> 30 300 42 220
================================================================================
NOTES:
# LAST OF SEVERAL OCCURRENCES
COLUMN 17 PEAK WIND IN M.P.H.
PRELIMINARY LOCAL CLIMATOLOGICAL DATA (WS FORM: F-6) , PAGE 2
STATION: ROME OR
MONTH: AUGUST
YEAR: 2021
LATITUDE: 42 35 N
LONGITUDE: 117 52 W
[TEMPERATURE DATA] [PRECIPITATION DATA] SYMBOLS USED IN COLUMN 16
AVERAGE MONTHLY: 72.0 TOTAL FOR MONTH: 0.08 1 = FOG OR MIST
DPTR FM NORMAL: 0.3 DPTR FM NORMAL: -0.12 2 = FOG REDUCING VISIBILITY
HIGHEST: 103 ON 15 GRTST 24HR 0.08 ON 1- 2 TO 1/4 MILE OR LESS
LOWEST: 40 ON 18 3 = THUNDER
SNOW, ICE PELLETS, HAIL 4 = ICE PELLETS
TOTAL MONTH: M 5 = HAIL
GRTST 24HR M ON M 6 = FREEZING RAIN OR DRIZZLE
GRTST DEPTH: M ON M 7 = DUSTSTORM OR SANDSTORM:
VSBY 1/2 MILE OR LESS
8 = SMOKE OR HAZE
[NO. OF DAYS WITH] [WEATHER - DAYS WITH] 9 = BLOWING SNOW
X = TORNADO
MAX 32 OR BELOW: 0 0.01 INCH OR MORE: 2
MAX 90 OR ABOVE: 16 0.10 INCH OR MORE: 0
MIN 32 OR BELOW: 0 0.50 INCH OR MORE: 0
MIN 0 OR BELOW: 0 1.00 INCH OR MORE: 0
[HDD (BASE 65) ]
TOTAL THIS MO. 12 CLEAR (SCALE 0-3) 31
DPTR FM NORMAL -4 PTCLDY (SCALE 4-7) 0
TOTAL FM JUL 1 12 CLOUDY (SCALE 8-10) 0
DPTR FM NORMAL -9
[CDD (BASE 65) ]
TOTAL THIS MO. 235
DPTR FM NORMAL 11 [PRESSURE DATA]
TOTAL FM JAN 1 957 HIGHEST SLP M ON M
DPTR FM NORMAL 360 LOWEST SLP 29.60 ON 16
[REMARKS]
#FINAL-08-21#