000
CXUS56 KBOI 011002
CF6REO
PRELIMINARY LOCAL CLIMATOLOGICAL DATA (WS FORM: F-6)
STATION: ROME OR
MONTH: JULY
YEAR: 2021
LATITUDE: 42 35 N
LONGITUDE: 117 52 W
TEMPERATURE IN F: :PCPN: SNOW: WIND :SUNSHINE: SKY :PK WND
================================================================================
1 2 3 4 5 6A 6B 7 8 9 10 11 12 13 14 15 16 17 18
12Z AVG MX 2MIN
DY MAX MIN AVG DEP HDD CDD WTR SNW DPTH SPD SPD DIR MIN PSBL S-S WX SPD DR
================================================================================
1 99 67 83 13 0 18 0.30 M M 8.3 28 150 M M 0 48 70
2 101 62 82 12 0 17 0.00 M M 6.5 23 170 M M 0 33 180
3 102 62 82 12 0 17 0.00 M M 8.9 33 200 M M 0 49 200
4 97 66 82 11 0 17 0.00 M M 10.2 30 160 M M 0 42 140
5 100 59 80 9 0 15 0.00 M M 4.8 18 280 M M 0 26 290
6 105 64 85 14 0 20 0.00 M M 6.2 23 330 M M 0 32 260
7 99 68 84 12 0 19 0.00 M M 10.4 25 270 M M 0 35 260
8 101 53 77 5 0 12 0.00 M M 7.2 24 270 M M 0 35 280
9 100 58 79 7 0 14 0.00 M M 6.6 15 300 M M 0 22 290
10 105 56 81 8 0 16 0.00 M M 5.2 16 260 M M 0 29 260
11 103 63 83 10 0 18 0.00 M M 7.0 16 30 M M 0 27 10
12 105 60 83 10 0 18 0.00 M M 6.7 21 260 M M 0 27 250
13 99 60 80 6 0 15 0.00 M M 6.1 20 350 M M 0 29 360
14 102 55 79 5 0 14 0.00 M M 5.2 15 90 M M 0 25 200
15 98 67 83 9 0 18 0.00 M M 7.7 18 20 M M 0 26 270
16 97 55 76 2 0 11 0.00 M M 5.0 17 350 M M 0 24 290
17 99 57 78 4 0 13 0.00 M M 6.4 16 180 M M 0 24 180
18 102 60 81 7 0 16 0.00 M M 5.8 14 60 M M 0 20 240
19 94 72 83 8 0 18 0.00 M M 8.2 24 250 M M 0 32 260
20 93 63 78 3 0 13 0.05 M M 9.0 44 260 M M 0 55 270
21 96 56 76 1 0 11 0.01 M M 6.2 22 240 M M 0 36 240
22 95 57 76 1 0 11 0.00 M M 6.1 17 280 M M 0 23 290
23 95 54 75 0 0 10 0.00 M M 5.1 15 360 M M 0 20 20
24 97 51 74 -1 0 9 0.00 M M 5.6 12 50 M M 0 15 50
25 104 54 79 4 0 14 0.00 M M 5.5 16 40 M M 0 21 20
26 98 63 81 6 0 16 0.00 M M 7.8 20 10 M M 0 27 360
27 99 67 83 8 0 18 0.00 M M 8.8 26 310 M M 0 37 320
28 97 59 78 3 0 13 0.00 M M 7.2 25 260 M M 0 36 270
29 101 56 79 4 0 14 0.00 M M 7.1 18 70 M M 0 23 80
30 97 59 78 3 0 13 0.00 M M 6.9 29 70 M M 0 47 60
31 86 68 77 2 0 12 0.09 M M 6.6 18 90 M M 0 24 90
================================================================================
SM 3066 1871 0 460 0.45 M 214.3 M 0
================================================================================
AV 98.9 60.4 6.9 FASTST M M 0 MAX(MPH)
MISC ----> 44 260 55 270
================================================================================
NOTES:
# LAST OF SEVERAL OCCURRENCES
COLUMN 17 PEAK WIND IN M.P.H.
PRELIMINARY LOCAL CLIMATOLOGICAL DATA (WS FORM: F-6) , PAGE 2
STATION: ROME OR
MONTH: JULY
YEAR: 2021
LATITUDE: 42 35 N
LONGITUDE: 117 52 W
[TEMPERATURE DATA] [PRECIPITATION DATA] SYMBOLS USED IN COLUMN 16
AVERAGE MONTHLY: 79.6 TOTAL FOR MONTH: 0.45 1 = FOG OR MIST
DPTR FM NORMAL: 6.1 DPTR FM NORMAL: 0.14 2 = FOG REDUCING VISIBILITY
HIGHEST: 105 ON 12,10 GRTST 24HR 0.30 ON 1- 1 TO 1/4 MILE OR LESS
LOWEST: 51 ON 24 3 = THUNDER
SNOW, ICE PELLETS, HAIL 4 = ICE PELLETS
TOTAL MONTH: M 5 = HAIL
GRTST 24HR M ON M 6 = FREEZING RAIN OR DRIZZLE
GRTST DEPTH: M ON M 7 = DUSTSTORM OR SANDSTORM:
VSBY 1/2 MILE OR LESS
8 = SMOKE OR HAZE
[NO. OF DAYS WITH] [WEATHER - DAYS WITH] 9 = BLOWING SNOW
X = TORNADO
MAX 32 OR BELOW: 0 0.01 INCH OR MORE: 4
MAX 90 OR ABOVE: 30 0.10 INCH OR MORE: 1
MIN 32 OR BELOW: 0 0.50 INCH OR MORE: 0
MIN 0 OR BELOW: 0 1.00 INCH OR MORE: 0
[HDD (BASE 65) ]
TOTAL THIS MO. 0 CLEAR (SCALE 0-3) 31
DPTR FM NORMAL -9 PTCLDY (SCALE 4-7) 0
TOTAL FM JUL 1 0 CLOUDY (SCALE 8-10) 0
DPTR FM NORMAL -6
[CDD (BASE 65) ]
TOTAL THIS MO. 460
DPTR FM NORMAL 189 [PRESSURE DATA]
TOTAL FM JAN 1 722 HIGHEST SLP M ON M
DPTR FM NORMAL 349 LOWEST SLP 29.70 ON 14
[REMARKS]
#FINAL-07-21#