000
CXUS53 KLOT 010800
CF6RFD
PRELIMINARY LOCAL CLIMATOLOGICAL DATA (WS FORM: F-6)
STATION: ROCKFORD IL
MONTH: MARCH
YEAR: 2022
LATITUDE: 42 12 N
LONGITUDE: 89 6 W
TEMPERATURE IN F: :PCPN: SNOW: WIND :SUNSHINE: SKY :PK WND
================================================================================
1 2 3 4 5 6A 6B 7 8 9 10 11 12 13 14 15 16 17 18
12Z AVG MX 2MIN
DY MAX MIN AVG DEP HDD CDD WTR SNW DPTH SPD SPD DIR MIN PSBL S-S WX SPD DR
================================================================================
1 55 34 45 14 20 0 T 0.0 0 3.9 12 350 M M 9 14 10
2 58 32 45 14 20 0 T 0.0 0 6.7 18 360 M M 8 18 24 10
3 35 28 32 0 33 0 0.00 0.0 0 5.3 13 70 M M 10 20 70
4 45 27 36 4 29 0 0.00 0.0 0 7.2 13 110 M M 10 21 70
5 68 38 53 20 12 0 0.24 T 0 10.7 48 210 M M 8 35 81 200
6 54 34 44 11 21 0 0.00 0.0 0 15.8 40 250 M M 10 63 240
7 36 25 31 -3 34 0 0.19 1.7 1 11.5 22 320 M M 10 14 29 300
8 38 18 28 -6 37 0 0.00 0.0 T 7.6 16 190 M M 2 22 210
9 38 25 32 -2 33 0 0.00 0.0 0 10.9 20 290 M M 5 28 290
10 28 19 24 -11 41 0 0.01 0.2 0 7.5 15 330 M M 9 20 350
11 31 14 23 -12 42 0 T T 0 14.1 30 300 M M 6 42 290
12 24 8 16 -20 49 0 0.00 0.0 0 13.4 21 320 M M 2 30 310
13 55 22 39 3 26 0 T T 0 9.5 20 300 M M 4 35 290
14 60 33 47 10 18 0 0.00 0.0 0 6.7 22 220 M M 9 28 210
15 59 31 45 8 20 0 0.00 0.0 0 3.4 10 10 M M 4 1 14 80
16 71 31 51 14 14 0 0.00 0.0 0 6.9 24 200 M M 5 18 35 230
17 68 40 54 16 11 0 T 0.0 0 6.8 16 350 M M 8 20 360
18 50 39 45 7 20 0 0.53 0.0 0 12.7 22 60 M M 10 3 35 50
19 49 29 39 0 26 0 0.09 T 0 11.0 20 320 M M 8 14 25 340
20 65 26 46 7 19 0 0.00 0.0 0 3.1 15 260 M M 2 1 20 260
21 75 34 55 16 10 0 0.00 0.0 0 9.2 22 200 M M 8 27 210
22 57 46 52 12 13 0 0.49 0.0 0 9.3 20 110 M M 10 1 34 110
23 56 41 49 9 16 0 0.48 0.0 0 6.4 16 350 M M 10 12 22 20
24 43 39 41 0 24 0 0.07 0.0 0 6.5 12 310 M M 10 1 15 290
25 50 35 43 2 22 0 T T 0 16.8 40 300 M M 10 14 58 290
26 36 23 30 -11 35 0 T T 0 14.6 26 340 M M 7 35 350
27 37 21 29 -13 36 0 0.00 0.0 0 10.8 20 350 M M 0 29 350
28 40 20 30 -12 35 0 0.00 0.0 0 5.7 12 120 M M 5 19 110
29 43 29 36 -7 29 0 0.00 0.0 0 9.7 20 130 M M 10 29 150
30 61 41 51 8 14 0 0.37 0.0 0 10.1 21 330 M M 10 1 30 150
31 41 32 37 -6 28 0 0.45 1.5 1 10.8 18 340 M M 10 1 26 360
================================================================================
SM 1526 914 787 0 2.92 3.4 284.6 M 229
================================================================================
AV 49.2 29.5 9.2 FASTST M M 7 MAX(MPH)
MISC ----> 48 210 81 200
================================================================================
NOTES:
# LAST OF SEVERAL OCCURRENCES
COLUMN 17 PEAK WIND IN M.P.H.
PRELIMINARY LOCAL CLIMATOLOGICAL DATA (WS FORM: F-6) , PAGE 2
STATION: ROCKFORD IL
MONTH: MARCH
YEAR: 2022
LATITUDE: 42 12 N
LONGITUDE: 89 6 W
[TEMPERATURE DATA] [PRECIPITATION DATA] SYMBOLS USED IN COLUMN 16
AVERAGE MONTHLY: 39.4 TOTAL FOR MONTH: 2.92 1 = FOG OR MIST
DPTR FM NORMAL: 2.1 DPTR FM NORMAL: 0.52 2 = FOG REDUCING VISIBILITY
HIGHEST: 75 ON 21 GRTST 24HR 0.78 ON 30-31 TO 1/4 MILE OR LESS
LOWEST: 8 ON 12 3 = THUNDER
SNOW, ICE PELLETS, HAIL 4 = ICE PELLETS
TOTAL MONTH: 3.4 INCHES 5 = HAIL
GRTST 24HR 1.7 ON 7- 7 6 = FREEZING RAIN OR DRIZZLE
GRTST DEPTH: 1 ON 31, 7 7 = DUSTSTORM OR SANDSTORM:
VSBY 1/2 MILE OR LESS
8 = SMOKE OR HAZE
[NO. OF DAYS WITH] [WEATHER - DAYS WITH] 9 = BLOWING SNOW
X = TORNADO
MAX 32 OR BELOW: 3 0.01 INCH OR MORE: 10
MAX 90 OR ABOVE: 0 0.10 INCH OR MORE: 7
MIN 32 OR BELOW: 19 0.50 INCH OR MORE: 1
MIN 0 OR BELOW: 0 1.00 INCH OR MORE: 0
[HDD (BASE 65) ]
TOTAL THIS MO. 787 CLEAR (SCALE 0-3) 4
DPTR FM NORMAL -73 PTCLDY (SCALE 4-7) 10
TOTAL FM JUL 1 5376 CLOUDY (SCALE 8-10) 17
DPTR FM NORMAL -411
[CDD (BASE 65) ]
TOTAL THIS MO. 0
DPTR FM NORMAL -2 [PRESSURE DATA]
TOTAL FM JAN 1 0 HIGHEST SLP M ON M
DPTR FM NORMAL -2 LOWEST SLP 29.17 ON 31
[REMARKS]
#FINAL-03-22#