000
CXUS51 KAKQ 010833
CF6RIC
PRELIMINARY LOCAL CLIMATOLOGICAL DATA (WS FORM: F-6)
STATION: RICHMOND VA
MONTH: AUGUST
YEAR: 2020
LATITUDE: 37 30 N
LONGITUDE: 77 20 W
TEMPERATURE IN F: :PCPN: SNOW: WIND :SUNSHINE: SKY :PK WND
================================================================================
1 2 3 4 5 6A 6B 7 8 9 10 11 12 13 14 15 16 17 18
12Z AVG MX 2MIN
DY MAX MIN AVG DEP HDD CDD WTR SNW DPTH SPD SPD DIR MIN PSBL S-S WX SPD DR
================================================================================
1 90 75 83 4 0 18 0.01 0.0 0 5.8 17 170 M M 9 3 21 170
2 96 74 85 6 0 20 T 0.0 0 9.1 25 260 M M 7 29 260
3 90 72 81 2 0 16 1.59 0.0 0 6.3 30 220 M M 8 123 38 230
4 88 68 78 -1 0 13 3.61 0.0 0 13.8 36 320 M M 7 1 51 310
5 89 70 80 2 0 15 1.70 0.0 0 5.6 33 350 M M 7 138 48 350
6 90 71 81 3 0 16 2.57 0.0 0 5.6 23 120 M M 7 13 26 110
7 86 71 79 1 0 14 T 0.0 0 3.8 12 270 M M 8 1 15 250
8 88 72 80 2 0 15 0.24 0.0 0 5.1 13 160 M M 7 1 18 170
9 89 70 80 2 0 15 T 0.0 0 3.3 12 160 M M 3 12 15 170
10 90 73 82 4 0 17 0.00 0.0 0 5.3 17 190 M M 4 13 23 190
11 90 71 81 3 0 16 0.00 0.0 0 5.7 13 180 M M 3 1 16 160
12 91 72 82 4 0 17 1.13 0.0 0 4.1 28 240 M M 6 13 34 240
13 88 73 81 3 0 16 0.26 0.0 0 6.2 24 120 M M 8 13 30 120
14 87 74 81 3 0 16 1.29 0.0 0 8.1 16 40 M M 9 1 20 40
15 76 68 72 -6 0 7 1.97 0.0 0 8.5 16 20 M M 10 1 23 50
16 77 67 72 -6 0 7 0.47 0.0 0 8.9 18 20 M M 9 18 24 20
17 84 64 74 -4 0 9 0.24 0.0 0 3.6 13 180 M M 4 13 17 190
18 88 66 77 -1 0 12 0.00 0.0 0 3.0 10 290 M M 5 1 13 280
19 84 70 77 0 0 12 0.00 0.0 0 5.0 16 340 M M 6 21 340
20 86 67 77 0 0 12 0.00 0.0 0 5.6 15 60 M M 5 17 70
21 84 68 76 -1 0 11 T 0.0 0 3.0 10 190 M M 8 15 100
22 82 71 77 0 0 12 0.18 0.0 0 3.6 9 180 M M 9 1 13 170
23 89 72 81 4 0 16 0.00 0.0 0 6.9 15 220 M M 6 1 20 230
24 87 75 81 4 0 16 0.00 0.0 0 9.2 15 220 M M 7 24 210
25 93 73 83 6 0 18 0.00 0.0 0 9.2 21 360 M M 3 26 350
26 89 72 81 5 0 16 0.00 0.0 0 8.2 16 350 M M 3 20 350
27 94 71 83 7 0 18 T 0.0 0 9.3 18 250 M M 5 3 26 240
28 94 74 84 8 0 19 0.00 0.0 0 7.1 15 200 M M 8 19 210
29 88 78 83 7 0 18 0.02 0.0 0 11.6 25 220 M M 7 32 230
30 88 69 79 3 0 14 0.00 0.0 0 5.3 12 310 M M 4 17 360
31 80 67 74 -2 0 9 0.06 0.0 0 5.9 15 110 M M 9 1 20 120
================================================================================
SM 2715 2198 0 450 15.34 0.0 201.7 M 201
================================================================================
AV 87.6 70.9 6.5 FASTST M M 6 MAX(MPH)
MISC ----> # 36 320 # 51 310
================================================================================
NOTES:
# LAST OF SEVERAL OCCURRENCES
COLUMN 17 PEAK WIND IN M.P.H.
PRELIMINARY LOCAL CLIMATOLOGICAL DATA (WS FORM: F-6) , PAGE 2
STATION: RICHMOND VA
MONTH: AUGUST
YEAR: 2020
LATITUDE: 37 30 N
LONGITUDE: 77 20 W
[TEMPERATURE DATA] [PRECIPITATION DATA] SYMBOLS USED IN COLUMN 16
AVERAGE MONTHLY: 79.2 TOTAL FOR MONTH: 15.34 1 = FOG OR MIST
DPTR FM NORMAL: 1.7 DPTR FM NORMAL: 10.68 2 = FOG REDUCING VISIBILITY
HIGHEST: 96 ON 2 GRTST 24HR 3.61 ON 4- 4 TO 1/4 MILE OR LESS
LOWEST: 64 ON 17 3 = THUNDER
SNOW, ICE PELLETS, HAIL 4 = ICE PELLETS
TOTAL MONTH: 0.0 INCH 5 = HAIL
GRTST 24HR 0.0 6 = FREEZING RAIN OR DRIZZLE
GRTST DEPTH: 0 7 = DUSTSTORM OR SANDSTORM:
VSBY 1/2 MILE OR LESS
8 = SMOKE OR HAZE
[NO. OF DAYS WITH] [WEATHER - DAYS WITH] 9 = BLOWING SNOW
X = TORNADO
MAX 32 OR BELOW: 0 0.01 INCH OR MORE: 15
MAX 90 OR ABOVE: 10 0.10 INCH OR MORE: 12
MIN 32 OR BELOW: 0 0.50 INCH OR MORE: 7
MIN 0 OR BELOW: 0 1.00 INCH OR MORE: 7
[HDD (BASE 65) ]
TOTAL THIS MO. 0 CLEAR (SCALE 0-3) 1
DPTR FM NORMAL -1 PTCLDY (SCALE 4-7) 20
TOTAL FM JUL 1 0 CLOUDY (SCALE 8-10) 10
DPTR FM NORMAL -1
[CDD (BASE 65) ]
TOTAL THIS MO. 450
DPTR FM NORMAL 62 [PRESSURE DATA]
TOTAL FM JAN 1 1472 HIGHEST SLP 30.18 ON 9
DPTR FM NORMAL 165 LOWEST SLP 29.56 ON 4
[REMARKS]
#FINAL-08-20#