000
CXUS51 KAKQ 022011
CLMRIC
CLIMATE REPORT
NATIONAL WEATHER SERVICE WAKEFIELD VA
411 PM EDT SUN JUL 02 2023
...................................
...THE RICHMOND VA CLIMATE SUMMARY FOR THE MONTH OF JUNE 2023...
CLIMATE NORMAL PERIOD: 1991 TO 2020
CLIMATE RECORD PERIOD: 1871 TO 2023
WEATHER OBSERVED NORMAL DEPART LAST YEAR`S
VALUE DATE(S) VALUE FROM VALUE DATE(S)
NORMAL
................................................................
TEMPERATURE (F)
RECORD
HIGH 104 06/26/1952
LOW 40 06/02/1967
HIGHEST 90 06/19 97 -7 97 06/17
06/26
LOWEST 51 06/05 53 -2 55 06/06
AVG. MAXIMUM 82.9 85.6 -2.7 86.6
AVG. MINIMUM 61.7 64.5 -2.8 64.3
MEAN 72.3 75.0 -2.7 75.5
DAYS MAX >= 90 2 9.0 -7.0 8
DAYS MAX <= 32 0 0.0 0.0 0
DAYS MIN <= 32 0 0.0 0.0 0
DAYS MIN <= 0 0 0.0 0.0 0
PRECIPITATION (INCHES)
RECORD
MAXIMUM 13.32 2018
MINIMUM 0.38 1980
TOTALS 3.64 4.64 -1.00 6.58
DAILY AVG. 0.12 0.15 -0.03 0.22
DAYS >= .01 12 10.6 1.4 7
DAYS >= .10 5 6.6 -1.6 6
DAYS >= .50 4 3.0 1.0 4
DAYS >= 1.00 0 1.3 -1.3 4
GREATEST
24 HR. TOTAL 1.15 06/22 TO 06/23
DEGREE DAYS
HEATING TOTAL 1
SINCE 7/1 3031 3734 -703 MM
COOLING TOTAL 228 308 -80 320
SINCE 1/1 353 476 -123 MM
................................................................
WIND (MPH)
AVERAGE WIND SPEED 6.8
HIGHEST WIND SPEED/DIRECTION 30/040 DATE 06/21
HIGHEST GUST SPEED/DIRECTION 40/270 DATE 06/16
40/040 06/21
SKY COVER
POSSIBLE SUNSHINE (PERCENT) MM
AVERAGE SKY COVER 0.60
AVERAGE RH (PERCENT) 67
WEATHER CONDITIONS. NUMBER OF DAYS WITH
THUNDERSTORM 10 MIXED PRECIP 0
HEAVY RAIN 6 RAIN 7
LIGHT RAIN 15 FREEZING RAIN 0
LT FREEZING RAIN 0 HAIL 0
HEAVY SNOW 0 SNOW 0
LIGHT SNOW 0 SLEET 0
FOG 17 FOG W/VIS <= 1/4 MILE 2
HAZE 9
- INDICATES NEGATIVE NUMBERS.
R INDICATES RECORD WAS SET OR TIED.
MM INDICATES DATA IS MISSING.
T INDICATES TRACE AMOUNT.
$$