000
CXUS55 KGJT 011737
CF6RIL
PRELIMINARY LOCAL CLIMATOLOGICAL DATA (WS FORM: F-6)
STATION: RIFLE CO
MONTH: DECEMBER
YEAR: 2023
LATITUDE: 39 31 N
LONGITUDE: 107 43 W
TEMPERATURE IN F: :PCPN: SNOW: WIND :SUNSHINE: SKY :PK WND
================================================================================
1 2 3 4 5 6A 6B 7 8 9 10 11 12 13 14 15 16 17 18
12Z AVG MX 2MIN
DY MAX MIN AVG DEP HDD CDD WTR SNW DPTH SPD SPD DIR MIN PSBL S-S WX SPD DR
================================================================================
1 35 27 31 1 34 0 0.03 M M 2.6 15 290 M M 9 18 20 280
2 37 26 32 3 33 0 0.02 M M 9.0 23 250 M M 8 1 28 260
3 45 29 37 8 28 0 0.00 M M 9.1 24 270 M M 9 31 280
4 52 30 41 12 24 0 0.00 M M 2.9 10 150 M M 4 13 260
5 54 24 39 11 26 0 0.00 M M 2.4 9 210 M M 0 12 80
6 52 23 38 10 27 0 0.00 M M 2.3 9 110 M M 0 9 110
7 53 23 38 10 27 0 0.10 M M 5.7 30 260 M M 5 1 38 260
8 33 19 26 -1 39 0 0.13 M M 6.0 22 310 M M 9 12 29 310
9 33 9 21 -6 44 0 0.00 M M 2.9 9 140 M M 4 14 340
10 29 7 18 -9 47 0 0.00 M M 0.9 8 140 M M 8 9 140
11 37 19 28 2 37 0 0.00 M M 1.3 7 140 M M 4 8 140
12 41 18 30 4 35 0 0.00 M M 2.4 9 130 M M 2 10 130
13 44 26 35 9 30 0 0.00 M M 2.1 10 180 M M 6 13 190
14 44 24 34 8 31 0 0.00 M M 1.3 7 210 M M 2 8 210
15 44 19 32 7 33 0 0.00 M M 2.2 9 110 M M 0 10 110
16 45 18 32 7 33 0 0.00 M M 2.1 7 200 M M 0 8 200
17 48 17 33 8 32 0 0.00 M M 2.2 9 110 M M 0 10 110
18 42 18 30 5 35 0 0.00 M M 1.9 7 140 M M 0 8 150
19 40 20 30 6 35 0 0.00 M M 1.2 7 140 M M 5 7 120
20 48 25 37 13 28 0 0.00 M M 1.3 8 150 M M 6 9 150
21 50 28 39 15 26 0 0.00 M M 1.8 13 270 M M 5 16 280
22 47 22 35 11 30 0 0.00 M M 0.8 7 130 M M 2 9 100
23 36 31 34 10 31 0 0.17 M M 4.0 21 300 M M 10 12 30 310
24 33 17 25 1 40 0 0.00 M M 10.0 20 320 M M 8 28 310
25 32 11 22 -2 43 0 0.00 M M 3.5 13 310 M M 1 21 310
26 31 8 20 -4 45 0 0.00 M M 1.8 8 210 M M 4 10 210
27 39 9 24 0 41 0 0.00 M M 1.9 8 100 M M 0 9 100
28 40 10 25 1 40 0 0.00 M M 2.7 8 110 M M 0 9 160
29 43 10 27 3 38 0 0.00 M M 1.6 8 200 M M 0 9 210
30 41 11 26 2 39 0 0.00 M M 2.3 9 110 M M 0 10 110
31 46 21 34 10 31 0 0.00 M M 0.9 7 200 M M 3 8 200
================================================================================
SM 1294 599 1062 0 0.45 M 93.1 M 114
================================================================================
AV 41.7 19.3 3.0 FASTST M M 4 MAX(MPH)
MISC ----> 30 260 38 260
================================================================================
NOTES:
# LAST OF SEVERAL OCCURRENCES
COLUMN 17 PEAK WIND IN M.P.H.
PRELIMINARY LOCAL CLIMATOLOGICAL DATA (WS FORM: F-6) , PAGE 2
STATION: RIFLE CO
MONTH: DECEMBER
YEAR: 2023
LATITUDE: 39 31 N
LONGITUDE: 107 43 W
[TEMPERATURE DATA] [PRECIPITATION DATA] SYMBOLS USED IN COLUMN 16
AVERAGE MONTHLY: 30.5 TOTAL FOR MONTH: 0.45 1 = FOG OR MIST
DPTR FM NORMAL: 4.9 DPTR FM NORMAL: -0.12 2 = FOG REDUCING VISIBILITY
HIGHEST: 54 ON 5 GRTST 24HR 0.23 ON 7- 8 TO 1/4 MILE OR LESS
LOWEST: 7 ON 10 3 = THUNDER
SNOW, ICE PELLETS, HAIL 4 = ICE PELLETS
TOTAL MONTH: M 5 = HAIL
GRTST 24HR M ON M 6 = FREEZING RAIN OR DRIZZLE
GRTST DEPTH: M ON M 7 = DUSTSTORM OR SANDSTORM:
VSBY 1/2 MILE OR LESS
8 = SMOKE OR HAZE
[NO. OF DAYS WITH] [WEATHER - DAYS WITH] 9 = BLOWING SNOW
X = TORNADO
MAX 32 OR BELOW: 3 0.01 INCH OR MORE: 5
MAX 90 OR ABOVE: 0 0.10 INCH OR MORE: 3
MIN 32 OR BELOW: 31 0.50 INCH OR MORE: 0
MIN 0 OR BELOW: 0 1.00 INCH OR MORE: 0
[HDD (BASE 65) ]
TOTAL THIS MO. 1062 CLEAR (SCALE 0-3) 14
DPTR FM NORMAL -158 PTCLDY (SCALE 4-7) 13
TOTAL FM JUL 1 2386 CLOUDY (SCALE 8-10) 4
DPTR FM NORMAL -284
[CDD (BASE 65) ]
TOTAL THIS MO. 0
DPTR FM NORMAL 0 [PRESSURE DATA]
TOTAL FM JAN 1 707 HIGHEST SLP 30.71 ON 9
DPTR FM NORMAL 76 LOWEST SLP 29.80 ON 1
[REMARKS]
#FINAL-12-23#