000
CXUS55 KRIW 011110
CF6RKS
PRELIMINARY LOCAL CLIMATOLOGICAL DATA (WS FORM: F-6)
STATION: ROCK SPRINGS WY
MONTH: FEBRUARY
YEAR: 2024
LATITUDE: 41 35 N
LONGITUDE: 109 4 W
TEMPERATURE IN F: :PCPN: SNOW: WIND :SUNSHINE: SKY :PK WND
================================================================================
1 2 3 4 5 6A 6B 7 8 9 10 11 12 13 14 15 16 17 18
12Z AVG MX 2MIN
DY MAX MIN AVG DEP HDD CDD WTR SNW DPTH SPD SPD DIR MIN PSBL S-S WX SPD DR
================================================================================
1 38 20 29 7 36 0 0.00 M M 4.6 17 140 M M 9 12 23 160
2 45 32 39 17 26 0 0.01 M M 11.8 23 160 M M 8 1 29 140
3 32 25 29 7 36 0 M M M 25.4 31 260 M M 10 12 41 250
4 32 17 25 3 40 0 M M M 11.9 29 250 M M 3 1 36 250
5 37 17 27 5 38 0 0.00 M M 12.4 26 170 M M 7 37 180
6 43 33 38 16 27 0 0.00 M M 15.4 31 190 M M 7 44 200
7 36 24 30 8 35 0 0.12 M M 12.4 31 250 M M 7 12 41 250
8 30 18 24 1 41 0 0.00 M M 12.0 25 260 M M 3 30 260
9 27 11 19 -4 46 0 T M M 6.3 15 250 M M 4 12 18 280
10 23 11 17 -6 48 0 0.02 M M 5.8 16 240 M M 8 18 19 250
11 25 9 17 -6 48 0 0.00 M M 15.0 23 250 M M 3 28 250
12 31 17 24 1 41 0 0.00 M M 13.9 23 250 M M 4 32 250
13 37 18 28 4 37 0 0.00 M M 6.9 17 240 M M 4 M M
14 34 24 29 5 36 0 0.01 M M 12.5 32 270 M M 6 18 42 270
15 35 23 29 5 36 0 0.03 M M 15.0 36 270 M M 6 12 46 270
16 33 6 20 -4 45 0 0.02 M M 16.4 33 60 M M 8 1 44 60
17 22 -1 11 -13 54 0 0.00 M M 3.4 14 140 M M 0 17 120
18 30 2 16 -9 49 0 0.02 M M 7.0 25 260 M M 8 18 34 270
19 41 16 29 4 36 0 T M M 7.6 26 260 M M 2 1 38 250
20 41 25 33 8 32 0 0.01 M M 7.8 17 210 M M 7 1 26 200
21 38 30 34 8 31 0 0.11 M M 7.9 17 260 M M 10 12 M M
22 37 25 31 5 34 0 0.00 M M 15.8 28 270 M M 4 33 280
23 35 23 29 3 36 0 0.00 M M 18.2 31 270 M M 0 38 260
24 39 22 31 4 34 0 0.00 M M 18.1 33 250 M M 0 44 250
25 43 25 34 7 31 0 0.00 M M 11.2 32 260 M M 0 40 260
26 45 28 37 10 28 0 0.01 M M 22.2 44 260 M M 3 1 60 250
27 31 14 23 -5 42 0 T M M 24.6 38 270 M M 5 128 50 260
28 35 15 25 -3 40 0 0.00 M M 16.4 31 250 M M 1 40 240
29 47 18 33 5 32 0 0.00 M M 4.7 16 210 M M 0 M M
================================================================================
SM 1022 547 1095 0 0.36 M 362.6 M 137
================================================================================
AV 35.2 18.9 12.5 FASTST M M 5 MAX(MPH)
MISC ----> 44 260 60 250
================================================================================
NOTES:
# LAST OF SEVERAL OCCURRENCES
COLUMN 17 PEAK WIND IN M.P.H.
PRELIMINARY LOCAL CLIMATOLOGICAL DATA (WS FORM: F-6) , PAGE 2
STATION: ROCK SPRINGS WY
MONTH: FEBRUARY
YEAR: 2024
LATITUDE: 41 35 N
LONGITUDE: 109 4 W
[TEMPERATURE DATA] [PRECIPITATION DATA] SYMBOLS USED IN COLUMN 16
AVERAGE MONTHLY: 27.1 TOTAL FOR MONTH: 0.36 1 = FOG OR MIST
DPTR FM NORMAL: 2.8 DPTR FM NORMAL: -0.01 2 = FOG REDUCING VISIBILITY
HIGHEST: 47 ON 29 GRTST 24HR 0.12 ON 7- 7 TO 1/4 MILE OR LESS
LOWEST: -1 ON 17 3 = THUNDER
SNOW, ICE PELLETS, HAIL 4 = ICE PELLETS
TOTAL MONTH: M 5 = HAIL
GRTST 24HR M ON M 6 = FREEZING RAIN OR DRIZZLE
GRTST DEPTH: M ON M 7 = DUSTSTORM OR SANDSTORM:
VSBY 1/2 MILE OR LESS
8 = SMOKE OR HAZE
[NO. OF DAYS WITH] [WEATHER - DAYS WITH] 9 = BLOWING SNOW
X = TORNADO
MAX 32 OR BELOW: 10 0.01 INCH OR MORE: 10
MAX 90 OR ABOVE: 0 0.10 INCH OR MORE: 2
MIN 32 OR BELOW: 28 0.50 INCH OR MORE: 0
MIN 0 OR BELOW: 1 1.00 INCH OR MORE: 0
[HDD (BASE 65) ]
TOTAL THIS MO. 1095 CLEAR (SCALE 0-3) 9
DPTR FM NORMAL -44 PTCLDY (SCALE 4-7) 17
TOTAL FM JUL 1 5308 CLOUDY (SCALE 8-10) 3
DPTR FM NORMAL -557
[CDD (BASE 65) ]
TOTAL THIS MO. 0
DPTR FM NORMAL 0 [PRESSURE DATA]
TOTAL FM JAN 1 0 HIGHEST SLP 30.64 ON 17
DPTR FM NORMAL 0 LOWEST SLP 29.38 ON 7
[REMARKS]
#FINAL-02-24#