000
CXUS51 KRNK 012050
CLSRNK
CLIMATE REPORT
NATIONAL WEATHER SERVICE BLACKSBURG, VA
350 PM EST THU DEC 01 2022
...................................
...THE BLACKSBURG VA CLIMATE SUMMARY FOR THE SEASON, FROM
9/1/2022 TO 11/30/2022...
CLIMATE NORMAL PERIOD: 1991 TO 2020
CLIMATE RECORD PERIOD: 1893 TO 2022
WEATHER OBSERVED NORMAL DEPART LAST YEAR`S
VALUE DATE(S) VALUE FROM VALUE
NORMAL
..............................................................
TEMPERATURE (F)
RECORD
HIGH 96 09/02/1953
LOW 0 11/25/1970
HIGHEST 84 09/21 83
LOWEST 17 11/21 18
AVG. MAXIMUM 65.3 65.4 -0.1 66.1
AVG. MINIMUM 42.6 41.5 1.1 44.0
MEAN 54.0 53.4 0.6 55.1
DAYS MAX >= 90 0 0.7 -0.7 0
DAYS MAX <= 32 0 0.4 -0.4 0
DAYS MIN <= 32 20 24.6 -4.6 23
DAYS MIN <= 0 0 0.0 0.0 0
PRECIPITATION (INCHES)
RECORD
MAXIMUM 17.83 1977
MINIMUM 2.63 1953
TOTALS 9.87 9.21 0.66 10.13
DAYS >= .01 25 27.5 -2.5 26
DAYS >= .10 17 16.0 1.0 14
DAYS >= .50 7 6.6 0.4 7
DAYS >= 1.00 4 2.2 1.8 2
GREATEST
24 HR. TOTAL 1.43 3.00
SNOWFALL (INCHES)
TOTALS T 0.4 -0.4 0.0
DAYS >= TRACE 4 0.7 3.3 0
DAYS >= 1.0 0 0.1 -0.1 0
GREATEST
24 HR TOTAL T 0.0
DEGREE DAYS
HEATING TOTAL 1058 1127 -69 957
COOLING TOTAL 76 76 0 88
..............................................................
WIND (MPH)
AVERAGE WIND SPEED 3.4
RESULTANT WIND SPEED/DIRECTION 1/320
HIGHEST WIND SPEED/DIRECTION 22/320 DATE 09/22
HIGHEST GUST SPEED/DIRECTION 35/300 DATE 11/30
SKY COVER
AVERAGE SKY COVER 0.42
AVERAGE RH (PERCENT) 74
WEATHER CONDITIONS. NUMBER OF DAYS WITH
THUNDERSTORM 2 MIXED PRECIP 0
HEAVY RAIN 11 RAIN 19
LIGHT RAIN 35 FREEZING RAIN 0
LT FREEZING RAIN 0 HAIL 0
HEAVY SNOW 0 SNOW 0
LIGHT SNOW 4 SLEET 0
FOG 37 FOG W/VIS <= 1/4 MILE 11
HAZE 0
- INDICATES NEGATIVE NUMBERS.
R INDICATES RECORD WAS SET OR TIED.
MM INDICATES DATA IS MISSING.
T INDICATES TRACE AMOUNT.
$$
PW