000
CXUS56 KSGX 011145
CF6RNM
PRELIMINARY LOCAL CLIMATOLOGICAL DATA (WS FORM: F-6)
STATION: RAMONA AIRPORT CA
MONTH: DECEMBER
YEAR: 2022
LATITUDE: 33 2 N
LONGITUDE: 116 55 W
TEMPERATURE IN F: :PCPN: SNOW: WIND :SUNSHINE: SKY :PK WND
================================================================================
1 2 3 4 5 6A 6B 7 8 9 10 11 12 13 14 15 16 17 18
12Z AVG MX 2MIN
DY MAX MIN AVG DEP HDD CDD WTR SNW DPTH SPD SPD DIR MIN PSBL S-S WX SPD DR
================================================================================
1 56 48 52 0 13 0 0.00 M M 2.7 10 260 M M 10 13 200
2 65 44 55 3 10 0 0.00 M M 3.8 12 300 M M 3 17 290
3 71 40 56 4 9 0 0.00 M M 2.6 9 260 M M 0 1 13 170
4 69 36 53 2 12 0 0.00 M M 3.9 13 300 M M 4 18 16 270
5 64 43 54 3 11 0 T M M 4.6 15 280 M M 7 1 19 260
6 59 41 50 -1 15 0 0.03 M M 2.7 12 270 M M 8 12 14 280
7 59 32 46 -5 19 0 0.02 M M 4.1 13 310 M M 6 12 16 320
8 61 28 45 -6 20 0 0.00 M M 3.5 13 260 M M 1 12 17 290
9 61 26 44 -7 21 0 0.00 M M 2.5 12 280 M M 1 12 14 290
10 63 28 46 -4 19 0 0.00 M M 2.4 12 280 M M 1 12 15 300
11 53 39 46 -4 19 0 0.83 M M 6.7 21 290 M M 9 12 26 260
12 52 32 42 -8 23 0 0.34 M M 4.0 16 260 M M 8 12 21 230
13 57 30 44 -6 21 0 T M M 2.3 8 260 M M 6 12 11 260
14 61 28 45 -5 20 0 0.00 M M 2.6 13 270 M M 0 12 15 270
15 62 30 46 -4 19 0 0.00 M M 3.6 10 310 M M 0 1 12 320
16 66 41 54 4 11 0 0.00 M M 8.2 20 80 M M 0 23 70
17 67 37 52 2 13 0 0.00 M M 5.8 13 70 M M 0 17 50
18 64 30 47 -3 18 0 0.00 M M 3.5 12 260 M M 0 1 14 270
19 66 26 46 -4 19 0 0.00 M M 2.2 10 310 M M 0 1 13 310
20 67 28 48 -2 17 0 0.00 M M 2.0 12 300 M M 0 18 14 330
21 73 29 51 1 14 0 0.00 M M 2.8 12 280 M M 0 18 17 290
22 73 32 53 3 12 0 0.00 M M 2.7 13 310 M M 0 1 15 310
23 71 31 51 1 14 0 0.00 M M 2.3 9 270 M M 0 1 12 270
24 77 31 54 4 11 0 0.00 M M 3.5 12 300 M M 0 1 14 310
25 85 39 62 12 3 0 0.00 M M 5.8 20 80 M M 0 25 80
26 82 40 61 11 4 0 0.00 M M 2.7 12 310 M M 0 13 310
27 68 38 53 3 12 0 0.19 M M 4.0 13 160 M M 2 1 14 180
28 59 46 53 3 12 0 0.42 M M 3.8 13 280 M M 9 12 16 280
29 58 44 51 0 14 0 0.03 M M 3.6 9 210 M M 9 12 12 190
30 59 50 55 4 10 0 0.02 M M 2.0 9 290 M M 10 1 12 300
31 58 53 56 5 9 0 0.10 M M 5.3 17 170 M M 10 1 21 170
================================================================================
SM 2006 1120 444 0 1.98 M 112.2 M 104
================================================================================
AV 64.7 36.1 3.6 FASTST M M 3 MAX(MPH)
MISC ----> 21 290 26 260
================================================================================
NOTES:
# LAST OF SEVERAL OCCURRENCES
COLUMN 17 PEAK WIND IN M.P.H.
PRELIMINARY LOCAL CLIMATOLOGICAL DATA (WS FORM: F-6) , PAGE 2
STATION: RAMONA AIRPORT CA
MONTH: DECEMBER
YEAR: 2022
LATITUDE: 33 2 N
LONGITUDE: 116 55 W
[TEMPERATURE DATA] [PRECIPITATION DATA] SYMBOLS USED IN COLUMN 16
AVERAGE MONTHLY: 50.4 TOTAL FOR MONTH: 1.98 1 = FOG OR MIST
DPTR FM NORMAL: -0.2 DPTR FM NORMAL: -0.10 2 = FOG REDUCING VISIBILITY
HIGHEST: 85 ON 25 GRTST 24HR 1.11 ON 11-12 TO 1/4 MILE OR LESS
LOWEST: 26 ON 19, 9 3 = THUNDER
SNOW, ICE PELLETS, HAIL 4 = ICE PELLETS
TOTAL MONTH: M 5 = HAIL
GRTST 24HR M ON M 6 = FREEZING RAIN OR DRIZZLE
GRTST DEPTH: M ON M 7 = DUSTSTORM OR SANDSTORM:
VSBY 1/2 MILE OR LESS
8 = SMOKE OR HAZE
[NO. OF DAYS WITH] [WEATHER - DAYS WITH] 9 = BLOWING SNOW
X = TORNADO
MAX 32 OR BELOW: 0 0.01 INCH OR MORE: 9
MAX 90 OR ABOVE: 0 0.10 INCH OR MORE: 5
MIN 32 OR BELOW: 15 0.50 INCH OR MORE: 1
MIN 0 OR BELOW: 0 1.00 INCH OR MORE: 0
[HDD (BASE 65) ]
TOTAL THIS MO. 444 CLEAR (SCALE 0-3) 19
DPTR FM NORMAL -2 PTCLDY (SCALE 4-7) 5
TOTAL FM JUL 1 857 CLOUDY (SCALE 8-10) 7
DPTR FM NORMAL 46
[CDD (BASE 65) ]
TOTAL THIS MO. 0
DPTR FM NORMAL 0 [PRESSURE DATA]
TOTAL FM JAN 1 1401 HIGHEST SLP 30.29 ON 8
DPTR FM NORMAL 444 LOWEST SLP 29.79 ON 31
[REMARKS]
#FINAL-12-22#