000
CXUS56 KSGX 011245
CF6RNM
PRELIMINARY LOCAL CLIMATOLOGICAL DATA (WS FORM: F-6)
STATION: RAMONA AIRPORT CA
MONTH: FEBRUARY
YEAR: 2020
LATITUDE: 33 2 N
LONGITUDE: 116 55 W
TEMPERATURE IN F: :PCPN: SNOW: WIND :SUNSHINE: SKY :PK WND
================================================================================
1 2 3 4 5 6A 6B 7 8 9 10 11 12 13 14 15 16 17 18
12Z AVG MX 2MIN
DY MAX MIN AVG DEP HDD CDD WTR SNW DPTH SPD SPD DIR MIN PSBL S-S WX SPD DR
================================================================================
1 81 36 59 9 6 0 0.00 0.0 0 4.3 17 100 M M 0 22 90
2 73 34 54 4 11 0 T M 0 5.0 16 290 M M 2 1 20 290
3 58 43 51 1 14 0 0.01 M 0 6.6 16 300 M M 8 1 19 290
4 56 29 43 -7 22 0 0.00 0.0 0 7.7 20 40 M M 0 25 90
5 59 19 39 -11 26 0 0.00 0.0 0 3.6 15 290 M M 0 17 290
6 65 27 46 -4 19 0 0.00 0.0 0 2.3 12 270 M M 0 1 13 280
7 69 29 49 -1 16 0 0.00 0.0 0 3.5 10 290 M M 0 1 13 310
8 72 30 51 1 14 0 0.00 0.0 0 3.3 14 270 M M 1 12 17 280
9 52 46 49 -1 16 0 0.24 M 0 5.6 16 210 M M 10 1 21 210
10 59 35 47 -4 18 0 0.06 M 0 5.1 14 310 M M 7 12 16 300
11 68 30 49 -2 16 0 0.00 0.0 0 5.7 22 50 M M 1 12 35 50
12 63 28 46 -5 19 0 0.00 0.0 0 3.3 14 250 M M 0 1 18 280
13 68 28 48 -3 17 0 0.00 0.0 0 2.0 13 270 M M 0 1 16 270
14 68 29 49 -2 16 0 0.00 0.0 0 2.9 13 260 M M 0 1 16 260
15 70 28 49 -2 16 0 0.00 0.0 0 3.7 13 280 M M 0 1 16 250
16 72 31 52 1 13 0 0.00 0.0 0 3.0 13 270 M M 0 1 16 300
17 70 32 51 0 14 0 0.00 0.0 0 2.4 13 290 M M 0 1 16 290
18 69 33 51 0 14 0 0.00 0.0 0 3.7 15 300 M M 5 12 17 310
19 69 39 54 3 11 0 0.00 0.0 0 3.5 13 300 M M 4 12 16 300
20 78 35 57 6 8 0 0.00 0.0 0 3.5 10 280 M M 0 12 13 310
21 77 41 59 8 6 0 T M 0 4.1 15 260 M M 4 1 18 260
22 57 44 51 0 14 0 0.43 M 0 4.8 20 250 M M 9 138 25 250
23 63 42 53 1 12 0 0.03 M 0 4.7 12 270 M M 7 1 15 270
24 70 41 56 4 9 0 0.00 0.0 0 3.2 10 310 M M 4 12 14 300
25 77 36 57 5 8 0 0.00 0.0 0 10.5 24 80 M M 1 12 31 70
26 71 48 60 8 5 0 0.00 0.0 0 16.8 32 70 M M 0 42 70
27 78 44 61 9 4 0 0.00 0.0 0 9.5 21 70 M M 0 28 60
28 82 42 62 10 3 0 0.00 0.0 0 6.6 18 70 M M 0 23 70
29 70 32 51 -1 14 0 0.00 0.0 0 4.6 17 240 M M 2 21 230
================================================================================
SM 1984 1011 381 0 0.77 0.0 145.5 M 65
================================================================================
AV 68.4 34.9 5.0 FASTST M M 2 MAX(MPH)
MISC ----> # 32 70 # 42 70
================================================================================
NOTES:
# LAST OF SEVERAL OCCURRENCES
COLUMN 17 PEAK WIND IN M.P.H.
PRELIMINARY LOCAL CLIMATOLOGICAL DATA (WS FORM: F-6) , PAGE 2
STATION: RAMONA AIRPORT CA
MONTH: FEBRUARY
YEAR: 2020
LATITUDE: 33 2 N
LONGITUDE: 116 55 W
[TEMPERATURE DATA] [PRECIPITATION DATA] SYMBOLS USED IN COLUMN 16
AVERAGE MONTHLY: 51.6 TOTAL FOR MONTH: 0.77 1 = FOG OR MIST
DPTR FM NORMAL: 0.6 DPTR FM NORMAL: -2.34 2 = FOG REDUCING VISIBILITY
HIGHEST: 82 ON 28 GRTST 24HR 0.43 ON 22-22 TO 1/4 MILE OR LESS
LOWEST: 19 ON 5 3 = THUNDER
SNOW, ICE PELLETS, HAIL 4 = ICE PELLETS
TOTAL MONTH: 0.0 INCH 5 = HAIL
GRTST 24HR 0.0 6 = FREEZING RAIN OR DRIZZLE
GRTST DEPTH: 0 7 = DUSTSTORM OR SANDSTORM:
VSBY 1/2 MILE OR LESS
8 = SMOKE OR HAZE
[NO. OF DAYS WITH] [WEATHER - DAYS WITH] 9 = BLOWING SNOW
X = TORNADO
MAX 32 OR BELOW: 0 0.01 INCH OR MORE: 5
MAX 90 OR ABOVE: 0 0.10 INCH OR MORE: 2
MIN 32 OR BELOW: 13 0.50 INCH OR MORE: 0
MIN 0 OR BELOW: 0 1.00 INCH OR MORE: 0
[HDD (BASE 65) ]
TOTAL THIS MO. 381 CLEAR (SCALE 0-3) 20
DPTR FM NORMAL -13 PTCLDY (SCALE 4-7) 7
TOTAL FM JUL 1 1545 CLOUDY (SCALE 8-10) 2
DPTR FM NORMAL -209
[CDD (BASE 65) ]
TOTAL THIS MO. 0
DPTR FM NORMAL 0 [PRESSURE DATA]
TOTAL FM JAN 1 0 HIGHEST SLP 30.29 ON 23
DPTR FM NORMAL -1 LOWEST SLP 29.76 ON 10
[REMARKS]
#FINAL-02-20#