945
CXUS55 KREV 020045
CLARNO
CLIMATE REPORT
NATIONAL WEATHER SERVICE RENO NV
445 PM PST WED JAN 01 2020
...................................
...THE RENO-TAHOE INTL AIRPORT NV CLIMATE SUMMARY FOR THE YEAR OF 2019...
CLIMATE NORMAL PERIOD 1981 TO 2010
CLIMATE RECORD PERIOD 1888 TO 2019
WEATHER OBSERVED NORMAL DEPART
VALUE DATE(S) VALUE FROM
NORMAL
................................................
TEMPERATURE (F)
RECORD
HIGH 108 07/05/2007
07/11/2002
07/10/2002
LOW -19 01/08/1890
HIGHEST 100 08/15
LOWEST 10 02/11
AVG. MAXIMUM 67.8 67.6 0.2
AVG. MINIMUM 41.6 40.0 1.6
MEAN 54.7 53.8 0.9
DAYS MAX >= 90 72 53.9 18.1
DAYS MAX <= 32 2 4.5 -2.5
DAYS MIN <= 32 102 111.6 -9.6
DAYS MIN <= 0 0 0.5 -0.5
PRECIPITATION (INCHES)
RECORD
MAXIMUM 13.73 2017
MINIMUM 1.55 1945
TOTALS 11.14 7.40 3.74
DAILY AVG. T 0.02 -0.02
DAYS >= .01 64 52.3 11.7
DAYS >= .10 29 20.3 8.7
DAYS >= .50 7 2.9 4.1
DAYS >= 1.00 1 0.7 0.3
SNOWFALL (INCHES)
TOTALS 29.0 21.8 7.2
SINCE 7/1 5.6 8.4 -2.8
DAYS >= TRACE 37 16.3 20.7
DAYS >= 1.0 10 6.2 3.8
GREATEST
SNOW DEPTH 5 02/09
24 HR TOTAL 6.2 02/09 TO 02/10
DEGREE DAYS
HEATING TOTAL 4728 4926 -198
SINCE 7/1 1965 2024 -59
COOLING TOTAL 1107 838 269
FREEZE DATES
EARLIEST 10/10
LATEST 03/29
................................................
WIND (MPH)
AVERAGE WIND SPEED 6.3
HIGHEST WIND SPEED/DIRECTION 54/170 DATE 02/26
HIGHEST GUST SPEED/DIRECTION 75/170 DATE 02/26
WEATHER CONDITIONS. NUMBER OF DAYS WITH
THUNDERSTORM 18 MIXED PRECIP 0
HEAVY RAIN 4 RAIN 18
LIGHT RAIN 72 FREEZING RAIN 0
LT FREEZING RAIN 1 HAIL 1
HEAVY SNOW 2 SNOW 16
LIGHT SNOW 34 SLEET 0
FOG 41 FOG W/VIS <= 1/4 MILE 2
HAZE 26
- INDICATES NEGATIVE NUMBERS.
R INDICATES RECORD WAS SET OR TIED.
MM INDICATES DATA IS MISSING.
T INDICATES TRACE AMOUNT.
$$