000
CXUS51 KRNK 011356
CF6ROA
PRELIMINARY LOCAL CLIMATOLOGICAL DATA (WS FORM: F-6)
STATION: ROANOKE VA
MONTH: NOVEMBER
YEAR: 2021
LATITUDE: 37 19 N
LONGITUDE: 79 58 W
TEMPERATURE IN F: :PCPN: SNOW: WIND :SUNSHINE: SKY :PK WND
================================================================================
1 2 3 4 5 6A 6B 7 8 9 10 11 12 13 14 15 16 17 18
12Z AVG MX 2MIN
DY MAX MIN AVG DEP HDD CDD WTR SNW DPTH SPD SPD DIR MIN PSBL S-S WX SPD DR
================================================================================
1 64 44 54 1 11 0 0.00 0.0 0 7.3 20 310 M M 3 24 320
2 52 38 45 -8 20 0 0.15 0.0 0 5.3 17 280 M M 7 21 280
3 53 32 43 -9 22 0 0.00 0.0 0 2.9 14 330 M M 4 16 340
4 50 33 42 -10 23 0 0.00 0.0 0 2.0 9 150 M M 5 12 160
5 53 28 41 -11 24 0 0.00 0.0 0 4.2 15 20 M M 1 18 20
6 54 29 42 -10 23 0 0.00 0.0 0 4.2 13 360 M M 3 15 20
7 66 31 49 -2 16 0 0.00 0.0 0 5.1 18 20 M M 3 23 20
8 74 39 57 6 8 0 0.00 0.0 0 1.8 8 340 M M 0 12 300
9 79 42 61 11 4 0 0.00 0.0 0 4.9 15 230 M M 0 21 220
10 75 48 62 12 3 0 0.00 0.0 0 3.4 13 270 M M 0 18 260
11 65 41 53 3 12 0 0.02 0.0 0 5.0 17 150 M M 5 22 180
12 65 42 54 5 11 0 0.79 0.0 0 4.5 23 310 M M 3 1 28 310
13 50 32 41 -8 24 0 T 0.0 0 8.1 30 310 M M 2 37 310
14 52 30 41 -8 24 0 0.00 0.0 0 5.8 15 260 M M 4 22 270
15 50 35 43 -5 22 0 0.00 0.0 0 10.6 24 320 M M 2 36 300
16 65 36 51 3 14 0 0.00 0.0 0 5.0 14 250 M M 4 26 260
17 72 42 57 9 8 0 0.00 0.0 0 2.3 14 160 M M 2 16 180
18 75 42 59 12 6 0 T 0.0 0 10.0 31 300 M M 3 39 260
19 46 29 38 -9 27 0 0.00 0.0 0 9.9 30 300 M M 0 38 310
20 47 25 36 -11 29 0 0.00 0.0 0 1.8 10 130 M M 5 13 130
21 47 27 37 -9 28 0 T 0.0 0 2.0 10 260 M M 6 13 260
22 54 35 45 -1 20 0 0.00 0.0 0 11.8 25 330 M M 8 31 320
23 43 28 36 -10 29 0 0.00 0.0 0 7.8 18 260 M M 0 27 330
24 51 24 38 -8 27 0 0.00 0.0 0 1.8 8 100 M M 0 11 120
25 67 31 49 4 16 0 T 0.0 0 7.8 16 240 M M 4 20 240
26 53 31 42 -3 23 0 T 0.0 0 12.7 28 300 M M 4 39 320
27 51 29 40 -5 25 0 0.00 0.0 0 5.5 15 260 M M 1 19 250
28 55 37 46 2 19 0 0.00 0.0 0 11.0 21 290 M M 4 29 270
29 45 32 39 -5 26 0 0.00 0.0 0 10.0 24 320 M M 2 34 290
30 60 34 47 3 18 0 0.00 0.0 0 9.7 22 240 M M 3 29 260
================================================================================
SM 1733 1026 562 0 0.96 0.0 184.2 M 88
================================================================================
AV 57.8 34.2 6.1 FASTST M M 3 MAX(MPH)
MISC ----> 31 300 # 39 260
================================================================================
NOTES:
# LAST OF SEVERAL OCCURRENCES
COLUMN 17 PEAK WIND IN M.P.H.
PRELIMINARY LOCAL CLIMATOLOGICAL DATA (WS FORM: F-6) , PAGE 2
STATION: ROANOKE VA
MONTH: NOVEMBER
YEAR: 2021
LATITUDE: 37 19 N
LONGITUDE: 79 58 W
[TEMPERATURE DATA] [PRECIPITATION DATA] SYMBOLS USED IN COLUMN 16
AVERAGE MONTHLY: 46.0 TOTAL FOR MONTH: 0.96 1 = FOG OR MIST
DPTR FM NORMAL: -2.4 DPTR FM NORMAL: -2.08 2 = FOG REDUCING VISIBILITY
HIGHEST: 79 ON 9 GRTST 24HR 0.81 ON 11-12 TO 1/4 MILE OR LESS
LOWEST: 24 ON 24 3 = THUNDER
SNOW, ICE PELLETS, HAIL 4 = ICE PELLETS
TOTAL MONTH: 0.0 INCH 5 = HAIL
GRTST 24HR 0.0 ON 11-11 6 = FREEZING RAIN OR DRIZZLE
GRTST DEPTH: 0 7 = DUSTSTORM OR SANDSTORM:
VSBY 1/2 MILE OR LESS
8 = SMOKE OR HAZE
[NO. OF DAYS WITH] [WEATHER - DAYS WITH] 9 = BLOWING SNOW
X = TORNADO
MAX 32 OR BELOW: 0 0.01 INCH OR MORE: 3
MAX 90 OR ABOVE: 0 0.10 INCH OR MORE: 2
MIN 32 OR BELOW: 15 0.50 INCH OR MORE: 1
MIN 0 OR BELOW: 0 1.00 INCH OR MORE: 0
[HDD (BASE 65) ]
TOTAL THIS MO. 562 CLEAR (SCALE 0-3) 17
DPTR FM NORMAL 60 PTCLDY (SCALE 4-7) 13
TOTAL FM JUL 1 662 CLOUDY (SCALE 8-10) 0
DPTR FM NORMAL -91
[CDD (BASE 65) ]
TOTAL THIS MO. 0
DPTR FM NORMAL -2 [PRESSURE DATA]
TOTAL FM JAN 1 1608 HIGHEST SLP 30.61 ON 20
DPTR FM NORMAL 242 LOWEST SLP 29.82 ON 28
[REMARKS]
#FINAL-11-21#