000
CXUS54 KFWD 010731
CF6RPH
PRELIMINARY LOCAL CLIMATOLOGICAL DATA (WS FORM: F-6)
STATION: GRAHAM
MONTH: JULY
YEAR: 2020
LATITUDE: 33 6 N
LONGITUDE: 98 30 W
TEMPERATURE IN F: :PCPN: SNOW: WIND :SUNSHINE: SKY :PK WND
================================================================================
1 2 3 4 5 6A 6B 7 8 9 10 11 12 13 14 15 16 17 18
12Z AVG MX 2MIN
DY MAX MIN AVG DEP HDD CDD WTR SNW DPTH SPD SPD DIR MIN PSBL S-S WX SPD DR
================================================================================
1 97 77 87 5 0 22 0.00 0.0 0 7.4 12 180 M M 0 17 170
2 98 73 86 4 0 21 0.00 0.0 0 4.7 10 120 M M 0 1 M M
3 97 71 84 2 0 19 0.00 0.0 0 2.9 7 90 M M 0 M M
4 98 67 83 1 0 18 0.00 0.0 0 2.9 7 70 M M 0 M M
5 91 72 82 0 0 17 0.00 0.0 0 3.6 12 10 M M 0 23 10
6 88 69 79 -4 0 14 0.03 0.0 0 1.7 10 70 M M 1 18 70
7 91 69 80 -3 0 15 0.00 0.0 0 2.8 9 70 M M 3 1 M M
8 98 72 85 2 0 20 0.00 0.0 0 5.6 13 90 M M 1 17 90
9 98 77 88 5 0 23 0.00 0.0 0 8.5 14 130 M M 0 21 130
10 96 76 86 3 0 21 0.00 0.0 0 6.1 10 100 M M 0 21 100
11 103 74 89 6 0 24 0.00 0.0 0 5.2 10 180 M M 0 16 170
12 102 74 88 5 0 23 0.00 0.0 0 8.2 21 80 M M 0 37 80
13 103 76 90 7 0 25 0.00 0.0 0 6.7 13 130 M M 0 18 190
14 108 79 94 11 0 29 0.00 0.0 0 8.8 13 140 M M 0 22 170
15 102 80 91 7 0 26 0.00 0.0 0 7.9 14 170 M M 0 21 170
16 103 78 91 7 0 26 0.00 0.0 0 5.9 9 130 M M 0 M M
17 100 73 87 3 0 22 0.00 0.0 0 5.8 14 120 M M 0 20 120
18 96 77 87 3 0 22 0.00 0.0 0 7.6 12 120 M M 0 21 110
19 97 75 86 2 0 21 0.00 0.0 0 5.8 12 120 M M 0 20 120
20 98 74 86 2 0 21 0.00 0.0 0 5.0 10 120 M M 0 18 110
21 95 73 84 0 0 19 0.00 0.0 0 5.4 12 100 M M 1 M M
22 96 73 85 1 0 20 0.00 0.0 0 3.7 13 290 M M 1 21 150
23 97 75 86 2 0 21 0.00 0.0 0 5.6 12 90 M M 0 16 90
24 97 74 86 2 0 21 0.00 0.0 0 5.3 12 90 M M 0 18 100
25 91 74 83 -1 0 18 0.00 0.0 0 4.3 9 130 M M 2 17 120
26 93 72 83 -1 0 18 0.00 0.0 0 3.1 9 100 M M 2 M M
27 99 73 86 2 0 21 0.14 0.0 0 4.1 10 110 M M 1 17 110
28 84 74 79 -5 0 14 0.18 0.0 0 3.8 8 110 M M 2 M M
29 93 75 84 0 0 19 0.01 0.0 0 4.0 8 160 M M 0 17 170
30 101 73 87 3 0 22 M 0.0 0 6.1 14 290 M M 1 21 230
31 90 67 79 -5 0 14 0.00 0.0 0 5.9 13 330 M M 2 18 330
================================================================================
SM 3000 2286 0 636 0.36 0.0 164.4 M 17
================================================================================
AV 96.8 73.7 5.3 FASTST M M 1 MAX(MPH)
MISC ----> # 21 80 # 37 80
================================================================================
NOTES:
# LAST OF SEVERAL OCCURRENCES
COLUMN 17 PEAK WIND IN M.P.H.
PRELIMINARY LOCAL CLIMATOLOGICAL DATA (WS FORM: F-6) , PAGE 2
STATION: GRAHAM
MONTH: JULY
YEAR: 2020
LATITUDE: 33 6 N
LONGITUDE: 98 30 W
[TEMPERATURE DATA] [PRECIPITATION DATA] SYMBOLS USED IN COLUMN 16
AVERAGE MONTHLY: 85.3 TOTAL FOR MONTH: 0.36 1 = FOG OR MIST
DPTR FM NORMAL: 1.9 DPTR FM NORMAL: -1.82 2 = FOG REDUCING VISIBILITY
HIGHEST: 108 ON 14 GRTST 24HR 0.18 ON 28-28 TO 1/4 MILE OR LESS
LOWEST: 67 ON 31, 4 3 = THUNDER
SNOW, ICE PELLETS, HAIL 4 = ICE PELLETS
TOTAL MONTH: 0.0 INCH 5 = HAIL
GRTST 24HR 0.0 6 = FREEZING RAIN OR DRIZZLE
GRTST DEPTH: 0 7 = DUSTSTORM OR SANDSTORM:
VSBY 1/2 MILE OR LESS
8 = SMOKE OR HAZE
[NO. OF DAYS WITH] [WEATHER - DAYS WITH] 9 = BLOWING SNOW
X = TORNADO
MAX 32 OR BELOW: 0 0.01 INCH OR MORE: 4
MAX 90 OR ABOVE: 29 0.10 INCH OR MORE: 2
MIN 32 OR BELOW: 0 0.50 INCH OR MORE: 0
MIN 0 OR BELOW: 0 1.00 INCH OR MORE: 0
[HDD (BASE 65) ]
TOTAL THIS MO. 0 CLEAR (SCALE 0-3) 31
DPTR FM NORMAL 0 PTCLDY (SCALE 4-7) 0
TOTAL FM JUL 1 0 CLOUDY (SCALE 8-10) 0
DPTR FM NORMAL 0
[CDD (BASE 65) ]
TOTAL THIS MO. 636
DPTR FM NORMAL 64 [PRESSURE DATA]
TOTAL FM JAN 1 1427 HIGHEST SLP M ON M
DPTR FM NORMAL 123 LOWEST SLP M ON M
[REMARKS]
#FINAL-07-20#