000
CXUS53 KARX 011000
CF6RST
PRELIMINARY LOCAL CLIMATOLOGICAL DATA (WS FORM: F-6)
STATION: ROCHESTER MN
MONTH: FEBRUARY
YEAR: 2024
LATITUDE: 43 55 N
LONGITUDE: 92 30 W
TEMPERATURE IN F: :PCPN: SNOW: WIND :SUNSHINE: SKY :PK WND
================================================================================
1 2 3 4 5 6A 6B 7 8 9 10 11 12 13 14 15 16 17 18
12Z AVG MX 2MIN
DY MAX MIN AVG DEP HDD CDD WTR SNW DPTH SPD SPD DIR MIN PSBL S-S WX SPD DR
================================================================================
1 49 31 40 25 25 0 0.00 0.0 0 8.7 15 30 M M 2 12 20 50
2 32 27 30 15 35 0 0.00 0.0 0 11.7 20 120 M M 6 24 140
3 40 29 35 20 30 0 0.00 0.0 0 9.8 17 130 M M 6 1 23 130
4 48 25 37 21 28 0 0.00 0.0 0 7.5 12 60 M M 0 1 15 40
5 51 28 40 24 25 0 0.00 0.0 0 5.5 9 310 M M 0 10 310
6 50 27 39 23 26 0 0.00 0.0 0 10.7 20 180 M M 0 27 180
7 47 35 41 25 24 0 0.00 0.0 0 16.1 25 170 M M 0 35 170
8 55 36 46 30 19 0 0.10 0.0 0 21.9 38 190 M M 6 1 51 180
9 37 27 32 15 33 0 0.00 0.0 0 19.8 29 260 M M 10 39 260
10 34 25 30 13 35 0 0.00 0.0 0 15.5 26 320 M M 10 34 310
11 37 23 30 13 35 0 0.00 0.0 0 8.9 21 310 M M 3 27 310
12 44 23 34 16 31 0 0.00 0.0 0 9.9 21 320 M M 1 24 310
13 39 21 30 12 35 0 0.00 0.0 0 3.6 8 250 M M 6 11 270
14 46 28 37 19 28 0 0.13 0.3 0 9.7 20 340 M M 9 1 26 340
15 30 17 24 6 41 0 0.02 0.3 T 14.3 25 350 M M 2 1 34 350
16 20 6 13 -6 52 0 0.00 0.0 0 16.1 25 330 M M 2 31 320
17 28 4 16 -3 49 0 0.00 0.0 0 19.0 33 250 M M 1 42 240
18 36 19 28 8 37 0 0.00 0.0 0 12.0 22 270 M M 0 29 270
19 46 15 31 11 34 0 0.00 0.0 0 8.8 16 150 M M 0 21 150
20 50 29 40 20 25 0 0.00 0.0 0 9.5 17 260 M M 0 22 260
21 51 28 40 19 25 0 0.00 0.0 0 5.1 12 340 M M 0 14 10
22 56 27 42 21 23 0 0.00 0.0 0 12.0 24 310 M M 0 30 290
23 41 17 29 7 36 0 T T 0 11.2 21 340 M M 5 1 26 330
24 41 10 26 4 39 0 0.00 0.0 0 14.0 26 190 M M 0 32 180
25 53 31 42 20 23 0 0.00 0.0 0 11.0 21 200 M M 1 27 210
26 69 28 49 26 16 0 0.00 0.0 0 14.0 31 170 M M 0 39 170
27 53 12 33 10 32 0 0.09 1.4 0 19.0 37 330 M M 4 19 49 320
28 17 3 10 -14 55 0 T T 1 15.4 33 320 M M 1 9 45 320
29 55 4 30 6 35 0 0.00 0.0 T 18.0 36 190 M M 0 48 190
================================================================================
SM 1255 635 931 0 0.34 2.0 358.7 M 75
================================================================================
AV 43.3 21.9 12.4 FASTST M M 3 MAX(MPH)
MISC ----> 38 190 51 180
================================================================================
NOTES:
# LAST OF SEVERAL OCCURRENCES
COLUMN 17 PEAK WIND IN M.P.H.
PRELIMINARY LOCAL CLIMATOLOGICAL DATA (WS FORM: F-6) , PAGE 2
STATION: ROCHESTER MN
MONTH: FEBRUARY
YEAR: 2024
LATITUDE: 43 55 N
LONGITUDE: 92 30 W
[TEMPERATURE DATA] [PRECIPITATION DATA] SYMBOLS USED IN COLUMN 16
AVERAGE MONTHLY: 32.6 TOTAL FOR MONTH: 0.34 1 = FOG OR MIST
DPTR FM NORMAL: 13.9 DPTR FM NORMAL: -0.68 2 = FOG REDUCING VISIBILITY
HIGHEST: 69 ON 26 GRTST 24HR 0.15 ON 14-15 TO 1/4 MILE OR LESS
LOWEST: 3 ON 28 3 = THUNDER
SNOW, ICE PELLETS, HAIL 4 = ICE PELLETS
TOTAL MONTH: 2.0 INCHES 5 = HAIL
GRTST 24HR 1.4 ON 27-27 6 = FREEZING RAIN OR DRIZZLE
GRTST DEPTH: 1 ON 28 7 = DUSTSTORM OR SANDSTORM:
VSBY 1/2 MILE OR LESS
8 = SMOKE OR HAZE
[NO. OF DAYS WITH] [WEATHER - DAYS WITH] 9 = BLOWING SNOW
X = TORNADO
MAX 32 OR BELOW: 5 0.01 INCH OR MORE: 4
MAX 90 OR ABOVE: 0 0.10 INCH OR MORE: 2
MIN 32 OR BELOW: 27 0.50 INCH OR MORE: 0
MIN 0 OR BELOW: 0 1.00 INCH OR MORE: 0
[HDD (BASE 65) ]
TOTAL THIS MO. 931 CLEAR (SCALE 0-3) 19
DPTR FM NORMAL -365 PTCLDY (SCALE 4-7) 7
TOTAL FM JUL 1 4784 CLOUDY (SCALE 8-10) 3
DPTR FM NORMAL -1210
[CDD (BASE 65) ]
TOTAL THIS MO. 0
DPTR FM NORMAL 0 [PRESSURE DATA]
TOTAL FM JAN 1 0 HIGHEST SLP 30.38 ON 29
DPTR FM NORMAL 0 LOWEST SLP 29.22 ON 27
[REMARKS]
#FINAL-02-24#