000
CXUS53 KARX 011654
CF6RST
PRELIMINARY LOCAL CLIMATOLOGICAL DATA (WS FORM: F-6)
STATION: ROCHESTER MN
MONTH: DECEMBER
YEAR: 2020
LATITUDE: 43 55 N
LONGITUDE: 92 30 W
TEMPERATURE IN F: :PCPN: SNOW: WIND :SUNSHINE: SKY :PK WND
================================================================================
1 2 3 4 5 6A 6B 7 8 9 10 11 12 13 14 15 16 17 18
12Z AVG MX 2MIN
DY MAX MIN AVG DEP HDD CDD WTR SNW DPTH SPD SPD DIR MIN PSBL S-S WX SPD DR
================================================================================
1 37 11 24 -1 41 0 0.00 0.0 0 2.8 9 150 M M 0 10 150
2 43 18 31 7 34 0 0.00 0.0 0 8.9 15 300 M M 0 20 300
3 41 25 33 9 32 0 0.00 0.0 0 11.4 17 250 M M 2 8 22 250
4 43 25 34 10 31 0 0.00 0.0 0 8.6 14 330 M M 0 18 260
5 41 19 30 7 35 0 0.01 0.1 0 2.9 8 120 M M 2 1 11 120
6 36 23 30 7 35 0 0.00 0.0 0 6.7 14 300 M M 7 1 18 310
7 30 28 29 7 36 0 0.00 0.0 0 4.6 12 240 M M 10 1 14 250
8 38 27 33 11 32 0 0.00 0.0 0 11.2 20 210 M M 5 1 25 210
9 52 29 41 20 24 0 0.00 0.0 0 7.0 13 310 M M 0 15 310
10 51 29 40 19 25 0 0.00 0.0 0 12.8 25 190 M M 0 34 190
11 37 29 33 12 32 0 0.00 0.0 0 14.3 23 40 M M 4 31 40
12 32 21 27 7 38 0 0.00 0.0 0 14.5 25 30 M M 4 33 40
13 26 18 22 2 43 0 T T 0 12.5 25 290 M M 10 33 300
14 23 11 17 -3 48 0 T T 0 10.9 23 320 M M 3 29 300
15 23 11 17 -2 48 0 0.00 0.0 0 7.3 13 140 M M 4 14 120
16 28 13 21 2 44 0 0.00 0.0 0 5.5 10 160 M M 4 8 13 170
17 30 16 23 4 42 0 0.00 0.0 0 7.8 17 180 M M 4 18 24 180
18 37 26 32 14 33 0 0.01 0.1 0 15.2 29 160 M M 7 18 40 160
19 32 20 26 8 39 0 T T 0 10.5 18 200 M M 10 1 24 330
20 37 17 27 9 38 0 0.00 0.0 0 10.4 17 200 M M 3 1 22 170
21 39 21 30 12 35 0 T T 0 19.4 38 290 M M 8 52 300
22 42 13 28 10 37 0 0.00 0.0 0 15.8 31 160 M M 5 1 46 150
23 47 5 26 9 39 0 0.06 1.3 0 24.0 38 310 M M 8 126 50 310
24 5 -4 1 -16 64 0 T T 1 20.2 31 300 M M 4 189 39 310
25 20 -5 8 -9 57 0 T T 1 9.6 18 220 M M 0 22 220
26 27 9 18 1 47 0 0.00 0.0 1 6.5 13 320 M M 0 14 300
27 25 18 22 5 43 0 T T T 11.7 21 330 M M 8 18 26 330
28 24 8 16 -1 49 0 T T T 10.2 17 270 M M 5 22 260
29 24 4 14 -2 51 0 0.12 2.4 T 12.9 22 150 M M 5 18 31 130
30 25 17 21 5 44 0 T T 2 17.4 29 280 M M 10 18 35 280
31 21 15 18 2 47 0 0.00 0.0 2 11.1 22 170 M M 10 18 27 170
================================================================================
SM 1016 517 1243 0 0.20 3.9 344.6 M 142
================================================================================
AV 32.8 16.7 11.1 FASTST M M 5 MAX(MPH)
MISC ----> # 38 290 52 300
================================================================================
NOTES:
# LAST OF SEVERAL OCCURRENCES
COLUMN 17 PEAK WIND IN M.P.H.
PRELIMINARY LOCAL CLIMATOLOGICAL DATA (WS FORM: F-6) , PAGE 2
STATION: ROCHESTER MN
MONTH: DECEMBER
YEAR: 2020
LATITUDE: 43 55 N
LONGITUDE: 92 30 W
[TEMPERATURE DATA] [PRECIPITATION DATA] SYMBOLS USED IN COLUMN 16
AVERAGE MONTHLY: 24.7 TOTAL FOR MONTH: 0.20 1 = FOG OR MIST
DPTR FM NORMAL: 5.0 DPTR FM NORMAL: -1.03 2 = FOG REDUCING VISIBILITY
HIGHEST: 52 ON 9 GRTST 24HR 0.12 ON 29-29 TO 1/4 MILE OR LESS
LOWEST: -5 ON 25 3 = THUNDER
SNOW, ICE PELLETS, HAIL 4 = ICE PELLETS
TOTAL MONTH: 3.9 INCHES 5 = HAIL
GRTST 24HR 2.4 ON 29-29 6 = FREEZING RAIN OR DRIZZLE
GRTST DEPTH: 2 ON 31,30 7 = DUSTSTORM OR SANDSTORM:
VSBY 1/2 MILE OR LESS
8 = SMOKE OR HAZE
[NO. OF DAYS WITH] [WEATHER - DAYS WITH] 9 = BLOWING SNOW
X = TORNADO
MAX 32 OR BELOW: 16 0.01 INCH OR MORE: 4
MAX 90 OR ABOVE: 0 0.10 INCH OR MORE: 1
MIN 32 OR BELOW: 31 0.50 INCH OR MORE: 0
MIN 0 OR BELOW: 2 1.00 INCH OR MORE: 0
[HDD (BASE 65) ]
TOTAL THIS MO. 1243 CLEAR (SCALE 0-3) 11
DPTR FM NORMAL -163 PTCLDY (SCALE 4-7) 14
TOTAL FM JUL 1 2971 CLOUDY (SCALE 8-10) 6
DPTR FM NORMAL -107
[CDD (BASE 65) ]
TOTAL THIS MO. 0
DPTR FM NORMAL 0 [PRESSURE DATA]
TOTAL FM JAN 1 634 HIGHEST SLP 30.53 ON 29
DPTR FM NORMAL 49 LOWEST SLP 29.10 ON 23
[REMARKS]
#FINAL-12-20#