000
CXUS54 KLZK 011130
CF6RUE
PRELIMINARY LOCAL CLIMATOLOGICAL DATA (WS FORM: F-6)
STATION: RUSSELLVILLE
MONTH: MAY
YEAR: 2022
LATITUDE: 35 15 N
LONGITUDE: 93 6 W
TEMPERATURE IN F: :PCPN: SNOW: WIND :SUNSHINE: SKY :PK WND
================================================================================
1 2 3 4 5 6A 6B 7 8 9 10 11 12 13 14 15 16 17 18
12Z AVG MX 2MIN
DY MAX MIN AVG DEP HDD CDD WTR SNW DPTH SPD SPD DIR MIN PSBL S-S WX SPD DR
================================================================================
1 81 48 65 0 0 0 0.00 M M 1.8 13 250 M M 0 18 16 260
2 73 54 64 -2 1 0 1.79 M M 4.8 29 290 M M 7 13 41 280
3 63 60 62 -4 3 0 0.30 M M 5.8 17 290 M M 9 13 23 280
4 70 56 63 -3 2 0 0.00 M M 5.4 15 70 M M 8 25 50
5 66 59 63 -3 2 0 1.31 M M 3.2 20 290 M M 10 13 27 290
6 71 54 63 -4 2 0 0.00 M M 11.2 23 280 M M 6 1 32 270
7 80 50 65 -2 0 0 0.00 M M 2.8 9 150 M M 0 12 13 100
8 81 58 70 3 0 5 0.00 M M 5.5 13 110 M M 6 20 150
9 89 73 81 13 0 16 0.00 M M 5.2 14 180 M M 6 20 180
10 89 69 79 11 0 14 0.00 M M 4.5 13 190 M M 2 18 200
11 92 67 80 12 0 15 0.00 M M 2.3 9 120 M M 0 1 13 100
12 93 64 79 11 0 14 0.00 M M 1.6 8 200 M M 0 1 12 190
13 92 65 79 10 0 14 0.00 M M 2.1 9 240 M M 0 12 13 120
14 88 69 79 10 0 14 0.00 M M 3.8 10 200 M M 2 15 200
15 86 64 75 6 0 10 0.55 M M 4.5 37 20 M M 2 13 48 360
16 82 63 73 3 0 8 0.00 M M 2.7 13 70 M M 3 1 17 80
17 81 59 70 0 0 5 0.02 M M 2.9 10 190 M M 0 1 17 180
18 90 64 77 7 0 12 0.00 M M 3.0 7 330 M M 0 M M
19 89 69 79 8 0 14 0.00 M M 5.3 14 220 M M 0 23 190
20 88 69 79 8 0 14 0.00 M M 6.0 18 190 M M 6 27 190
21 89 59 74 3 0 9 0.14 M M 7.1 22 280 M M 8 18 27 300
22 64 57 61 -11 4 0 0.05 M M 4.0 14 20 M M 10 1 18 340
23 72 58 65 -7 0 0 0.00 M M 4.6 12 330 M M 10 15 80
24 70 62 66 -6 0 1 0.61 M M 4.6 17 260 M M 10 138 23 260
25 79 59 69 -3 0 4 0.01 M M 7.0 15 250 M M 8 138 21 170
26 68 52 60 -13 5 0 0.04 M M 8.4 24 280 M M 7 18 32 280
27 84 56 70 -3 0 5 0.00 M M 6.9 18 280 M M 2 23 300
28 86 53 70 -3 0 5 0.00 M M 2.9 10 140 M M 0 1 15 90
29 89 62 76 2 0 11 0.00 M M 4.6 12 150 M M 0 20 170
30 88 68 78 4 0 13 0.00 M M 6.3 16 190 M M 2 24 200
31 91 67 79 5 0 14 0.00 M M 3.9 13 190 M M 3 18 190
================================================================================
SM 2524 1887 19 217 4.82 M 144.7 M 127
================================================================================
AV 81.4 60.9 4.7 FASTST M M 4 MAX(MPH)
MISC ----> 37 20 48 360
================================================================================
NOTES:
# LAST OF SEVERAL OCCURRENCES
COLUMN 17 PEAK WIND IN M.P.H.
PRELIMINARY LOCAL CLIMATOLOGICAL DATA (WS FORM: F-6) , PAGE 2
STATION: RUSSELLVILLE
MONTH: MAY
YEAR: 2022
LATITUDE: 35 15 N
LONGITUDE: 93 6 W
[TEMPERATURE DATA] [PRECIPITATION DATA] SYMBOLS USED IN COLUMN 16
AVERAGE MONTHLY: 71.1 TOTAL FOR MONTH: 4.82 1 = FOG OR MIST
DPTR FM NORMAL: 1.5 DPTR FM NORMAL: 0.15 2 = FOG REDUCING VISIBILITY
HIGHEST: 93 ON 12 GRTST 24HR 2.06 ON 2- 3 TO 1/4 MILE OR LESS
LOWEST: 48 ON 1 3 = THUNDER
SNOW, ICE PELLETS, HAIL 4 = ICE PELLETS
TOTAL MONTH: M 5 = HAIL
GRTST 24HR M ON M 6 = FREEZING RAIN OR DRIZZLE
GRTST DEPTH: M ON M 7 = DUSTSTORM OR SANDSTORM:
VSBY 1/2 MILE OR LESS
8 = SMOKE OR HAZE
[NO. OF DAYS WITH] [WEATHER - DAYS WITH] 9 = BLOWING SNOW
X = TORNADO
MAX 32 OR BELOW: 0 0.01 INCH OR MORE: 10
MAX 90 OR ABOVE: 5 0.10 INCH OR MORE: 6
MIN 32 OR BELOW: 0 0.50 INCH OR MORE: 4
MIN 0 OR BELOW: 0 1.00 INCH OR MORE: 2
[HDD (BASE 65) ]
TOTAL THIS MO. 19 CLEAR (SCALE 0-3) 16
DPTR FM NORMAL -14 PTCLDY (SCALE 4-7) 9
TOTAL FM JUL 1 3023 CLOUDY (SCALE 8-10) 6
DPTR FM NORMAL -254
[CDD (BASE 65) ]
TOTAL THIS MO. 217
DPTR FM NORMAL 40 [PRESSURE DATA]
TOTAL FM JAN 1 272 HIGHEST SLP 30.28 ON 22
DPTR FM NORMAL 37 LOWEST SLP 29.55 ON 20
[REMARKS]
#FINAL-05-22#