000
CXUS54 KTSA 011318
CF6RVS
PRELIMINARY LOCAL CLIMATOLOGICAL DATA (WS FORM: F-6)
STATION: TULSA-RIVERSIDE OKLAHOMA
MONTH: JANUARY
YEAR: 2023
LATITUDE: 36 2 N
LONGITUDE: 95 59 W
TEMPERATURE IN F: :PCPN: SNOW: WIND :SUNSHINE: SKY :PK WND
================================================================================
1 2 3 4 5 6A 6B 7 8 9 10 11 12 13 14 15 16 17 18
12Z AVG MX 2MIN
DY MAX MIN AVG DEP HDD CDD WTR SNW DPTH SPD SPD DIR MIN PSBL S-S WX SPD DR
================================================================================
1 71 37 54 15 11 0 0.00 0.0 M 3.5 15 190 M M 0 1 21 210
2 71 45 58 19 7 0 0.08 0.0 M 5.0 18 180 M M 6 138 29 160
3 55 33 44 5 21 0 0.00 0.0 M 4.5 13 240 M M 1 12 22 300
4 52 27 40 2 25 0 0.00 0.0 M 2.4 12 230 M M 0 17 230
5 54 28 41 3 24 0 0.00 0.0 M 4.0 12 300 M M 0 24 270
6 61 26 44 6 21 0 0.00 0.0 M 3.9 17 160 M M 0 31 170
7 58 35 47 9 18 0 0.00 0.0 M 5.0 13 10 M M 1 1 19 310
8 56 24 40 2 25 0 0.00 0.0 M 1.5 7 160 M M 0 1 10 160
9 65 27 46 8 19 0 0.00 0.0 M 5.3 23 190 M M 0 32 200
10 69 27 48 10 17 0 0.00 0.0 M 3.0 15 170 M M 0 27 200
11 67 32 50 12 15 0 0.00 0.0 M 2.0 12 180 M M 1 1 15 260
12 55 30 43 5 22 0 T 0.0 M 9.0 18 350 M M 5 34 320
13 39 23 31 -7 34 0 0.00 0.0 M 4.5 12 20 M M 0 17 30
14 54 21 38 0 27 0 0.00 0.0 M 7.9 16 170 M M 0 1 28 150
15 61 42 52 13 13 0 0.00 0.0 M 13.9 26 180 M M 1 48 170
16 69 37 53 14 12 0 0.00 0.0 M 7.7 23 200 M M 0 38 200
17 65 30 48 9 17 0 T 0.0 M 2.3 10 100 M M 2 14 120
18 65 42 54 15 11 0 0.77 0.0 M 6.9 15 220 M M 5 13 26 240
19 49 29 39 0 26 0 0.00 0.0 M 6.3 16 260 M M 0 30 260
20 55 25 40 1 25 0 0.00 0.0 M 1.8 8 80 M M 0 13 80
21 47 39 43 4 22 0 0.04 0.0 M 5.0 13 130 M M 10 18 110
22 41 26 34 -5 31 0 T M M 4.5 10 300 M M 8 17 310
23 49 21 35 -4 30 0 0.00 0.0 M 1.2 8 230 M M 0 1 11 300
24 39 28 34 -5 31 0 0.31 M M 4.1 14 40 M M 8 1 18 50
25 44 28 36 -3 29 0 0.03 M M 5.6 13 340 M M 8 1 24 330
26 49 20 35 -5 30 0 0.00 0.0 M 2.4 12 330 M M 1 1 19 300
27 60 34 47 7 18 0 T M M 7.6 17 220 M M 0 27 210
28 61 39 50 10 15 0 0.00 0.0 M 11.1 25 180 M M 2 1 38 210
29 50 22 36 -4 29 0 0.00 0.0 M 11.2 20 20 M M 10 1 31 20
30 24 19 22 -18 43 0 0.28 M M 9.5 16 360 M M 10 13 24 10
31 24 18 21 -19 44 0 0.01 M M 6.0 14 20 M M 7 20 360
================================================================================
SM 1679 914 712 0 1.52 0.0 168.6 M 86
================================================================================
AV 54.2 29.5 5.4 FASTST M M 3 MAX(MPH)
MISC ----> 26 180 48 170
================================================================================
NOTES:
# LAST OF SEVERAL OCCURRENCES
COLUMN 17 PEAK WIND IN M.P.H.
PRELIMINARY LOCAL CLIMATOLOGICAL DATA (WS FORM: F-6) , PAGE 2
STATION: TULSA-RIVERSIDE OKLAHOMA
MONTH: JANUARY
YEAR: 2023
LATITUDE: 36 2 N
LONGITUDE: 95 59 W
[TEMPERATURE DATA] [PRECIPITATION DATA] SYMBOLS USED IN COLUMN 16
AVERAGE MONTHLY: 41.8 TOTAL FOR MONTH: 1.52 1 = FOG OR MIST
DPTR FM NORMAL: 2.9 DPTR FM NORMAL: -0.07 2 = FOG REDUCING VISIBILITY
HIGHEST: 71 ON 2, 1 GRTST 24HR 0.92 ON 2- 2 TO 1/4 MILE OR LESS
LOWEST: 18 ON 31 3 = THUNDER
SNOW, ICE PELLETS, HAIL 4 = ICE PELLETS
TOTAL MONTH: 0.0 INCH 5 = HAIL
GRTST 24HR 0.0 6 = FREEZING RAIN OR DRIZZLE
GRTST DEPTH: M ON M 7 = DUSTSTORM OR SANDSTORM:
VSBY 1/2 MILE OR LESS
8 = SMOKE OR HAZE
[NO. OF DAYS WITH] [WEATHER - DAYS WITH] 9 = BLOWING SNOW
X = TORNADO
MAX 32 OR BELOW: 2 0.01 INCH OR MORE: 7
MAX 90 OR ABOVE: 0 0.10 INCH OR MORE: 3
MIN 32 OR BELOW: 21 0.50 INCH OR MORE: 1
MIN 0 OR BELOW: 0 1.00 INCH OR MORE: 0
[HDD (BASE 65) ]
TOTAL THIS MO. 712 CLEAR (SCALE 0-3) 21
DPTR FM NORMAL -97 PTCLDY (SCALE 4-7) 6
TOTAL FM JUL 1 2098 CLOUDY (SCALE 8-10) 4
DPTR FM NORMAL -53
[CDD (BASE 65) ]
TOTAL THIS MO. 0
DPTR FM NORMAL 0 [PRESSURE DATA]
TOTAL FM JAN 1 0 HIGHEST SLP 30.52 ON 31
DPTR FM NORMAL 0 LOWEST SLP 29.57 ON 18
[REMARKS]
#FINAL-01-23#