000
CXUS54 KTSA 071236
CF6RVS
PRELIMINARY LOCAL CLIMATOLOGICAL DATA (WS FORM: F-6)
STATION: TULSA-RIVERSIDE OKLAHOMA
MONTH: OCTOBER
YEAR: 2022
LATITUDE: 36 2 N
LONGITUDE: 95 59 W
TEMPERATURE IN F: :PCPN: SNOW: WIND :SUNSHINE: SKY :PK WND
================================================================================
1 2 3 4 5 6A 6B 7 8 9 10 11 12 13 14 15 16 17 18
12Z AVG MX 2MIN
DY MAX MIN AVG DEP HDD CDD WTR SNW DPTH SPD SPD DIR MIN PSBL S-S WX SPD DR
================================================================================
1 85 45 65 -3 0 0 0.00 0.0 M 2.0 10 30 M M 0 14 40
2 85 48 67 -1 0 2 0.00 0.0 M 2.1 9 110 M M 0 8 13 110
3 87 48 68 0 0 3 0.00 0.0 M 1.4 10 110 M M 0 17 90
4 88 50 69 2 0 4 0.00 0.0 M 2.6 10 190 M M 0 15 200
5 88 53 71 4 0 6 0.00 0.0 M 2.2 14 220 M M 2 18 220
6 87 54 71 5 0 6 0.00 0.0 M 2.5 13 20 M M 1 21 20
7 77 52 65 -1 0 0 0.00 0.0 M 9.5 18 10 M M 0 27 30
8 74 49 62 -4 3 0 0.00 0.0 M 3.7 12 30 M M 3 16 360
9 80 49 65 0 0 0 0.00 0.0 M 3.2 14 210 M M 2 22 190
10 74 54 64 -1 1 0 0.09 0.0 M 2.3 9 170 M M 5 1 14 190
11 80 62 71 7 0 6 0.08 0.0 M 8.0 23 190 M M 5 1 36 190
12 81 51 66 2 0 1 0.00 0.0 M 4.4 15 30 M M 1 22 20
13 76 46 61 -3 4 0 0.00 0.0 M 3.6 15 10 M M 1 24 240
14 86 42 64 1 1 0 0.00 0.0 M 5.3 18 230 M M 0 33 230
15 87 57 72 9 0 7 0.23 0.0 M 5.5 17 40 M M 1 3 26 50
16 71 55 63 1 2 0 0.05 0.0 M 4.3 15 20 M M 2 3 22 350
17 62 45 54 -8 11 0 0.00 0.0 M 8.6 17 30 M M 0 25 350
18 53 30 42 -20 23 0 0.00 0.0 M 5.8 18 30 M M 0 31 350
19 64 25 45 -16 20 0 0.00 0.0 M 2.2 10 210 M M 0 16 210
20 78 38 58 -3 7 0 0.00 0.0 M 1.7 9 200 M M 0 12 210
21 89 42 66 6 0 1 0.00 0.0 M 6.6 18 180 M M 0 27 160
22 85 58 72 12 0 7 0.00 0.0 M 16.4 28 180 M M 0 39 180
23 85 69 77 17 0 12 0.00 0.0 M 17.3 28 170 M M 0 43 180
24 77 53 65 6 0 0 0.98 0.0 M 9.3 22 180 M M 8 1 36 320
25 65 42 54 -5 11 0 0.43 0.0 M 5.5 45 30 M M 4 1 60 30
26 69 37 53 -5 12 0 0.00 0.0 M 2.5 13 120 M M 0 1 19 70
27 69 41 55 -3 10 0 0.00 0.0 M 6.4 17 170 M M 1 27 150
28 72 48 60 2 5 0 0.02 0.0 M 5.7 20 30 M M 5 28 40
29 68 54 61 4 4 0 0.06 0.0 M 5.9 17 60 M M 7 1 26 50
30 70 50 60 3 5 0 0.02 0.0 M 3.5 12 10 M M 9 1 20 360
31 75 43 59 2 6 0 0.00 0.0 M 1.2 10 230 M M 1 1 15 240
================================================================================
SM 2387 1490 125 55 1.96 0.0 161.2 M 58
================================================================================
AV 77.0 48.1 5.2 FASTST M M 2 MAX(MPH)
MISC ----> 45 30 60 30
================================================================================
NOTES:
# LAST OF SEVERAL OCCURRENCES
COLUMN 17 PEAK WIND IN M.P.H.
PRELIMINARY LOCAL CLIMATOLOGICAL DATA (WS FORM: F-6) , PAGE 2
STATION: TULSA-RIVERSIDE OKLAHOMA
MONTH: OCTOBER
YEAR: 2022
LATITUDE: 36 2 N
LONGITUDE: 95 59 W
[TEMPERATURE DATA] [PRECIPITATION DATA] SYMBOLS USED IN COLUMN 16
AVERAGE MONTHLY: 62.5 TOTAL FOR MONTH: 1.96 1 = FOG OR MIST
DPTR FM NORMAL: 0.1 DPTR FM NORMAL: -1.88 2 = FOG REDUCING VISIBILITY
HIGHEST: 89 ON 21 GRTST 24HR 1.41 ON 24-25 TO 1/4 MILE OR LESS
LOWEST: 25 ON 19 3 = THUNDER
SNOW, ICE PELLETS, HAIL 4 = ICE PELLETS
TOTAL MONTH: 0.0 INCH 5 = HAIL
GRTST 24HR 0.0 6 = FREEZING RAIN OR DRIZZLE
GRTST DEPTH: M ON M 7 = DUSTSTORM OR SANDSTORM:
VSBY 1/2 MILE OR LESS
8 = SMOKE OR HAZE
[NO. OF DAYS WITH] [WEATHER - DAYS WITH] 9 = BLOWING SNOW
X = TORNADO
MAX 32 OR BELOW: 0 0.01 INCH OR MORE: 9
MAX 90 OR ABOVE: 0 0.10 INCH OR MORE: 3
MIN 32 OR BELOW: 2 0.50 INCH OR MORE: 1
MIN 0 OR BELOW: 0 1.00 INCH OR MORE: 0
[HDD (BASE 65) ]
TOTAL THIS MO. 125 CLEAR (SCALE 0-3) 24
DPTR FM NORMAL -31 PTCLDY (SCALE 4-7) 6
TOTAL FM JUL 1 125 CLOUDY (SCALE 8-10) 1
DPTR FM NORMAL -45
[CDD (BASE 65) ]
TOTAL THIS MO. 55
DPTR FM NORMAL -21 [PRESSURE DATA]
TOTAL FM JAN 1 2436 HIGHEST SLP 30.50 ON 8
DPTR FM NORMAL 297 LOWEST SLP 29.53 ON 25
[REMARKS]
#FINAL-10-22#