000
CXUS53 KMPX 021643
CF6RWF
PRELIMINARY LOCAL CLIMATOLOGICAL DATA (WS FORM: F-6)
STATION: REDWOOD FALLS MN
MONTH: MARCH
YEAR: 2024
LATITUDE: 44 32 N
LONGITUDE: 95 5 W
TEMPERATURE IN F: :PCPN: SNOW: WIND :SUNSHINE: SKY :PK WND
================================================================================
1 2 3 4 5 6A 6B 7 8 9 10 11 12 13 14 15 16 17 18
12Z AVG MX 2MIN
DY MAX MIN AVG DEP HDD CDD WTR SNW DPTH SPD SPD DIR MIN PSBL S-S WX SPD DR
================================================================================
1 61 35 48 24 17 0 0.00 M M 15.7 28 190 M M 0 36 180
2 64 28 46 21 19 0 0.00 M M 9.9 25 170 M M 0 1 33 170
3 67 28 48 23 17 0 0.00 M M 16.2 31 230 M M 0 43 260
4 42 24 33 7 32 0 0.00 M M 7.0 14 340 M M 5 20 310
5 49 16 33 7 32 0 0.00 M M 4.9 14 130 M M 2 21 130
6 60 20 40 14 25 0 0.00 M M 12.1 31 150 M M 5 41 170
7 42 25 34 7 31 0 0.00 M M 10.4 17 310 M M 6 25 330
8 39 23 31 3 34 0 0.00 M M 10.6 20 320 M M 3 30 330
9 42 19 31 3 34 0 0.00 M M 8.9 18 320 M M 0 31 310
10 58 15 37 9 28 0 0.00 M M 9.8 23 170 M M 0 31 140
11 73 29 51 22 14 0 0.00 M M 8.1 16 150 M M 0 22 150
12 68 34 51 21 14 0 0.00 M M 7.4 17 270 M M 0 25 300
13 69 44 57 27 8 0 0.00 M M 9.0 15 40 M M 3 24 30
14 58 39 49 19 16 0 0.00 M M 8.4 15 360 M M 0 26 350
15 54 29 42 11 23 0 0.00 M M 12.0 24 220 M M 4 128 35 230
16 53 29 41 9 24 0 0.00 M M 18.4 30 290 M M 7 48 310
17 30 20 25 -7 40 0 T M M 16.9 25 320 M M 9 38 310
18 42 19 31 -1 34 0 T M M 10.8 18 210 M M 5 27 210
19 53 27 40 7 25 0 0.00 M M 14.6 25 300 M M 1 37 310
20 33 14 24 -10 41 0 0.00 M M 10.8 18 350 M M 3 28 300
21 34 23 29 -5 36 0 0.02 M M 6.9 14 140 M M 10 18 20 60
22 33 19 26 -8 39 0 T M M 9.0 16 320 M M 8 18 25 310
23 34 13 24 -11 41 0 0.00 M M 7.8 17 140 M M 5 18 23 140
24 33 26 30 -6 35 0 0.25 M M 11.5 17 70 M M 10 126 26 70
25 35 30 33 -3 32 0 0.30 M M 9.6 17 330 M M 10 126 26 320
26 30 20 25 -11 40 0 0.06 M M 20.0 32 300 M M 10 128 49 300
27 27 12 20 -17 45 0 0.00 M M 12.8 20 240 M M 2 27 270
28 34 9 22 -15 43 0 0.00 M M 4.1 8 260 M M 0 11 210
29 53 25 39 1 26 0 0.00 M M 9.1 20 120 M M 3 28 110
30 41 31 36 -2 29 0 0.00 M M 9.1 17 300 M M 8 18 26 300
31 43 30 37 -2 28 0 0.00 M M 5.0 13 350 M M 7 18 20 10
================================================================================
SM 1454 755 902 0 0.63 M 326.8 M 126
================================================================================
AV 46.9 24.4 10.5 FASTST M M 4 MAX(MPH)
MISC ----> 32 300 49 300
================================================================================
NOTES:
# LAST OF SEVERAL OCCURRENCES
COLUMN 17 PEAK WIND IN M.P.H.
PRELIMINARY LOCAL CLIMATOLOGICAL DATA (WS FORM: F-6) , PAGE 2
STATION: REDWOOD FALLS MN
MONTH: MARCH
YEAR: 2024
LATITUDE: 44 32 N
LONGITUDE: 95 5 W
[TEMPERATURE DATA] [PRECIPITATION DATA] SYMBOLS USED IN COLUMN 16
AVERAGE MONTHLY: 35.6 TOTAL FOR MONTH: 0.63 1 = FOG OR MIST
DPTR FM NORMAL: 4.1 DPTR FM NORMAL: -0.87 2 = FOG REDUCING VISIBILITY
HIGHEST: 73 ON 11 GRTST 24HR 0.49 ON 24-25 TO 1/4 MILE OR LESS
LOWEST: 9 ON 28 3 = THUNDER
SNOW, ICE PELLETS, HAIL 4 = ICE PELLETS
TOTAL MONTH: M 5 = HAIL
GRTST 24HR M ON M 6 = FREEZING RAIN OR DRIZZLE
GRTST DEPTH: M ON M 7 = DUSTSTORM OR SANDSTORM:
VSBY 1/2 MILE OR LESS
8 = SMOKE OR HAZE
[NO. OF DAYS WITH] [WEATHER - DAYS WITH] 9 = BLOWING SNOW
X = TORNADO
MAX 32 OR BELOW: 3 0.01 INCH OR MORE: 4
MAX 90 OR ABOVE: 0 0.10 INCH OR MORE: 2
MIN 32 OR BELOW: 27 0.50 INCH OR MORE: 0
MIN 0 OR BELOW: 0 1.00 INCH OR MORE: 0
[HDD (BASE 65) ]
TOTAL THIS MO. 902 CLEAR (SCALE 0-3) 14
DPTR FM NORMAL -137 PTCLDY (SCALE 4-7) 12
TOTAL FM JUL 1 5636 CLOUDY (SCALE 8-10) 5
DPTR FM NORMAL -1319
[CDD (BASE 65) ]
TOTAL THIS MO. 0
DPTR FM NORMAL 0 [PRESSURE DATA]
TOTAL FM JAN 1 0 HIGHEST SLP 30.43 ON 23
DPTR FM NORMAL 0 LOWEST SLP 29.22 ON 3
[REMARKS]
#FINAL-03-24#