000
CXUS53 KMPX 010910
CF6RWF
PRELIMINARY LOCAL CLIMATOLOGICAL DATA (WS FORM: F-6)
STATION: REDWOOD FALLS MN
MONTH: SEPTEMBER
YEAR: 2022
LATITUDE: 44 32 N
LONGITUDE: 95 5 W
TEMPERATURE IN F: :PCPN: SNOW: WIND :SUNSHINE: SKY :PK WND
================================================================================
1 2 3 4 5 6A 6B 7 8 9 10 11 12 13 14 15 16 17 18
12Z AVG MX 2MIN
DY MAX MIN AVG DEP HDD CDD WTR SNW DPTH SPD SPD DIR MIN PSBL S-S WX SPD DR
================================================================================
1 91 58 75 8 0 10 0.00 M M 7.2 15 190 M M 0 21 190
2 89 59 74 7 0 9 0.00 M M 10.4 20 310 M M 0 28 320
3 76 53 65 -2 0 0 0.00 M M 6.6 14 360 M M 0 21 340
4 78 50 64 -2 1 0 0.00 M M 5.8 14 140 M M 0 20 130
5 77 51 64 -2 1 0 0.00 M M 9.8 17 130 M M 1 27 130
6 86 59 73 7 0 8 0.00 M M 8.1 14 150 M M 0 1 20 140
7 89 60 75 9 0 10 0.00 M M 6.6 15 150 M M 1 1 20 180
8 91 67 79 14 0 14 0.00 M M 16.4 31 190 M M 0 42 180
9 73 57 65 0 0 0 0.17 M M 6.5 23 290 M M 6 13 33 300
10 73 50 62 -3 3 0 0.00 M M 5.7 12 330 M M 1 18 290
11 74 46 60 -4 5 0 0.00 M M 5.1 16 290 M M 0 23 320
12 77 46 62 -2 3 0 0.00 M M 3.3 7 320 M M 0 12 320
13 81 45 63 -1 2 0 0.00 M M 4.4 10 150 M M 0 15 140
14 85 52 69 6 0 4 0.00 M M 10.1 21 120 M M 0 28 120
15 89 66 78 15 0 13 0.06 M M 11.2 24 220 M M 3 13 35 230
16 77 63 70 8 0 5 0.05 M M 8.0 15 160 M M 6 13 20 170
17 88 63 76 14 0 11 0.11 M M 9.2 24 210 M M 4 13 32 200
18 70 53 62 0 3 0 T M M 6.0 13 280 M M 5 1 M M
19 84 48 66 5 0 1 0.00 M M 9.2 21 140 M M 3 12 29 130
20 97 59 78 17 0 13 0.00 M M 7.6 18 310 M M 0 1 27 320
21 69 46 58 -2 7 0 T M M 11.3 22 310 M M 0 31 320
22 66 40 53 -7 12 0 0.00 M M 5.5 12 150 M M 0 16 150
23 59 51 55 -5 10 0 0.02 M M 12.9 25 120 M M 7 18 32 130
24 71 46 59 0 6 0 0.00 M M 10.1 25 290 M M 3 1 35 320
25 71 49 60 1 5 0 0.00 M M 14.8 28 310 M M 1 40 330
26 69 46 58 0 7 0 0.00 M M 8.7 22 290 M M 1 29 290
27 65 40 53 -5 12 0 0.00 M M 4.7 14 20 M M 2 21 350
28 66 32 49 -8 16 0 0.00 M M 7.4 16 150 M M 0 8 22 140
29 74 38 56 -1 9 0 0.00 M M 15.4 25 150 M M 0 34 180
30 75 52 64 8 1 0 T M M 11.9 21 140 M M 1 28 140
================================================================================
SM 2330 1545 103 98 0.41 M 259.9 M 45
================================================================================
AV 77.7 51.5 8.7 FASTST M M 2 MAX(MPH)
MISC ----> 31 190 42 180
================================================================================
NOTES:
# LAST OF SEVERAL OCCURRENCES
COLUMN 17 PEAK WIND IN M.P.H.
PRELIMINARY LOCAL CLIMATOLOGICAL DATA (WS FORM: F-6) , PAGE 2
STATION: REDWOOD FALLS MN
MONTH: SEPTEMBER
YEAR: 2022
LATITUDE: 44 32 N
LONGITUDE: 95 5 W
[TEMPERATURE DATA] [PRECIPITATION DATA] SYMBOLS USED IN COLUMN 16
AVERAGE MONTHLY: 64.6 TOTAL FOR MONTH: 0.41 1 = FOG OR MIST
DPTR FM NORMAL: 2.3 DPTR FM NORMAL: -2.44 2 = FOG REDUCING VISIBILITY
HIGHEST: 97 ON 20 GRTST 24HR 0.17 ON 9- 9 TO 1/4 MILE OR LESS
LOWEST: 32 ON 28 3 = THUNDER
SNOW, ICE PELLETS, HAIL 4 = ICE PELLETS
TOTAL MONTH: M 5 = HAIL
GRTST 24HR M ON M 6 = FREEZING RAIN OR DRIZZLE
GRTST DEPTH: M ON M 7 = DUSTSTORM OR SANDSTORM:
VSBY 1/2 MILE OR LESS
8 = SMOKE OR HAZE
[NO. OF DAYS WITH] [WEATHER - DAYS WITH] 9 = BLOWING SNOW
X = TORNADO
MAX 32 OR BELOW: 0 0.01 INCH OR MORE: 5
MAX 90 OR ABOVE: 3 0.10 INCH OR MORE: 2
MIN 32 OR BELOW: 1 0.50 INCH OR MORE: 0
MIN 0 OR BELOW: 0 1.00 INCH OR MORE: 0
[HDD (BASE 65) ]
TOTAL THIS MO. 103 CLEAR (SCALE 0-3) 24
DPTR FM NORMAL -47 PTCLDY (SCALE 4-7) 6
TOTAL FM JUL 1 103 CLOUDY (SCALE 8-10) 0
DPTR FM NORMAL -75
[CDD (BASE 65) ]
TOTAL THIS MO. 98
DPTR FM NORMAL 30 [PRESSURE DATA]
TOTAL FM JAN 1 900 HIGHEST SLP 30.53 ON 28
DPTR FM NORMAL 216 LOWEST SLP 29.59 ON 8
[REMARKS]
#FINAL-09-22#